{"id":740612,"date":"2025-08-28T00:30:43","date_gmt":"2025-08-27T21:30:43","guid":{"rendered":"https:\/\/roveyayinevi.com.tr\/index.php\/urun\/bir-kir-utopyasi-osmanlidan-cumhuriyete-ideal-koy\/"},"modified":"2026-04-16T02:51:28","modified_gmt":"2026-04-15T23:51:28","slug":"bir-kir-utopyasi-osmanlidan-cumhuriyete-ideal-koy","status":"publish","type":"product","link":"https:\/\/roveyayinevi.com.tr\/index.php\/urun\/bir-kir-utopyasi-osmanlidan-cumhuriyete-ideal-koy\/","title":{"rendered":"Bir K\u0131r \u00dctopyas\u0131, Osmanl\u0131dan Cumhuriyete \u0130deal K\u00f6y"},"content":{"rendered":"<p>T\u00fcrkiye\u2019de kentlerin ve ketle\u015fmenin neden bu kadar sorunlu oldu\u011fu sorulsa \u015f\u00fcphesiz verilecek en isabetli cevaplardan birisi \u201ck\u00f6yl\u00fc k\u00f6yde tutulamad\u0131\u011f\u0131 i\u00e7in\u201d olurdu. \u00dclkemizde 80 y\u0131l \u00f6nce ba\u015flayan kitlesel k\u0131rsal g\u00f6\u00e7  ser\u00fcvenini k\u00f6ylerin kendi kaderine terkedili\u015fi olarak okumak da m\u00fcmk\u00fcnd\u00fcr. Son 20 y\u0131ld\u0131r politika d\u00fczleminde \u201ck\u00f6y \u201d unutulmu\u015f ve kentlerde ya\u015fayan \u00e7o\u011funlu\u011fun dima\u011f\u0131nda da bir nostaljiye d\u00f6n\u00fc\u015fm\u00fc\u015ft\u00fcr. Neredeyse iki as\u0131rl\u0131k bir k\u0131rsal \u00fctopya miras\u0131n\u0131n s\u00f6z konusu oldu\u011fu topraklarda gezdi\u011fimiz nokta olduk\u00e7a hazindir. \u015eayet bu miras\u0131n k\u0131ymeti bilinebilseydi bu\u00fcn\u00fcn tersine dengeli bir k\u0131r-kent yap\u0131s\u0131 kurulabilirdir. Bug\u00fcn refah \u00fclkelerinde g\u00f6r\u00fcp i\u00e7 ge\u00e7irid\u011fimiz k\u00f6ylerden hi\u00e7 de geri kalmayan ideal k\u00f6y tasar\u0131mlar\u0131, kendi d\u00f6nemlerinde pek \u00e7ok soruna deva olabilmi\u015ftir. \u0130z b\u0131rakm\u0131\u015f liderler sayesinde ya\u015fayabilmi\u015f olan bu tasar\u0131mlar, ne yaz\u0131k ki onlardan sonra s\u00fcrd\u00fcr\u00fclebilir politikalara d\u00f6n\u00fc\u015femedi\u011finden etkisiz kalm\u0131\u015flard\u0131r. \u015e\u00fcphesiz ki b\u00f6yle bir miras, d\u00fcnyan\u0131n ve T\u00fcrkiye\u2019nin ekolojik- ekonomik krize girdi\u011fi \u015fu g\u00fcnlerde hi\u00e7 olmad\u0131\u011f\u0131 kadar \u00f6nemlidir. Eserde k\u0131rsal \u00fctopya, Osmanl\u0131\u2019n\u0131n son d\u00f6nemlerinden 1980\u2019lere kadar kesintili ancak birbirleriyle ba\u011flant\u0131l\u0131 bir s\u00fcre\u00e7 olarak ele al\u0131nmaktad\u0131r. Bu \u00e7er\u00e7evede Midhat Pa\u015fa\u2019n\u0131n \u0130ttihat ve Terakki\u2019nin, Atat\u00fcrk\u2019\u00fcn Ecevit\u2019in ve T\u00fcrke\u015f\u2019in ideal k\u00f6y yakla\u015f\u0131mlar\u0131 ve \u00f6ng\u00f6rd\u00fckleri modeller ele al\u0131nm\u0131\u015ft\u0131r. Eserde s\u00f6z konusu yakla\u015f\u0131mlar\u0131n ortaya \u00e7\u0131k\u0131\u015f gerek\u00e7eleri ile ekonomik, sosyal ve mimari nitelikleri, bunlarla k\u0131rsalda yarat\u0131lmas\u0131 d\u00fc\u015f\u00fcn\u00fclen refah \u00f6ng\u00f6r\u00fcleri ortaya konulmu\u015f ve bunlar\u0131n ak\u0131betleri tart\u0131lm\u0131\u015ft\u0131r. K\u0131rsal \u00fctopya ortaya konulurken sosyo- politik ve tarihsel vaka tespitiyle yetinilmemi\u015f ; g\u00fcn\u00fcm\u00fcz\u00fcn \u00e7etin sorunlar\u0131 olan k\u00fcresel \u0131s\u0131nma, g\u0131da g\u00fcvenli\u011fi\/krizi ile di\u011fer ekolojik sorunlar kar\u015f\u0131s\u0131nda bu deneyimlerin bug\u00fcne dair s\u00f6yledikleri de de\u011ferlendirilmi\u015ftir.<\/p>\n","protected":false},"excerpt":{"rendered":"<p>T\u00fcrkiye\u2019de kentlerin ve ketle\u015fmenin neden bu kadar sorunlu oldu\u011fu sorulsa \u015f\u00fcphesiz verilecek en isabetli cevaplardan birisi \u201ck\u00f6yl\u00fc k\u00f6yde tutulamad\u0131\u011f\u0131 i\u00e7in\u201d olurdu. \u00dclkemizde 80 y\u0131l \u00f6nce ba\u015flayan<span class=\"excerpt-hellip\"> [\u2026]<\/span><\/p>\n","protected":false},"featured_media":0,"template":"","meta":{"_monsterinsights_skip_tracking":false,"_monsterinsights_sitenote_active":false,"_monsterinsights_sitenote_note":"","_monsterinsights_sitenote_category":0},"product_brand":[],"product_cat":[13517,12304],"product_tag":[],"class_list":{"0":"post-740612","1":"product","2":"type-product","3":"status-publish","5":"product_cat-osmanli-tarihi","6":"product_cat-tarih","7":"pa_cilt-ciltsiz","8":"pa_tur-kitap","9":"pa_yayinevi-idealkent-yayincilik","10":"pa_yazar-ahmet-mutlu","12":"first","13":"instock","14":"sale","15":"shipping-taxable","16":"purchasable","17":"product-type-simple"},"_links":{"self":[{"href":"https:\/\/roveyayinevi.com.tr\/index.php\/wp-json\/wp\/v2\/product\/740612","targetHints":{"allow":["GET"]}}],"collection":[{"href":"https:\/\/roveyayinevi.com.tr\/index.php\/wp-json\/wp\/v2\/product"}],"about":[{"href":"https:\/\/roveyayinevi.com.tr\/index.php\/wp-json\/wp\/v2\/types\/product"}],"wp:attachment":[{"href":"https:\/\/roveyayinevi.com.tr\/index.php\/wp-json\/wp\/v2\/media?parent=740612"}],"wp:term":[{"taxonomy":"product_brand","embeddable":true,"href":"https:\/\/roveyayinevi.com.tr\/index.php\/wp-json\/wp\/v2\/product_brand?post=740612"},{"taxonomy":"product_cat","embeddable":true,"href":"https:\/\/roveyayinevi.com.tr\/index.php\/wp-json\/wp\/v2\/product_cat?post=740612"},{"taxonomy":"product_tag","embeddable":true,"href":"https:\/\/roveyayinevi.com.tr\/index.php\/wp-json\/wp\/v2\/product_tag?post=740612"}],"curies":[{"name":"wp","href":"https:\/\/api.w.org\/{rel}","templated":true}]}}