{"id":740607,"date":"2025-08-28T00:30:38","date_gmt":"2025-08-27T21:30:38","guid":{"rendered":"https:\/\/roveyayinevi.com.tr\/index.php\/urun\/madam-serofima\/"},"modified":"2026-04-16T02:51:28","modified_gmt":"2026-04-15T23:51:28","slug":"madam-serofima","status":"publish","type":"product","link":"https:\/\/roveyayinevi.com.tr\/index.php\/urun\/madam-serofima\/","title":{"rendered":"Madam Serofima"},"content":{"rendered":"<p>\u201cK\u00fc\u00e7\u00fck kulaklar\u0131n\u0131n \u00fczerini \u00f6rten k\u0131sa sa\u00e7lar\u0131n\u0131n alt\u0131ndan uzun k\u00fcpeleri sark\u0131yordu.  Konu\u015furken ara s\u0131ra ba\u015f\u0131n\u0131 sa\u011fa sola sall\u0131yor, g\u00f6z\u00fcn\u00fcn \u00f6n\u00fcne d\u00f6k\u00fclen yumu\u015fak sa\u00e7lar\u0131n\u0131 toparlarken de kulaklar\u0131ndaki a\u011f\u0131r k\u00fcpeler f\u0131rlayacakm\u0131\u015f gibi oluyordu.\u201d   Duygu ve d\u00fc\u015f\u00fcncelerimizi, ba\u015fkalar\u0131n\u0131n deneyimlerinden yararlanarak zenginle\u015ftirmek i\u00e7in hik\u00e2yelere\/\u00f6yk\u00fclere ilgi duyar\u0131z. Bir g\u00fcn her \u015fey yoluna girecek umuduyla \u00e7al\u0131\u015f\u0131p \u00e7abalarken, elimizden kayan kendi \u00f6yk\u00fcm\u00fcz\u00fcn bile fark\u0131nda olamay\u0131z.   R\u00fczg\u00e2ra Kar\u015f\u0131 S\u00f6zler (\u00f6zl\u00fc s\u00f6zler), Akl\u0131n \u00d6zg\u00fcrle\u015fmesi (deneme) eserlerinin ard\u0131ndan, Madam Serofima\u2019y\u0131 okuyucunun be\u011fenisine sunan yazar, \u00f6yk\u00fcleriyle bizi farkl\u0131 karakterlerin i\u00e7 d\u00fcnyas\u0131nda bir yolculu\u011fa davet ediyor. <\/p>\n","protected":false},"excerpt":{"rendered":"<p>\u201cK\u00fc\u00e7\u00fck kulaklar\u0131n\u0131n \u00fczerini \u00f6rten k\u0131sa sa\u00e7lar\u0131n\u0131n alt\u0131ndan uzun k\u00fcpeleri sark\u0131yordu. Konu\u015furken ara s\u0131ra ba\u015f\u0131n\u0131 sa\u011fa sola sall\u0131yor, g\u00f6z\u00fcn\u00fcn \u00f6n\u00fcne d\u00f6k\u00fclen yumu\u015fak sa\u00e7lar\u0131n\u0131 toparlarken de kulaklar\u0131ndaki a\u011f\u0131r<span class=\"excerpt-hellip\"> [\u2026]<\/span><\/p>\n","protected":false},"featured_media":0,"template":"","meta":{"_monsterinsights_skip_tracking":false,"_monsterinsights_sitenote_active":false,"_monsterinsights_sitenote_note":"","_monsterinsights_sitenote_category":0},"product_brand":[],"product_cat":[12291,12711],"product_tag":[],"class_list":{"0":"post-740607","1":"product","2":"type-product","3":"status-publish","5":"product_cat-edebiyat","6":"product_cat-roman-oyku","7":"pa_cilt-ciltsiz","8":"pa_tur-kitap","9":"pa_yayinevi-gulnar-yayinlari","10":"pa_yazar-halis-yesil","12":"first","13":"instock","14":"sale","15":"shipping-taxable","16":"purchasable","17":"product-type-simple"},"_links":{"self":[{"href":"https:\/\/roveyayinevi.com.tr\/index.php\/wp-json\/wp\/v2\/product\/740607","targetHints":{"allow":["GET"]}}],"collection":[{"href":"https:\/\/roveyayinevi.com.tr\/index.php\/wp-json\/wp\/v2\/product"}],"about":[{"href":"https:\/\/roveyayinevi.com.tr\/index.php\/wp-json\/wp\/v2\/types\/product"}],"wp:attachment":[{"href":"https:\/\/roveyayinevi.com.tr\/index.php\/wp-json\/wp\/v2\/media?parent=740607"}],"wp:term":[{"taxonomy":"product_brand","embeddable":true,"href":"https:\/\/roveyayinevi.com.tr\/index.php\/wp-json\/wp\/v2\/product_brand?post=740607"},{"taxonomy":"product_cat","embeddable":true,"href":"https:\/\/roveyayinevi.com.tr\/index.php\/wp-json\/wp\/v2\/product_cat?post=740607"},{"taxonomy":"product_tag","embeddable":true,"href":"https:\/\/roveyayinevi.com.tr\/index.php\/wp-json\/wp\/v2\/product_tag?post=740607"}],"curies":[{"name":"wp","href":"https:\/\/api.w.org\/{rel}","templated":true}]}}