{"id":740605,"date":"2025-08-28T00:30:36","date_gmt":"2025-08-27T21:30:36","guid":{"rendered":"https:\/\/roveyayinevi.com.tr\/index.php\/urun\/yurtici-gezilerim\/"},"modified":"2026-04-16T02:51:28","modified_gmt":"2026-04-15T23:51:28","slug":"yurtici-gezilerim","status":"publish","type":"product","link":"https:\/\/roveyayinevi.com.tr\/index.php\/urun\/yurtici-gezilerim\/","title":{"rendered":"Yurti\u00e7i Gezilerim"},"content":{"rendered":"<p>Yurti\u00e7i Gezilerim K\u0131sa \u00d6zetG\u00f6\u00e7ebe bir ulusun genlerini ta\u015f\u0131mamla ne kadar ilgilidir bilemiyorum, ama gezmek her zaman i\u00e7in i\u00e7imde derin bir arzu, i\u00e7imde zapt olmaz bir tutku, hayallerim, d\u00fc\u015flerim ve gelecekten umutlar\u0131m, olmu\u015ftur. Yaln\u0131zl\u0131k yokluk, yorgunluk, sorun, bunal\u0131m, her derdime ila\u00e7 gibi gelmi\u015f, gezmek beni her zaman i\u00e7in yenilemi\u015f g\u00fcncellemi\u015f ve gen\u00e7le\u015ftirmi\u015ftir<\/p>\n","protected":false},"excerpt":{"rendered":"<p>Yurti\u00e7i Gezilerim K\u0131sa \u00d6zetG\u00f6\u00e7ebe bir ulusun genlerini ta\u015f\u0131mamla ne kadar ilgilidir bilemiyorum, ama gezmek her zaman i\u00e7in i\u00e7imde derin bir arzu, i\u00e7imde zapt olmaz bir tutku,<span class=\"excerpt-hellip\"> [\u2026]<\/span><\/p>\n","protected":false},"featured_media":0,"template":"","meta":{"_monsterinsights_skip_tracking":false,"_monsterinsights_sitenote_active":false,"_monsterinsights_sitenote_note":"","_monsterinsights_sitenote_category":0},"product_brand":[],"product_cat":[13055,13054],"product_tag":[],"class_list":{"0":"post-740605","1":"product","2":"type-product","3":"status-publish","5":"product_cat-gezi-rehberi","6":"product_cat-gezi-ve-rehber-kitaplari","7":"pa_cilt-ciltsiz","8":"pa_tur-kitap","9":"pa_yayinevi-platanus-publishing","10":"pa_yazar-nazmi-oner","12":"first","13":"instock","14":"sale","15":"shipping-taxable","16":"purchasable","17":"product-type-simple"},"_links":{"self":[{"href":"https:\/\/roveyayinevi.com.tr\/index.php\/wp-json\/wp\/v2\/product\/740605","targetHints":{"allow":["GET"]}}],"collection":[{"href":"https:\/\/roveyayinevi.com.tr\/index.php\/wp-json\/wp\/v2\/product"}],"about":[{"href":"https:\/\/roveyayinevi.com.tr\/index.php\/wp-json\/wp\/v2\/types\/product"}],"wp:attachment":[{"href":"https:\/\/roveyayinevi.com.tr\/index.php\/wp-json\/wp\/v2\/media?parent=740605"}],"wp:term":[{"taxonomy":"product_brand","embeddable":true,"href":"https:\/\/roveyayinevi.com.tr\/index.php\/wp-json\/wp\/v2\/product_brand?post=740605"},{"taxonomy":"product_cat","embeddable":true,"href":"https:\/\/roveyayinevi.com.tr\/index.php\/wp-json\/wp\/v2\/product_cat?post=740605"},{"taxonomy":"product_tag","embeddable":true,"href":"https:\/\/roveyayinevi.com.tr\/index.php\/wp-json\/wp\/v2\/product_tag?post=740605"}],"curies":[{"name":"wp","href":"https:\/\/api.w.org\/{rel}","templated":true}]}}