{"id":740604,"date":"2025-08-28T00:30:35","date_gmt":"2025-08-27T21:30:35","guid":{"rendered":"https:\/\/roveyayinevi.com.tr\/index.php\/urun\/gonlume-dusen-hasret\/"},"modified":"2026-04-16T02:51:28","modified_gmt":"2026-04-15T23:51:28","slug":"gonlume-dusen-hasret","status":"publish","type":"product","link":"https:\/\/roveyayinevi.com.tr\/index.php\/urun\/gonlume-dusen-hasret\/","title":{"rendered":"G\u00f6nl\u00fcme D\u00fc\u015fen Hasret"},"content":{"rendered":"<p>Neden bu kadar hasretim sana,Ac\u0131 \u00e7ektim hep gurbetten yana,Neden bu g\u00f6n\u00fcl doymuyor sana,Bir selam\u0131n bile yetiyor bana.Y\u0131llar\u0131m ac\u0131 \u00e7ekmekle ge\u00e7iyor,Zalim gurbet eller beni y\u0131k\u0131yor,Akl\u0131ma d\u00fc\u015ft\u00fck\u00e7e memleketim,G\u00f6zlerimden kanl\u0131 ya\u015flar ak\u0131yor.Bir ho\u015f olurum her yaz geldi\u011finde,An\u0131lar\u0131m \u00e7\u0131kmaz kal\u0131r g\u00f6nl\u00fcmde,Cennetsin Re\u015fat`\u0131n g\u00f6nl\u00fcnde,Ya\u015far\u0131m seni \u00f6z benli\u011fimde.<\/p>\n","protected":false},"excerpt":{"rendered":"<p>Neden bu kadar hasretim sana,Ac\u0131 \u00e7ektim hep gurbetten yana,Neden bu g\u00f6n\u00fcl doymuyor sana,Bir selam\u0131n bile yetiyor bana.Y\u0131llar\u0131m ac\u0131 \u00e7ekmekle ge\u00e7iyor,Zalim gurbet eller beni y\u0131k\u0131yor,Akl\u0131ma d\u00fc\u015ft\u00fck\u00e7e memleketim,G\u00f6zlerimden<span class=\"excerpt-hellip\"> [\u2026]<\/span><\/p>\n","protected":false},"featured_media":0,"template":"","meta":{"_monsterinsights_skip_tracking":false,"_monsterinsights_sitenote_active":false,"_monsterinsights_sitenote_note":"","_monsterinsights_sitenote_category":0},"product_brand":[],"product_cat":[12291,12509],"product_tag":[],"class_list":{"0":"post-740604","1":"product","2":"type-product","3":"status-publish","5":"product_cat-edebiyat","6":"product_cat-siir","7":"pa_cilt-ciltsiz","8":"pa_tur-kitap","9":"pa_yayinevi-platanus-publishing","10":"pa_yazar-resat-karaca","12":"first","13":"instock","14":"sale","15":"shipping-taxable","16":"purchasable","17":"product-type-simple"},"_links":{"self":[{"href":"https:\/\/roveyayinevi.com.tr\/index.php\/wp-json\/wp\/v2\/product\/740604","targetHints":{"allow":["GET"]}}],"collection":[{"href":"https:\/\/roveyayinevi.com.tr\/index.php\/wp-json\/wp\/v2\/product"}],"about":[{"href":"https:\/\/roveyayinevi.com.tr\/index.php\/wp-json\/wp\/v2\/types\/product"}],"wp:attachment":[{"href":"https:\/\/roveyayinevi.com.tr\/index.php\/wp-json\/wp\/v2\/media?parent=740604"}],"wp:term":[{"taxonomy":"product_brand","embeddable":true,"href":"https:\/\/roveyayinevi.com.tr\/index.php\/wp-json\/wp\/v2\/product_brand?post=740604"},{"taxonomy":"product_cat","embeddable":true,"href":"https:\/\/roveyayinevi.com.tr\/index.php\/wp-json\/wp\/v2\/product_cat?post=740604"},{"taxonomy":"product_tag","embeddable":true,"href":"https:\/\/roveyayinevi.com.tr\/index.php\/wp-json\/wp\/v2\/product_tag?post=740604"}],"curies":[{"name":"wp","href":"https:\/\/api.w.org\/{rel}","templated":true}]}}