{"id":740588,"date":"2025-08-28T00:30:15","date_gmt":"2025-08-27T21:30:15","guid":{"rendered":"https:\/\/roveyayinevi.com.tr\/index.php\/urun\/nasil-hep-beni-buluyor\/"},"modified":"2026-04-13T02:58:49","modified_gmt":"2026-04-12T23:58:49","slug":"nasil-hep-beni-buluyor","status":"publish","type":"product","link":"https:\/\/roveyayinevi.com.tr\/index.php\/urun\/nasil-hep-beni-buluyor\/","title":{"rendered":"Nas\u0131l Hep Beni Buluyor?"},"content":{"rendered":"<p>Hepimiz gibi hayattan ge\u00e7erken ben de hem \u201ctema\u015fa\u201dy\u0131 hem oyuncu bir bak\u0131\u015fla bakmay\u0131 hem de her andan keyif almay\u0131, ekseriyetle \u201cyol arkada\u015flar\u0131mdan\u201d \u00f6\u011freniyorum. O arkada\u015flar\u0131mdan birisi olan sevgili L\u00fcgen, bu sat\u0131rlarda bizi kendi oyunumuza \u00e7a\u011f\u0131r\u0131yor. Siz de gelin; oyun ve yol \u00e7ok keyifli! Sinan Canan, Akademisyen-Yazar   L\u00fcgen bana kitab\u0131n\u0131 okumam i\u00e7in verdi\u011finde, sadece i\u00e7erikle ilgili geri bildirim vermeye haz\u0131rlanm\u0131\u015ft\u0131m. Kendimi e\u011flenceli bir oyunun i\u00e7inde bulaca\u011f\u0131m\u0131, kendime sorular soraca\u011f\u0131m\u0131, hayat\u0131m \u00fczerinde d\u00fc\u015f\u00fcnece\u011fimi, i\u00e7sel bir yolculu\u011fa \u00e7\u0131kaca\u011f\u0131m\u0131 bilmiyordum. Belki de L\u00fcgen\u2019i ki\u015fisel olarak tan\u0131d\u0131\u011f\u0131mdan, sorular\u0131 okurken kafam\u0131n i\u00e7inde onun tatl\u0131 ve \u015fefkatli sesini duyarak ilerlemek bu deneyimi benim i\u00e7in daha da keyifli k\u0131ld\u0131. Sizi de L\u00fcgen\u2019in g\u00fczel ruhunu, kalbini, yarat\u0131c\u0131l\u0131\u011f\u0131n\u0131 ortaya koyarak tasarlad\u0131\u011f\u0131 bu e\u011flenceli ve bilgilendirici \u201coyun\u201du oynamaya davet ediyorum. Bahar Eri\u015f, E\u011fitimci-Yazar Do\u011fdu\u011fumuz andan itibaren \u00e7evremizle ilgilenir, s\u00fcrekli \u201cdi\u011ferlerini\u201d inceleriz. Ba\u015flang\u0131\u00e7taki \u00f6\u011frenme ad\u0131mlar\u0131m\u0131z\u0131 b\u00f6ylece atar\u0131z. Ama b\u00fcy\u00fcd\u00fck\u00e7e ba\u015fkalar\u0131na daha az bakmam\u0131z, kendimizle daha \u00e7ok ilgilenmemiz gerekir. Kendimizi ke\u015ffetme, varolu\u015fumuzu sorgulama s\u00fcrecimiz i\u015fte burada ba\u015flar. E\u011fer mutlu ve ke\u015fkeleri az bir ya\u015fam istiyorsak bu s\u00fcreci ya\u015famam\u0131z, kendimizi ke\u015ffetme yolculu\u011funa \u00e7\u0131kmam\u0131z elzemdir. L\u00fcgen, ke\u015fif yolculu\u011fumuzda bize rehber olmaya g\u00f6n\u00fcll\u00fc olmu\u015f biri. G\u00f6n\u00fcll\u00fc diyorum, \u00e7\u00fcnk\u00fc onun samimiyetine dair en ufak bir \u015f\u00fcphem yok. Elinize ald\u0131\u011f\u0131n\u0131z bu kitap, kendinizi tan\u0131y\u0131p ke\u015ffetmeniz i\u00e7in \u00e7\u0131kaca\u011f\u0131n\u0131z yolculu\u011fun ilk ad\u0131m\u0131 olabilir\u2026 Orhan Toker, \u201cDijital Baba\u201d L\u00fcgen Sar\u0131\u00e7i\u00e7ek Biyografi: Kendime yolculuk insan\u0131 demeyi tercih ediyorum.   Saint-Joseph Frans\u0131z Lisesinden mezun olduktan sonra, Maltepe \u00dcniversitesinde mimarl\u0131k b\u00f6l\u00fcm\u00fcn\u00fc bitirdim. Birka\u00e7 sene \u00e7e\u015fitli mimarl\u0131k ofislerinde \u00e7al\u0131\u015fman\u0131n ard\u0131ndan kendi markam\u0131 kurarak \u00e7ocuk mobilyas\u0131 tasarlad\u0131m. \u00c7ocu\u011fun birey olma yolculu\u011fundaki fiziksel ve psikolojik s\u00fcreciyle ilgilenmeye o senelerde ba\u015flad\u0131m. Bu ilgiye daha sonraki y\u0131llarda, yeti\u015fkinin birey olma yolcu\u011funda \u00e7ocuklu\u011fuyla olan ili\u015fkisi eklendi. \u0130lgim artt\u0131k\u00e7a bilgilenmek istedi\u011fimden PPD\u2019den (psikologlar psikiyatristler derne\u011fi) online e\u011fitimler ald\u0131m. (Temel Psikoloji, Ki\u015filik Analizi, Beden Dili ve Etkili \u0130leti\u015fim) 2018 y\u0131l\u0131nda &#8221;Bir \u015feyler eksik.&#8221; diyen i\u00e7 sesime kulak verdim ve \u00e7evreme katk\u0131da bulunma tutkusuyla Erickson Ko\u00e7luk Okulu\u2019nda &#8221;\u00c7\u00f6z\u00fcm Odakl\u0131 Ko\u00e7luk&#8221; e\u011fitimini tamamlayarak profesyonel ko\u00e7lu\u011fa ad\u0131m att\u0131m. Ayn\u0131 d\u00f6nemlerde Kurald\u0131\u015f\u0131 Akademi\u2019de k\u0131sa s\u00fcreli e\u011fitim koordinat\u00f6rl\u00fc\u011f\u00fc yapt\u0131m ve orada da baz\u0131 e\u011fitimler ald\u0131m. (Zihinsel Denge, Nlp, \u00d6zsayg\u0131, \u0130li\u015fkiler, Etkili \u0130leti\u015fim.) Nisan 2021\u2019de Sinan Canan&#8217;\u0131n &#8221;Uygulamal\u0131 N\u00f6robilim Okulu&#8221;nu (A\u00e7\u0131k Beyin E\u011fitim) tamamlad\u0131m. 2021\u2019in ba\u015f\u0131ndan beri \u0130stanbul \u00dcniversitesi \u00c7ocuk Geli\u015fimi b\u00f6l\u00fcm\u00fcnde okuyorum.   Son iki senedir de ko\u00e7luk tabanl\u0131 bireysel g\u00f6r\u00fc\u015fmelerin yan\u0131 s\u0131ra #HerkeseKo\u00e7luk diyerek ko\u00e7lu\u011fun herkese ula\u015fmas\u0131 ad\u0131na oyunlar (etkinlikler) tasarl\u0131yorum. <\/p>\n","protected":false},"excerpt":{"rendered":"<p>Hepimiz gibi hayattan ge\u00e7erken ben de hem \u201ctema\u015fa\u201dy\u0131 hem oyuncu bir bak\u0131\u015fla bakmay\u0131 hem de her andan keyif almay\u0131, ekseriyetle \u201cyol arkada\u015flar\u0131mdan\u201d \u00f6\u011freniyorum. O arkada\u015flar\u0131mdan birisi<span class=\"excerpt-hellip\"> [\u2026]<\/span><\/p>\n","protected":false},"featured_media":0,"template":"","meta":{"_monsterinsights_skip_tracking":false,"_monsterinsights_sitenote_active":false,"_monsterinsights_sitenote_note":"","_monsterinsights_sitenote_category":0},"product_brand":[],"product_cat":[12364,12376],"product_tag":[],"class_list":{"0":"post-740588","1":"product","2":"type-product","3":"status-publish","5":"product_cat-genel-konular","6":"product_cat-kisisel-gelisim","7":"pa_cilt-ciltsiz","8":"pa_tur-kitap","9":"pa_yayinevi-tuti-kitap","10":"pa_yazar-lugen-saricicek","12":"first","13":"instock","14":"sale","15":"shipping-taxable","16":"purchasable","17":"product-type-simple"},"_links":{"self":[{"href":"https:\/\/roveyayinevi.com.tr\/index.php\/wp-json\/wp\/v2\/product\/740588","targetHints":{"allow":["GET"]}}],"collection":[{"href":"https:\/\/roveyayinevi.com.tr\/index.php\/wp-json\/wp\/v2\/product"}],"about":[{"href":"https:\/\/roveyayinevi.com.tr\/index.php\/wp-json\/wp\/v2\/types\/product"}],"wp:attachment":[{"href":"https:\/\/roveyayinevi.com.tr\/index.php\/wp-json\/wp\/v2\/media?parent=740588"}],"wp:term":[{"taxonomy":"product_brand","embeddable":true,"href":"https:\/\/roveyayinevi.com.tr\/index.php\/wp-json\/wp\/v2\/product_brand?post=740588"},{"taxonomy":"product_cat","embeddable":true,"href":"https:\/\/roveyayinevi.com.tr\/index.php\/wp-json\/wp\/v2\/product_cat?post=740588"},{"taxonomy":"product_tag","embeddable":true,"href":"https:\/\/roveyayinevi.com.tr\/index.php\/wp-json\/wp\/v2\/product_tag?post=740588"}],"curies":[{"name":"wp","href":"https:\/\/api.w.org\/{rel}","templated":true}]}}