{"id":740587,"date":"2025-08-28T00:30:14","date_gmt":"2025-08-27T21:30:14","guid":{"rendered":"https:\/\/roveyayinevi.com.tr\/index.php\/urun\/norosiyaset\/"},"modified":"2026-04-16T02:51:26","modified_gmt":"2026-04-15T23:51:26","slug":"norosiyaset","status":"publish","type":"product","link":"https:\/\/roveyayinevi.com.tr\/index.php\/urun\/norosiyaset\/","title":{"rendered":"N\u00f6rosiyaset"},"content":{"rendered":"<p>Sevgili Nil \u00c7okluk, birlikte g\u00f6r\u00fc\u015f al\u0131\u015fveri\u015finde bulunma \u015fans\u0131 yakalad\u0131\u011f\u0131m\u0131z doktora tezi \u00e7al\u0131\u015fmas\u0131 kapsam\u0131nda, insan\u0131n siyasi davran\u0131\u015flar\u0131n\u0131n n\u00f6robilimsel temellerini sorgulayarak bu konuda \u015fimdiye kadar ortaya konmu\u015f \u00f6nemli bilgileri ba\u015far\u0131yla bir araya getirdi ve bu \u00e7al\u0131\u015fman\u0131n sonu\u00e7lar\u0131ndan birisi olarak, insan denen o muamma organizman\u0131n \u201csiyaset\u201d denen -belki de hayat\u0131m\u0131z\u0131 her faaliyetimizden daha fazla etkileme potansiyeline sahip- o ilgin\u00e7 i\u015flevinin biyolojik ve psikolojik k\u00f6kenlerine dair bu metin ortaya \u00e7\u0131kt\u0131. N\u00f6rosiyaset, g\u00fcn\u00fcm\u00fcz\u00fcn siyasal d\u00fcnyas\u0131ndaki insan davran\u0131\u015flar\u0131n\u0131n nedenlerini temel d\u00fczeyde anlamam\u0131z\u0131 sa\u011flamakla kalmayacak, kendi siyasi davran\u0131\u015flar\u0131m\u0131z\u0131n da k\u00f6kenlerini ayd\u0131nlatarak bize bireysel olarak yeni yollar g\u00f6sterecektir. Nil\u2019i bu cesur \u00e7abas\u0131ndan \u00f6t\u00fcr\u00fc kutluyor ve elinizdeki kitab\u0131n, sinir ve davran\u0131\u015f bilimlerinin insana dair s\u00f6yleyebilece\u011fi \u00e7arp\u0131c\u0131 ger\u00e7eklerin ilk habercilerinden birisi oldu\u011funu d\u00fc\u015f\u00fcnd\u00fc\u011f\u00fcm\u00fc vurgulamak istiyorum. Kendini bilmek isteyen herkes i\u00e7in g\u00fczel bir okuma olaca\u011f\u0131ndan \u015f\u00fcphem yok. Sinan Canan Nil \u00c7okluk Biyografi: 1987 y\u0131l\u0131nda Hatay Antakya\u2019da do\u011fmu\u015ftur. \u0130lk ve orta \u00f6\u011frenimini Hatay\u2019da tamamlayan Nil \u00c7okluk, 2012\u2019de Marmara \u00dcniversitesi \u0130leti\u015fim Fak\u00fcltesi Halkla \u0130li\u015fkiler ve Tan\u0131t\u0131m b\u00f6l\u00fcm\u00fcnden dereceyle mezun olmu\u015ftur. Burada devam eden lisans e\u011fitimi s\u0131ras\u0131nda Anadolu \u00dcniversitesinde ba\u015flad\u0131\u011f\u0131 Felsefe lisans e\u011fitimini 2014 y\u0131l\u0131nda tamamlayarak lisans derecesi almaya hak kazanm\u0131\u015ft\u0131r. 2016\u2019da \u0130stanbul \u00dcniversitesi \u0130leti\u015fim Fak\u00fcltesi Halkla \u0130li\u015fkiler ve Tan\u0131t\u0131m b\u00f6l\u00fcm\u00fcnde T\u00dcB\u0130TAK deste\u011fiyle haz\u0131rlad\u0131\u011f\u0131 \u201cKitle Psikolojisi ve Y\u00f6netimi Ba\u011flam\u0131nda 2014 Yerel Se\u00e7imleri\u201d adl\u0131 tezi ile y\u00fcksek lisans derecesini alm\u0131\u015ft\u0131r. Ayn\u0131 y\u0131l \u0130stanbul \u00dcniversitesi Halkla \u0130li\u015fkiler ve Tan\u0131t\u0131m b\u00f6l\u00fcm\u00fcnde doktoraya ba\u015flam\u0131\u015f, 2020\u2019de de \u201cN\u00f6rosiyaset: Siyasal Karar Olu\u015fturmada Siyasal \u0130leti\u015fimin Bilin\u00e7d\u0131\u015f\u0131na Etkileri\u201d ba\u015fl\u0131kl\u0131 doktora tezini T\u00dcB\u0130TAK deste\u011fiyle tamamlam\u0131\u015ft\u0131r. Siyasal ileti\u015fim, dijital ileti\u015fim, yeni ileti\u015fim teknolojileri, toplumsal cinsiyet gibi konularda ulusal ve uluslararas\u0131 akademik \u00e7al\u0131\u015fmalar yapan \u00c7okluk, \u0130ngilizce ve Arap\u00e7a dillerini bilmektedir. Mustafa Kemal \u00dcniversitesinde ba\u015flad\u0131\u011f\u0131 ara\u015ft\u0131rma g\u00f6revlili\u011fine \u0130stanbul \u00dcniversitesinde devam etmi\u015ftir. Halen Hatay Mustafa Kemal \u00dcniversitesinde doktor \u00f6\u011fretim \u00fcyesi olarak \u00e7al\u0131\u015fmaktad\u0131r. <\/p>\n","protected":false},"excerpt":{"rendered":"<p>Sevgili Nil \u00c7okluk, birlikte g\u00f6r\u00fc\u015f al\u0131\u015fveri\u015finde bulunma \u015fans\u0131 yakalad\u0131\u011f\u0131m\u0131z doktora tezi \u00e7al\u0131\u015fmas\u0131 kapsam\u0131nda, insan\u0131n siyasi davran\u0131\u015flar\u0131n\u0131n n\u00f6robilimsel temellerini sorgulayarak bu konuda \u015fimdiye kadar ortaya konmu\u015f \u00f6nemli<span class=\"excerpt-hellip\"> [\u2026]<\/span><\/p>\n","protected":false},"featured_media":0,"template":"","meta":{"_monsterinsights_skip_tracking":false,"_monsterinsights_sitenote_active":false,"_monsterinsights_sitenote_note":"","_monsterinsights_sitenote_category":0},"product_brand":[],"product_cat":[13590,12337],"product_tag":[],"class_list":{"0":"post-740587","1":"product","2":"type-product","3":"status-publish","5":"product_cat-arastirma-inceleme-politika-siyaset","6":"product_cat-politika-siyaset","7":"pa_cilt-ciltsiz","8":"pa_tur-kitap","9":"pa_yayinevi-tuti-kitap","10":"pa_yazar-nil-cokluk","12":"first","13":"instock","14":"sale","15":"shipping-taxable","16":"purchasable","17":"product-type-simple"},"_links":{"self":[{"href":"https:\/\/roveyayinevi.com.tr\/index.php\/wp-json\/wp\/v2\/product\/740587","targetHints":{"allow":["GET"]}}],"collection":[{"href":"https:\/\/roveyayinevi.com.tr\/index.php\/wp-json\/wp\/v2\/product"}],"about":[{"href":"https:\/\/roveyayinevi.com.tr\/index.php\/wp-json\/wp\/v2\/types\/product"}],"wp:attachment":[{"href":"https:\/\/roveyayinevi.com.tr\/index.php\/wp-json\/wp\/v2\/media?parent=740587"}],"wp:term":[{"taxonomy":"product_brand","embeddable":true,"href":"https:\/\/roveyayinevi.com.tr\/index.php\/wp-json\/wp\/v2\/product_brand?post=740587"},{"taxonomy":"product_cat","embeddable":true,"href":"https:\/\/roveyayinevi.com.tr\/index.php\/wp-json\/wp\/v2\/product_cat?post=740587"},{"taxonomy":"product_tag","embeddable":true,"href":"https:\/\/roveyayinevi.com.tr\/index.php\/wp-json\/wp\/v2\/product_tag?post=740587"}],"curies":[{"name":"wp","href":"https:\/\/api.w.org\/{rel}","templated":true}]}}