{"id":740586,"date":"2025-08-28T00:30:13","date_gmt":"2025-08-27T21:30:13","guid":{"rendered":"https:\/\/roveyayinevi.com.tr\/index.php\/urun\/alanguva\/"},"modified":"2026-04-16T02:51:26","modified_gmt":"2026-04-15T23:51:26","slug":"alanguva","status":"publish","type":"product","link":"https:\/\/roveyayinevi.com.tr\/index.php\/urun\/alanguva\/","title":{"rendered":"Alanguva"},"content":{"rendered":"<p>Mimar Aysel G\u00fcleser Ek\u015fi taraf\u0131ndan haz\u0131rlanan minyat\u00fcrlerle; co\u011frafyam\u0131za ait t\u00fcrk\u00fcler, bilmeceler ve deyi\u015fler sizlerle. <\/p>\n","protected":false},"excerpt":{"rendered":"<p>Mimar Aysel G\u00fcleser Ek\u015fi taraf\u0131ndan haz\u0131rlanan minyat\u00fcrlerle; co\u011frafyam\u0131za ait t\u00fcrk\u00fcler, bilmeceler ve deyi\u015fler sizlerle.<\/p>\n","protected":false},"featured_media":0,"template":"","meta":{"_monsterinsights_skip_tracking":false,"_monsterinsights_sitenote_active":false,"_monsterinsights_sitenote_note":"","_monsterinsights_sitenote_category":0},"product_brand":[],"product_cat":[14591,14556],"product_tag":[],"class_list":{"0":"post-740586","1":"product","2":"type-product","3":"status-publish","5":"product_cat-genel-kavramlar-kuram-ve-tarihce","6":"product_cat-muzik","7":"pa_cilt-ciltsiz","8":"pa_tur-kitap","9":"pa_yayinevi-perseus","10":"pa_yazar-a-guleser-eksi","12":"first","13":"instock","14":"sale","15":"shipping-taxable","16":"purchasable","17":"product-type-simple"},"_links":{"self":[{"href":"https:\/\/roveyayinevi.com.tr\/index.php\/wp-json\/wp\/v2\/product\/740586","targetHints":{"allow":["GET"]}}],"collection":[{"href":"https:\/\/roveyayinevi.com.tr\/index.php\/wp-json\/wp\/v2\/product"}],"about":[{"href":"https:\/\/roveyayinevi.com.tr\/index.php\/wp-json\/wp\/v2\/types\/product"}],"wp:attachment":[{"href":"https:\/\/roveyayinevi.com.tr\/index.php\/wp-json\/wp\/v2\/media?parent=740586"}],"wp:term":[{"taxonomy":"product_brand","embeddable":true,"href":"https:\/\/roveyayinevi.com.tr\/index.php\/wp-json\/wp\/v2\/product_brand?post=740586"},{"taxonomy":"product_cat","embeddable":true,"href":"https:\/\/roveyayinevi.com.tr\/index.php\/wp-json\/wp\/v2\/product_cat?post=740586"},{"taxonomy":"product_tag","embeddable":true,"href":"https:\/\/roveyayinevi.com.tr\/index.php\/wp-json\/wp\/v2\/product_tag?post=740586"}],"curies":[{"name":"wp","href":"https:\/\/api.w.org\/{rel}","templated":true}]}}