{"id":740581,"date":"2025-08-28T00:30:07","date_gmt":"2025-08-27T21:30:07","guid":{"rendered":"https:\/\/roveyayinevi.com.tr\/index.php\/urun\/bazen\/"},"modified":"2026-04-16T02:51:26","modified_gmt":"2026-04-15T23:51:26","slug":"bazen","status":"publish","type":"product","link":"https:\/\/roveyayinevi.com.tr\/index.php\/urun\/bazen\/","title":{"rendered":"Bazen"},"content":{"rendered":"<p>\u201cBazen bir g\u00fcn ba\u015flar, Ama sen ba\u015flamak istemezsin g\u00fcne.\u201d \u00c7ocuk olmak de\u011fi\u015ftirmez bazen ger\u00e7e\u011fi. Bu kitap i\u00e7indeki h\u00fcz\u00fcnle sava\u015fmak yerine kucakla\u015fman\u0131n hikayesidir. \u00c7ocuklar i\u00e7in, \u00e7ocuk taraf\u0131n\u0131 koruyabilmi\u015fler i\u00e7in ya da ondan vazge\u00e7mi\u015fler i\u00e7in\u2026 Bazen do\u011fan g\u00fcne ra\u011fmen zorla\u015f\u0131r devam etmek. G\u00fcl \u00c7etin, hayat\u0131n ola\u011fan ak\u0131\u015f\u0131 devam ederken, h\u00fcz\u00fcn, yaln\u0131zl\u0131k, umutsuzluk gibi duygular ile ba\u015f etmenin yolunu sevgi ve umutla harmanlay\u0131p ustaca se\u00e7ti\u011fi s\u00f6zc\u00fckler ile kar\u015f\u0131m\u0131zda bu kitapta. Sadece \u00e7ocuklar i\u00e7in de\u011fil, \u00e7ocuklu\u011funu hat\u0131rlayan herkes i\u00e7in derin ve ilham verici bir hik\u00e2ye! &#8230;&#8230;.. \u201c\u015eiir gibi, soyut ve \u015fahane&#8230;\u201d Ay\u015feg\u00fcl DEDE <\/p>\n","protected":false},"excerpt":{"rendered":"<p>\u201cBazen bir g\u00fcn ba\u015flar, Ama sen ba\u015flamak istemezsin g\u00fcne.\u201d \u00c7ocuk olmak de\u011fi\u015ftirmez bazen ger\u00e7e\u011fi. Bu kitap i\u00e7indeki h\u00fcz\u00fcnle sava\u015fmak yerine kucakla\u015fman\u0131n hikayesidir. \u00c7ocuklar i\u00e7in, \u00e7ocuk taraf\u0131n\u0131<span class=\"excerpt-hellip\"> [\u2026]<\/span><\/p>\n","protected":false},"featured_media":0,"template":"","meta":{"_monsterinsights_skip_tracking":false,"_monsterinsights_sitenote_active":false,"_monsterinsights_sitenote_note":"","_monsterinsights_sitenote_category":0},"product_brand":[],"product_cat":[12274,12284],"product_tag":[],"class_list":{"0":"post-740581","1":"product","2":"type-product","3":"status-publish","5":"product_cat-cocuk-ve-genclik-kitaplari","6":"product_cat-hikayeler","7":"pa_cilt-ciltsiz","8":"pa_tur-kitap","9":"pa_yayinevi-luna-yayinlari","10":"pa_yazar-gul-cetin","12":"first","13":"instock","14":"sale","15":"shipping-taxable","16":"purchasable","17":"product-type-simple"},"_links":{"self":[{"href":"https:\/\/roveyayinevi.com.tr\/index.php\/wp-json\/wp\/v2\/product\/740581","targetHints":{"allow":["GET"]}}],"collection":[{"href":"https:\/\/roveyayinevi.com.tr\/index.php\/wp-json\/wp\/v2\/product"}],"about":[{"href":"https:\/\/roveyayinevi.com.tr\/index.php\/wp-json\/wp\/v2\/types\/product"}],"wp:attachment":[{"href":"https:\/\/roveyayinevi.com.tr\/index.php\/wp-json\/wp\/v2\/media?parent=740581"}],"wp:term":[{"taxonomy":"product_brand","embeddable":true,"href":"https:\/\/roveyayinevi.com.tr\/index.php\/wp-json\/wp\/v2\/product_brand?post=740581"},{"taxonomy":"product_cat","embeddable":true,"href":"https:\/\/roveyayinevi.com.tr\/index.php\/wp-json\/wp\/v2\/product_cat?post=740581"},{"taxonomy":"product_tag","embeddable":true,"href":"https:\/\/roveyayinevi.com.tr\/index.php\/wp-json\/wp\/v2\/product_tag?post=740581"}],"curies":[{"name":"wp","href":"https:\/\/api.w.org\/{rel}","templated":true}]}}