{"id":740578,"date":"2025-08-28T00:30:03","date_gmt":"2025-08-27T21:30:03","guid":{"rendered":"https:\/\/roveyayinevi.com.tr\/index.php\/urun\/bir-sizofrenin-siir-defteri\/"},"modified":"2026-04-16T02:51:26","modified_gmt":"2026-04-15T23:51:26","slug":"bir-sizofrenin-siir-defteri","status":"publish","type":"product","link":"https:\/\/roveyayinevi.com.tr\/index.php\/urun\/bir-sizofrenin-siir-defteri\/","title":{"rendered":"Bir \u015eizofrenin \u015eiir Defteri"},"content":{"rendered":"<p>DO\u011eMA ARTIK Sen ki bir r\u00fczgar oldun Doland\u0131n kanatlar\u0131mda A\u015fka dair m\u0131sralar f\u0131s\u0131ldad\u0131n Kulaklar\u0131ma Yoklu\u011funu fark ettim Gitti\u011fini sil ba\u015ftan Susuz dudaklara vuran Nehir oldun ezdin beni Sa\u011f\u0131r kulaklara na\u011fme oldun da yordun beni Bilinmez gelece\u011fe do\u011facak mazi Dur g\u00fcne\u015fim yanma art\u0131k Sevdadan uzak kalplere do\u011fma art\u0131k. <\/p>\n","protected":false},"excerpt":{"rendered":"<p>DO\u011eMA ARTIK Sen ki bir r\u00fczgar oldun Doland\u0131n kanatlar\u0131mda A\u015fka dair m\u0131sralar f\u0131s\u0131ldad\u0131n Kulaklar\u0131ma Yoklu\u011funu fark ettim Gitti\u011fini sil ba\u015ftan Susuz dudaklara vuran Nehir oldun ezdin<span class=\"excerpt-hellip\"> [\u2026]<\/span><\/p>\n","protected":false},"featured_media":0,"template":"","meta":{"_monsterinsights_skip_tracking":false,"_monsterinsights_sitenote_active":false,"_monsterinsights_sitenote_note":"","_monsterinsights_sitenote_category":0},"product_brand":[],"product_cat":[12291,12509],"product_tag":[],"class_list":{"0":"post-740578","1":"product","2":"type-product","3":"status-publish","5":"product_cat-edebiyat","6":"product_cat-siir","7":"pa_cilt-ciltsiz","8":"pa_tur-kitap","9":"pa_yayinevi-gulnar-yayinlari","10":"pa_yazar-candan-sevinc","12":"first","13":"instock","14":"sale","15":"shipping-taxable","16":"purchasable","17":"product-type-simple"},"_links":{"self":[{"href":"https:\/\/roveyayinevi.com.tr\/index.php\/wp-json\/wp\/v2\/product\/740578","targetHints":{"allow":["GET"]}}],"collection":[{"href":"https:\/\/roveyayinevi.com.tr\/index.php\/wp-json\/wp\/v2\/product"}],"about":[{"href":"https:\/\/roveyayinevi.com.tr\/index.php\/wp-json\/wp\/v2\/types\/product"}],"wp:attachment":[{"href":"https:\/\/roveyayinevi.com.tr\/index.php\/wp-json\/wp\/v2\/media?parent=740578"}],"wp:term":[{"taxonomy":"product_brand","embeddable":true,"href":"https:\/\/roveyayinevi.com.tr\/index.php\/wp-json\/wp\/v2\/product_brand?post=740578"},{"taxonomy":"product_cat","embeddable":true,"href":"https:\/\/roveyayinevi.com.tr\/index.php\/wp-json\/wp\/v2\/product_cat?post=740578"},{"taxonomy":"product_tag","embeddable":true,"href":"https:\/\/roveyayinevi.com.tr\/index.php\/wp-json\/wp\/v2\/product_tag?post=740578"}],"curies":[{"name":"wp","href":"https:\/\/api.w.org\/{rel}","templated":true}]}}