{"id":740562,"date":"2025-08-28T00:29:43","date_gmt":"2025-08-27T21:29:43","guid":{"rendered":"https:\/\/roveyayinevi.com.tr\/index.php\/urun\/saf-algi-saf-zeka-sonsuz-guven\/"},"modified":"2026-04-16T02:51:25","modified_gmt":"2026-04-15T23:51:25","slug":"saf-algi-saf-zeka-sonsuz-guven","status":"publish","type":"product","link":"https:\/\/roveyayinevi.com.tr\/index.php\/urun\/saf-algi-saf-zeka-sonsuz-guven\/","title":{"rendered":"Saf Alg\u0131, Saf Zek\u00e2, Sonsuz G\u00fcven"},"content":{"rendered":"<p>Bug\u00fcn 14 \u015eubat 2022 Pazartesi, \u0130stanbul\u2019day\u0131m. D\u00fcnya Ba\u015fkenti \u0130stanbul\u2019da! Hani \u00dcnl\u00fc Frans\u0131z \u0130mparatoru Napolyon Bonapart\u2019 \u0131n \u201cD\u00fcnya Tek Devlet Olsa \u0130stanbul Ba\u015fkent Olurdu\u201d dedi\u011fi \u0130stanbul. Tam 36 y\u0131ld\u0131r \u0130stanbul\u2019da ya\u015f\u0131yorum. Ama \u015fu an gelmi\u015f gibiyim \u0130stanbul\u2019a! \u0130stanbul\u2019da her an, yeni bir an. Burada zaman hi\u00e7 eskimiyor!  \u201cBen\u201d- bu kitab\u0131n yazar\u0131 &#8211; Vesile Bola\u00e7 hat\u0131rlayaca\u011f\u0131n\u0131z gibi, 1 Mart 1947 Silifke do\u011fumluyum. 17 ya\u015f\u0131na kadar Silifke\u2019de ya\u015fad\u0131m. \u0130lk ve orta e\u011fitimimi orada tamamlad\u0131m. Yedi y\u0131ll\u0131k \u00dcniversite ve sonras\u0131ndaki sekiz y\u0131ll\u0131k ihtisas e\u011fitimini ise Ankara\u2019da yapt\u0131m. Lisede okurken askerlik dersimize giren Albay; \u0130svi\u00e7re\u2019de asker olmad\u0131\u011f\u0131n\u0131, savunma ve asayi\u015fin polisler taraf\u0131ndan sa\u011fland\u0131\u011f\u0131n\u0131 anlatm\u0131\u015ft\u0131. Bu habere \u00e7ok \u015fa\u015f\u0131rm\u0131\u015ft\u0131m. Annemin babas\u0131, annem \u00fc\u00e7 ya\u015f\u0131nda iken, \u00c7anakkale sava\u015f\u0131nda \u015fehit olmu\u015f. Bu y\u00fczden annem babas\u0131n\u0131 biz de dedemizi hi\u00e7 g\u00f6rmedik, g\u00f6remedik. O zamandan beri D\u00fcnya\u2019n\u0131n tek devlet olaca\u011f\u0131n\u0131 &#8211; \u00e7\u00fcnk\u00fc D\u00fcnya tekti! T\u0131pk\u0131 \u0130svi\u00e7re\u2019 nin de tek oldu\u011fu gibi &#8211; dolay\u0131s\u0131yla sava\u015flar\u0131n D\u00fcnya\u2019dan kalkaca\u011f\u0131n\u0131 biliyordum. \u00c7\u00fcnk\u00fc bu bir ger\u00e7ekti. \u0130ki y\u0131l \u00f6nce Covit-19 t\u00fcm d\u00fcnyaya yay\u0131l\u0131p da insanlar\u0131, insanl\u0131\u011f\u0131 \u00e7aresiz b\u0131rakt\u0131\u011f\u0131nda, herkes kendi yaln\u0131zl\u0131\u011f\u0131na \u00e7ekilmek zorunda kald\u0131. T\u00fcm insanlar\u0131n tek ve ortak bir tek sorunu vard\u0131 o da bu amans\u0131z hastal\u0131\u011fa \u00e7are bulunmas\u0131yd\u0131! Bir anda t\u00fcm d\u00fcnya tek devlet haline gelmi\u015fti. Sa\u011fl\u0131kl\u0131 ve huzurlu ya\u015famak her akl\u0131 ba\u015f\u0131ndaki yeti\u015fkin insan\u0131n tek dile\u011fiydi art\u0131k.  Son iki y\u0131l i\u00e7inde de de\u011fi\u015fen bir \u015fey olmad\u0131. Tam tersine, covit-19, mutasyonlara u\u011frayarak daha da h\u0131zl\u0131 yay\u0131ld\u0131 ve hala da yay\u0131l\u0131yor.  Hakikat \u015fu ki \u201cGer\u00e7ekleri g\u00f6rmek i\u00e7in; saf alg\u0131, saf zek\u00e2 ve sonsuz g\u00fcven gerekir\u201d. Bakmak, g\u00f6rmek ve anlamak, hi\u00e7 se\u00e7im yapmadan, yarg\u0131lamadan; k\u0131namadan ya da onaylamadan! Bu kitap, \u00e7ocuklu\u011funda sahip olup da b\u00fcy\u00fcrken kaybetti\u011fi saf alg\u0131, saf zek\u00e2 ve sonsuz g\u00fcvene yeniden kavu\u015fmak isteyen herkes i\u00e7in yaz\u0131lm\u0131\u015ft\u0131r. \u0130\u015fte d\u00fcnya o zaman asl\u0131na d\u00f6necektir. Yani; saf alg\u0131, saf zek\u00e2, sonsuz g\u00fcven i\u00e7inde ya\u015fayan Tek D\u00fcnya \u0130nsan\u0131\u2019 n\u0131n ya\u015fad\u0131\u011f\u0131 Tek Devlet\u2019e, Tek D\u00fcnya Devletine\u2026<\/p>\n","protected":false},"excerpt":{"rendered":"<p>Bug\u00fcn 14 \u015eubat 2022 Pazartesi, \u0130stanbul\u2019day\u0131m. D\u00fcnya Ba\u015fkenti \u0130stanbul\u2019da! Hani \u00dcnl\u00fc Frans\u0131z \u0130mparatoru Napolyon Bonapart\u2019 \u0131n \u201cD\u00fcnya Tek Devlet Olsa \u0130stanbul Ba\u015fkent Olurdu\u201d dedi\u011fi \u0130stanbul. Tam<span class=\"excerpt-hellip\"> [\u2026]<\/span><\/p>\n","protected":false},"featured_media":0,"template":"","meta":{"_monsterinsights_skip_tracking":false,"_monsterinsights_sitenote_active":false,"_monsterinsights_sitenote_note":"","_monsterinsights_sitenote_category":0},"product_brand":[],"product_cat":[12777,12291],"product_tag":[],"class_list":{"0":"post-740562","1":"product","2":"type-product","3":"status-publish","5":"product_cat-deneme","6":"product_cat-edebiyat","7":"pa_cilt-ciltsiz","8":"pa_tur-kitap","9":"pa_yayinevi-platanus-publishing","10":"pa_yazar-vesile-bolac","12":"first","13":"instock","14":"sale","15":"shipping-taxable","16":"purchasable","17":"product-type-simple"},"_links":{"self":[{"href":"https:\/\/roveyayinevi.com.tr\/index.php\/wp-json\/wp\/v2\/product\/740562","targetHints":{"allow":["GET"]}}],"collection":[{"href":"https:\/\/roveyayinevi.com.tr\/index.php\/wp-json\/wp\/v2\/product"}],"about":[{"href":"https:\/\/roveyayinevi.com.tr\/index.php\/wp-json\/wp\/v2\/types\/product"}],"wp:attachment":[{"href":"https:\/\/roveyayinevi.com.tr\/index.php\/wp-json\/wp\/v2\/media?parent=740562"}],"wp:term":[{"taxonomy":"product_brand","embeddable":true,"href":"https:\/\/roveyayinevi.com.tr\/index.php\/wp-json\/wp\/v2\/product_brand?post=740562"},{"taxonomy":"product_cat","embeddable":true,"href":"https:\/\/roveyayinevi.com.tr\/index.php\/wp-json\/wp\/v2\/product_cat?post=740562"},{"taxonomy":"product_tag","embeddable":true,"href":"https:\/\/roveyayinevi.com.tr\/index.php\/wp-json\/wp\/v2\/product_tag?post=740562"}],"curies":[{"name":"wp","href":"https:\/\/api.w.org\/{rel}","templated":true}]}}