{"id":740553,"date":"2025-08-28T00:29:31","date_gmt":"2025-08-27T21:29:31","guid":{"rendered":"https:\/\/roveyayinevi.com.tr\/index.php\/urun\/eski-turklerde-gundelik-hayat\/"},"modified":"2026-04-16T02:51:24","modified_gmt":"2026-04-15T23:51:24","slug":"eski-turklerde-gundelik-hayat","status":"publish","type":"product","link":"https:\/\/roveyayinevi.com.tr\/index.php\/urun\/eski-turklerde-gundelik-hayat\/","title":{"rendered":"Eski T\u00fcrklerde G\u00fcndelik Hayat"},"content":{"rendered":"<p>ESK\u0130 T\u00dcRK YAZITLARINDAT\u00dcRKLER\u0130N G\u00dcNL\u00dcK HAYATIT\u00fcrkler yedinci ve sekizinci y\u00fczy\u0131lda nas\u0131l bir hayat ya\u015f\u0131yordu? Ne yiyor ne i\u00e7iyordu? Ger\u00e7ekten ilkel bir hayat m\u0131 s\u00fcr\u00fcyordu yoksa geli\u015fmi\u015f bir sosyal hayattan s\u00f6z edilebilir miydi? Heyecanlar\u0131n\u0131, sevin\u00e7lerini, \u00fcz\u00fcnt\u00fclerini nas\u0131l ifade ediyorlard\u0131? Hayatlar\u0131nda sadece sava\u015f m\u0131 vard\u0131? Hayvanc\u0131l\u0131k d\u0131\u015f\u0131nda ticaretle de u\u011fra\u015f\u0131yorlar m\u0131yd\u0131? \u0130nan\u00e7lar\u0131n\u0131 nas\u0131l ya\u015f\u0131yorlard\u0131? D\u00fc\u011f\u00fcnlerini nas\u0131l yap\u0131yorlard\u0131? Anne, baba ve karde\u015fler aras\u0131ndaki ili\u015fki nas\u0131ld\u0131? Do\u011fan \u00e7ocuklar\u0131na en \u00e7ok hangi isimleri veriyorlard\u0131? At ger\u00e7ekten T\u00fcrklerin vazge\u00e7ilmezi miydi?1995 y\u0131l\u0131ndan bu yana yaz\u0131tlar d\u00f6nemi T\u00fcrk\u00e7esi alan\u0131nda \u00e7al\u0131\u015fan Erhan Ayd\u0131n elinizdeki \u00e7al\u0131\u015fmada eski T\u00fcrk yaz\u0131tlar\u0131ndan elde etti\u011fi sosyal, ekonomik, k\u00fclt\u00fcrel ve din\u00ee hayata dair t\u00fcm malzemeleri kullanarak yukar\u0131daki sorulara birbirinden k\u0131ymetli cevaplar veriyor. B\u00f6ylece T\u00fcrk milletinin yaz\u0131l\u0131 kaynaklarla bilinen en eski d\u00f6nemlerine \u0131\u015f\u0131k tutuluyor, yaz\u0131l\u0131 olmayan daha eski d\u00f6nemleri hakk\u0131nda da fikir y\u00fcr\u00fctme imk\u00e2n\u0131 elde ediliyor. Ba\u015fka milletlerin T\u00fcrkler hakk\u0131nda anlatt\u0131klar\u0131na de\u011fil, T\u00fcrklerin kendi elleriyle yazd\u0131\u011f\u0131 metinlerdeki bilgilere odaklanan \u00e7al\u0131\u015fma, okurlar\u0131 son derece \u015fa\u015f\u0131rtacak bilgilere ula\u015f\u0131yor. \u0130slam \u00f6ncesi d\u00f6nemde ya\u015fam\u0131\u015f T\u00fcrklerin \u00e7o\u011fu zaman sadece asker\u00ee ve siyas\u00ee taraf\u0131 incelenmi\u015ftir. Eski T\u00fcrklerde G\u00fcndelik Hayat ise bir T\u00fcrk\u2019\u00fcn g\u00fcnl\u00fck hayat\u0131n\u0131n nas\u0131l ge\u00e7ti\u011fini t\u00fcm detaylar\u0131yla ortaya koyuyor. Uzun y\u0131llard\u0131r eski T\u00fcrk dili \u00fczerine \u00e7al\u0131\u015fmalar\u0131n\u0131 s\u00fcrd\u00fcren ve o co\u011frafyaya bilimsel gezilerde bulunan Prof. Dr. Erhan Ayd\u0131n\u2019\u0131n kaleminden Eski T\u00fcrklerde G\u00fcndelik Hayat, T\u00fcrklerin \u0130slamiyet \u00f6ncesi ya\u015famlar\u0131n\u0131 sosyal, k\u00fclt\u00fcrel, din\u00ee ve ekonomik y\u00f6nleriyle inceleyerek o d\u00f6nemin g\u00f6z\u00fcn\u00fczde canlanmas\u0131n\u0131 sa\u011flayacak. <\/p>\n","protected":false},"excerpt":{"rendered":"<p>ESK\u0130 T\u00dcRK YAZITLARINDAT\u00dcRKLER\u0130N G\u00dcNL\u00dcK HAYATIT\u00fcrkler yedinci ve sekizinci y\u00fczy\u0131lda nas\u0131l bir hayat ya\u015f\u0131yordu? Ne yiyor ne i\u00e7iyordu? Ger\u00e7ekten ilkel bir hayat m\u0131 s\u00fcr\u00fcyordu yoksa geli\u015fmi\u015f bir<span class=\"excerpt-hellip\"> [\u2026]<\/span><\/p>\n","protected":false},"featured_media":0,"template":"","meta":{"_monsterinsights_skip_tracking":false,"_monsterinsights_sitenote_active":false,"_monsterinsights_sitenote_note":"","_monsterinsights_sitenote_category":0},"product_brand":[],"product_cat":[12312,12304],"product_tag":[],"class_list":{"0":"post-740553","1":"product","2":"type-product","3":"status-publish","5":"product_cat-diger","6":"product_cat-tarih","7":"pa_cilt-ciltsiz","8":"pa_tur-kitap","9":"pa_yayinevi-kronik-kitap","10":"pa_yazar-erhan-aydin","12":"first","13":"instock","14":"sale","15":"shipping-taxable","16":"purchasable","17":"product-type-simple"},"_links":{"self":[{"href":"https:\/\/roveyayinevi.com.tr\/index.php\/wp-json\/wp\/v2\/product\/740553","targetHints":{"allow":["GET"]}}],"collection":[{"href":"https:\/\/roveyayinevi.com.tr\/index.php\/wp-json\/wp\/v2\/product"}],"about":[{"href":"https:\/\/roveyayinevi.com.tr\/index.php\/wp-json\/wp\/v2\/types\/product"}],"wp:attachment":[{"href":"https:\/\/roveyayinevi.com.tr\/index.php\/wp-json\/wp\/v2\/media?parent=740553"}],"wp:term":[{"taxonomy":"product_brand","embeddable":true,"href":"https:\/\/roveyayinevi.com.tr\/index.php\/wp-json\/wp\/v2\/product_brand?post=740553"},{"taxonomy":"product_cat","embeddable":true,"href":"https:\/\/roveyayinevi.com.tr\/index.php\/wp-json\/wp\/v2\/product_cat?post=740553"},{"taxonomy":"product_tag","embeddable":true,"href":"https:\/\/roveyayinevi.com.tr\/index.php\/wp-json\/wp\/v2\/product_tag?post=740553"}],"curies":[{"name":"wp","href":"https:\/\/api.w.org\/{rel}","templated":true}]}}

Eski Türklerde Gündelik Hayat

<p>ESKİ TÜRK YAZITLARINDATÜRKLERİN GÜNLÜK HAYATITürkler yedinci ve sekizinci yüzyılda nasıl bir hayat yaşıyordu? Ne yiyor ne içiyordu? Gerçekten ilkel bir hayat mı sürüyordu yoksa gelişmiş bir sosyal hayattan söz edilebilir miydi? Heyecanlarını, sevinçlerini, üzüntülerini nasıl ifade ediyorlardı? Hayatlarında sadece savaş mı vardı? Hayvancılık dışında ticaretle de uğraşıyorlar mıydı? İnançlarını nasıl yaşıyorlardı? Düğünlerini nasıl yapıyorlardı? Anne, baba ve kardeşler arasındaki ilişki nasıldı? Doğan çocuklarına en çok hangi isimleri veriyorlardı? At gerçekten Türklerin vazgeçilmezi miydi?1995 yılından bu yana yazıtlar dönemi Türkçesi alanında çalışan Erhan Aydın elinizdeki çalışmada eski Türk yazıtlarından elde ettiği sosyal, ekonomik, kültürel ve dinî hayata dair tüm malzemeleri kullanarak yukarıdaki sorulara birbirinden kıymetli cevaplar veriyor. Böylece Türk milletinin yazılı kaynaklarla bilinen en eski dönemlerine ışık tutuluyor, yazılı olmayan daha eski dönemleri hakkında da fikir yürütme imkânı elde ediliyor. Başka milletlerin Türkler hakkında anlattıklarına değil, Türklerin kendi elleriyle yazdığı metinlerdeki bilgilere odaklanan çalışma, okurları son derece şaşırtacak bilgilere ulaşıyor. İslam öncesi dönemde yaşamış Türklerin çoğu zaman sadece askerî ve siyasî tarafı incelenmiştir. Eski Türklerde Gündelik Hayat ise bir Türk’ün günlük hayatının nasıl geçtiğini tüm detaylarıyla ortaya koyuyor. Uzun yıllardır eski Türk dili üzerine çalışmalarını sürdüren ve o coğrafyaya bilimsel gezilerde bulunan Prof. Dr. Erhan Aydın’ın kaleminden Eski Türklerde Gündelik Hayat, Türklerin İslamiyet öncesi yaşamlarını sosyal, kültürel, dinî ve ekonomik yönleriyle inceleyerek o dönemin gözünüzde canlanmasını sağlayacak. </p>

<p>ESKİ TÜRK YAZITLARINDATÜRKLERİN GÜNLÜK HAYATITürkler yedinci ve sekizinci yüzyılda nasıl bir hayat yaşıyordu? Ne yiyor ne içiyordu? Gerçekten ilkel bir hayat mı sürüyordu yoksa gelişmiş bir<span class="excerpt-hellip"> […]</span></p>
