{"id":740530,"date":"2025-08-28T00:29:06","date_gmt":"2025-08-27T21:29:06","guid":{"rendered":"https:\/\/roveyayinevi.com.tr\/index.php\/urun\/eski-mezopotamyada-ulasim-ve-tasimacilik\/"},"modified":"2026-01-29T03:21:34","modified_gmt":"2026-01-29T00:21:34","slug":"eski-mezopotamyada-ulasim-ve-tasimacilik","status":"publish","type":"product","link":"https:\/\/roveyayinevi.com.tr\/index.php\/urun\/eski-mezopotamyada-ulasim-ve-tasimacilik\/","title":{"rendered":"Eski Mezopotamya\u2019da Ula\u015f\u0131m Ve Ta\u015f\u0131mac\u0131l\u0131k"},"content":{"rendered":"<p>Mezopotamya kelimesi iki nehir aras\u0131 anlam\u0131na gelmekte olup, mesos (orta) ve potamos (\u0131rmak) kelimelerinin birle\u015fmesinden t\u00fcretilmi\u015ftir. F\u0131rat ve Dicle nehirlerinin aras\u0131ndaki b\u00f6l\u00fcme antik yazarlar Mezopotamya ad\u0131n\u0131 vermi\u015flerdir. \u0130nsano\u011flu tarihin en erken d\u00f6nemlerinden itibaren bir yerden di\u011fer yere ula\u015fma ihtiyac\u0131 duymu\u015ftur. Bir yerden di\u011fer yere ula\u015fmak ve di\u011fer insanlarla ileti\u015fim kurmak olu\u015fturulan yol a\u011flar\u0131 ile m\u00fcmk\u00fcn olmu\u015ftur. Mezopotamya&#8217;da ula\u015f\u0131m ve ta\u015f\u0131mac\u0131l\u0131k kara yolu, deniz yolu ve nehir yolu olmak \u00fczere \u00fc\u00e7 yoldan yap\u0131lm\u0131\u015ft\u0131r. Ula\u015f\u0131m ve ta\u015f\u0131mac\u0131l\u0131\u011f\u0131n \u015fekillenmesinde co\u011frafi \u00f6zellikler ba\u015fl\u0131ca rol oynamaktad\u0131r. Nitekim Mezopotamya&#8217;ya hayat veren Dicle ve F\u0131rat nehirleri ula\u015f\u0131m ve ta\u015f\u0131mac\u0131l\u0131kta aktif olarak kullan\u0131lm\u0131\u015flard\u0131r.<\/p>\n","protected":false},"excerpt":{"rendered":"<p>Mezopotamya kelimesi iki nehir aras\u0131 anlam\u0131na gelmekte olup, mesos (orta) ve potamos (\u0131rmak) kelimelerinin birle\u015fmesinden t\u00fcretilmi\u015ftir. F\u0131rat ve Dicle nehirlerinin aras\u0131ndaki b\u00f6l\u00fcme antik yazarlar Mezopotamya ad\u0131n\u0131<span class=\"excerpt-hellip\"> [\u2026]<\/span><\/p>\n","protected":false},"featured_media":0,"template":"","meta":{"_monsterinsights_skip_tracking":false,"_monsterinsights_sitenote_active":false,"_monsterinsights_sitenote_note":"","_monsterinsights_sitenote_category":0},"product_brand":[],"product_cat":[12370,12304],"product_tag":[],"class_list":{"0":"post-740530","1":"product","2":"type-product","3":"status-publish","5":"product_cat-arastirma-inceleme","6":"product_cat-tarih","7":"pa_cilt-ciltsiz","8":"pa_tur-kitap","9":"pa_yayinevi-berikan-yayinlari","10":"pa_yazar-ebru-mandaci","12":"first","13":"instock","14":"sale","15":"shipping-taxable","16":"purchasable","17":"product-type-simple"},"_links":{"self":[{"href":"https:\/\/roveyayinevi.com.tr\/index.php\/wp-json\/wp\/v2\/product\/740530","targetHints":{"allow":["GET"]}}],"collection":[{"href":"https:\/\/roveyayinevi.com.tr\/index.php\/wp-json\/wp\/v2\/product"}],"about":[{"href":"https:\/\/roveyayinevi.com.tr\/index.php\/wp-json\/wp\/v2\/types\/product"}],"wp:attachment":[{"href":"https:\/\/roveyayinevi.com.tr\/index.php\/wp-json\/wp\/v2\/media?parent=740530"}],"wp:term":[{"taxonomy":"product_brand","embeddable":true,"href":"https:\/\/roveyayinevi.com.tr\/index.php\/wp-json\/wp\/v2\/product_brand?post=740530"},{"taxonomy":"product_cat","embeddable":true,"href":"https:\/\/roveyayinevi.com.tr\/index.php\/wp-json\/wp\/v2\/product_cat?post=740530"},{"taxonomy":"product_tag","embeddable":true,"href":"https:\/\/roveyayinevi.com.tr\/index.php\/wp-json\/wp\/v2\/product_tag?post=740530"}],"curies":[{"name":"wp","href":"https:\/\/api.w.org\/{rel}","templated":true}]}}