{"id":740527,"date":"2025-08-28T00:29:02","date_gmt":"2025-08-27T21:29:02","guid":{"rendered":"https:\/\/roveyayinevi.com.tr\/index.php\/urun\/dumbledore-hogwartsin-taninmis-mudurunun-hayati-ve-yalanlari-gayriresmi-arastirma-ciltli\/"},"modified":"2026-04-16T02:51:23","modified_gmt":"2026-04-15T23:51:23","slug":"dumbledore-hogwartsin-taninmis-mudurunun-hayati-ve-yalanlari-gayriresmi-arastirma-ciltli","status":"publish","type":"product","link":"https:\/\/roveyayinevi.com.tr\/index.php\/urun\/dumbledore-hogwartsin-taninmis-mudurunun-hayati-ve-yalanlari-gayriresmi-arastirma-ciltli\/","title":{"rendered":"Dumbledore &#8211; Hogwarts\u2019in Tan\u0131nm\u0131\u015f M\u00fcd\u00fcr\u00fcn\u00fcn Hayat\u0131 Ve Yalanlar\u0131 &#8211; Gayriresmi Ara\u015ft\u0131rma (Ciltli)"},"content":{"rendered":"<p>\u201c\u2026 ele\u015ftirel makalelerden olu\u015fan bir kitab\u0131 okurken alaca\u011f\u0131n\u0131z en b\u00fcy\u00fck keyif\u2026\u201d -SARVENAZ TASH, The Geek\u2019s Guide to Unrequited Love k\u0130tab\u0131n\u0131n yazar\u0131   Albus Percival Wulfric Brian Dumbledore, Hogwarts\u2019\u0131n M\u00fcd\u00fcr\u00fc, Harry Potter serisinin en dikkat \u00e7eken ve gizemli fig\u00fcrlerinden biri olmu\u015ftur. \u0130lkesiz, b\u00f6ceksi bir gazetecinin bir keresinde dedi\u011fi gibi o, bir biyograficinin r\u00fcyas\u0131d\u0131r. Dumbledore bir bilge miydi ya da s\u0131n\u0131rlar\u0131 var m\u0131yd\u0131? \u0130yiliksever miydi yoksa kindar m\u0131? S\u0131rad\u0131\u015f\u0131 bir hayat\u0131n son y\u0131llar\u0131nda onu y\u00f6nlendiren \u015fey ger\u00e7ekte neydi? Dumbledore, tart\u0131\u015fmal\u0131 m\u00fcd\u00fcr\u00fcn portresini olu\u015fturmak \u00fczere Harry Potter kitaplar\u0131n\u0131n sat\u0131r aralar\u0131n\u0131 ara\u015ft\u0131r\u0131yor: G\u00f6r\u00fcn\u00fcrdeki her tesad\u00fcf\u00fcn i\u00e7inde Dumbledore\u2019dan bir iz bulup, vermek zorunda oldu\u011fu imk\u00e2ns\u0131z kararlar\u0131 g\u00f6zler \u00f6n\u00fcne seriyor. Yazar Irvin Khaytman\u2019\u0131n bu derinlemesine incelemesi, Harry Potter serisindeki olaylara yepyeni bir \u0131\u015f\u0131k tutarken, hayranlar\u0131n bug\u00fcne kadar havada kalan sorular\u0131n\u0131 da \u00e7\u00f6z\u00fcme ula\u015ft\u0131r\u0131yor. <\/p>\n","protected":false},"excerpt":{"rendered":"<p>\u201c\u2026 ele\u015ftirel makalelerden olu\u015fan bir kitab\u0131 okurken alaca\u011f\u0131n\u0131z en b\u00fcy\u00fck keyif\u2026\u201d -SARVENAZ TASH, The Geek\u2019s Guide to Unrequited Love k\u0130tab\u0131n\u0131n yazar\u0131 Albus Percival Wulfric Brian Dumbledore,<span class=\"excerpt-hellip\"> [\u2026]<\/span><\/p>\n","protected":false},"featured_media":0,"template":"","meta":{"_monsterinsights_skip_tracking":false,"_monsterinsights_sitenote_active":false,"_monsterinsights_sitenote_note":"","_monsterinsights_sitenote_category":0},"product_brand":[],"product_cat":[12291,50487],"product_tag":[],"class_list":{"0":"post-740527","1":"product","2":"type-product","3":"status-publish","5":"product_cat-edebiyat","6":"product_cat-kurgu","7":"pa_cilt-ciltli","8":"pa_tur-kitap","9":"pa_yayinevi-marti-yayinlari","10":"pa_yazar-irvin-khaytman","12":"first","13":"instock","14":"sale","15":"shipping-taxable","16":"purchasable","17":"product-type-simple"},"_links":{"self":[{"href":"https:\/\/roveyayinevi.com.tr\/index.php\/wp-json\/wp\/v2\/product\/740527","targetHints":{"allow":["GET"]}}],"collection":[{"href":"https:\/\/roveyayinevi.com.tr\/index.php\/wp-json\/wp\/v2\/product"}],"about":[{"href":"https:\/\/roveyayinevi.com.tr\/index.php\/wp-json\/wp\/v2\/types\/product"}],"wp:attachment":[{"href":"https:\/\/roveyayinevi.com.tr\/index.php\/wp-json\/wp\/v2\/media?parent=740527"}],"wp:term":[{"taxonomy":"product_brand","embeddable":true,"href":"https:\/\/roveyayinevi.com.tr\/index.php\/wp-json\/wp\/v2\/product_brand?post=740527"},{"taxonomy":"product_cat","embeddable":true,"href":"https:\/\/roveyayinevi.com.tr\/index.php\/wp-json\/wp\/v2\/product_cat?post=740527"},{"taxonomy":"product_tag","embeddable":true,"href":"https:\/\/roveyayinevi.com.tr\/index.php\/wp-json\/wp\/v2\/product_tag?post=740527"}],"curies":[{"name":"wp","href":"https:\/\/api.w.org\/{rel}","templated":true}]}}