{"id":740524,"date":"2025-08-28T00:28:57","date_gmt":"2025-08-27T21:28:57","guid":{"rendered":"https:\/\/roveyayinevi.com.tr\/index.php\/urun\/hilda\/"},"modified":"2026-04-16T02:51:22","modified_gmt":"2026-04-15T23:51:22","slug":"hilda","status":"publish","type":"product","link":"https:\/\/roveyayinevi.com.tr\/index.php\/urun\/hilda\/","title":{"rendered":"Hilda"},"content":{"rendered":"<p>Hilda, \u2018a\u015fk yuvam\u2019 dedi\u011fi evinin mutfa\u011f\u0131na ad\u0131m\u0131n\u0131 att\u0131\u011f\u0131nda y\u00fcz\u00fcne dev bir yumruk indi. Sonra bir yumruk daha\u2026 \u0130kinci darbenin \u015fiddetine dayanamay\u0131nca yere y\u0131\u011f\u0131ld\u0131. Kocaman bir sar\u0131lma ve g\u00fcnayd\u0131n \u00f6p\u00fcc\u00fc\u011f\u00fc alma hayaliyle girdi\u011fi mutfakta kocas\u0131 onu d\u00f6v\u00fcyordu. Ya\u015fad\u0131\u011f\u0131 duruma inanmas\u0131 m\u00fcmk\u00fcn de\u011fildi. \u0130nanmad\u0131 da\u2026 Ne ka\u00e7maya ne y\u00fcz\u00fcn\u00fc kapat\u0131p kendini savunmaya \u00e7al\u0131\u015f\u0131yor, y\u0131\u011f\u0131l\u0131p kald\u0131\u011f\u0131 yerde, \u00f6ylece bak\u0131yordu. Birdenbire sa\u00e7lar\u0131n\u0131 ense k\u00f6k\u00fcnden tutup, y\u00fcz\u00fcn\u00fc kendisine \u00e7eken kocas\u0131n\u0131n g\u00f6zleriyle kar\u015f\u0131 kar\u015f\u0131ya geldi. Sa\u00e7lar\u0131n\u0131 \u00f6pen adam m\u0131yd\u0131 bu? \u201cSa\u00e7\u0131n\u0131n teline zarar gelse d\u00fcnyay\u0131 y\u0131kar\u0131m,\u201d diyen adam m\u0131yd\u0131 ona ac\u0131mas\u0131zca bakan. &#8220;Seni o gazetelerdeki kad\u0131nlar gibi \u00f6ld\u00fcrece\u011fim,\u201d dedi Nihat. \u201cAma \u00fcz\u00fclme! Seni man\u015fet yaparlar bu g\u00fczellikle. \u00dc\u00e7\u00fcnc\u00fc sayfada iki s\u00fctunla harcanmazs\u0131n.\u201d Nil Kuyumcu\u2019nun kaleminden Hilda, kad\u0131na \u015fiddete kar\u015f\u0131 verilen bir m\u00fccadeleyi anlat\u0131rken, kamuoyunda \u2018kravat indirimi\u2019 olarak bilinen \u2018iyi hal indirimini\u2019 ele\u015ftiriyor. \u2018Katiller kravat takmaz\u2019 slogan\u0131yla \u00e7\u0131k\u0131lan bir yolda toplum, medya, hatta \u015fiddet yanl\u0131s\u0131 bir erke\u011fi yeti\u015ftiren kad\u0131nlar da farkl\u0131 bir a\u00e7\u0131dan de\u011ferlendiriliyor. Hilda karakteri \u00fczerinden, toplumda \u2018m\u00fckemmel\u2019 g\u00f6z\u00fcken r\u00fcya gibi bir evlili\u011fin kabus; \u2018do\u011fru adam\u0131n\u2019 ise potansiyel bir katil olma ihtimali sorgulan\u0131yor. \u2018A\u015fk, kap\u0131n\u0131z\u0131 \u00e7ald\u0131\u011f\u0131nda hemen a\u00e7may\u0131n! Birlikte oldu\u011funuz erke\u011fin sat\u0131r aralar\u0131n\u0131 iyi okuyun\u2019 \u00e7a\u011fr\u0131s\u0131 yapan romanda, Hilda\u2019n\u0131n verdi\u011fi hukuk m\u00fccadelesi anlat\u0131l\u0131yor.   <\/p>\n","protected":false},"excerpt":{"rendered":"<p>Hilda, \u2018a\u015fk yuvam\u2019 dedi\u011fi evinin mutfa\u011f\u0131na ad\u0131m\u0131n\u0131 att\u0131\u011f\u0131nda y\u00fcz\u00fcne dev bir yumruk indi. Sonra bir yumruk daha\u2026 \u0130kinci darbenin \u015fiddetine dayanamay\u0131nca yere y\u0131\u011f\u0131ld\u0131. Kocaman bir sar\u0131lma<span class=\"excerpt-hellip\"> [\u2026]<\/span><\/p>\n","protected":false},"featured_media":0,"template":"","meta":{"_monsterinsights_skip_tracking":false,"_monsterinsights_sitenote_active":false,"_monsterinsights_sitenote_note":"","_monsterinsights_sitenote_category":0},"product_brand":[],"product_cat":[12291,12711],"product_tag":[],"class_list":{"0":"post-740524","1":"product","2":"type-product","3":"status-publish","5":"product_cat-edebiyat","6":"product_cat-roman-oyku","7":"pa_cilt-ciltsiz","8":"pa_tur-kitap","9":"pa_yayinevi-myrina-yayinlari","10":"pa_yazar-nil-kuyumcu","12":"first","13":"instock","14":"sale","15":"shipping-taxable","16":"purchasable","17":"product-type-simple"},"_links":{"self":[{"href":"https:\/\/roveyayinevi.com.tr\/index.php\/wp-json\/wp\/v2\/product\/740524","targetHints":{"allow":["GET"]}}],"collection":[{"href":"https:\/\/roveyayinevi.com.tr\/index.php\/wp-json\/wp\/v2\/product"}],"about":[{"href":"https:\/\/roveyayinevi.com.tr\/index.php\/wp-json\/wp\/v2\/types\/product"}],"wp:attachment":[{"href":"https:\/\/roveyayinevi.com.tr\/index.php\/wp-json\/wp\/v2\/media?parent=740524"}],"wp:term":[{"taxonomy":"product_brand","embeddable":true,"href":"https:\/\/roveyayinevi.com.tr\/index.php\/wp-json\/wp\/v2\/product_brand?post=740524"},{"taxonomy":"product_cat","embeddable":true,"href":"https:\/\/roveyayinevi.com.tr\/index.php\/wp-json\/wp\/v2\/product_cat?post=740524"},{"taxonomy":"product_tag","embeddable":true,"href":"https:\/\/roveyayinevi.com.tr\/index.php\/wp-json\/wp\/v2\/product_tag?post=740524"}],"curies":[{"name":"wp","href":"https:\/\/api.w.org\/{rel}","templated":true}]}}