{"id":740516,"date":"2025-08-28T00:28:48","date_gmt":"2025-08-27T21:28:48","guid":{"rendered":"https:\/\/roveyayinevi.com.tr\/index.php\/urun\/gokkusagini-kovalayan-kedi\/"},"modified":"2026-04-16T02:51:22","modified_gmt":"2026-04-15T23:51:22","slug":"gokkusagini-kovalayan-kedi","status":"publish","type":"product","link":"https:\/\/roveyayinevi.com.tr\/index.php\/urun\/gokkusagini-kovalayan-kedi\/","title":{"rendered":"G\u00f6kku\u015fa\u011f\u0131n\u0131 Kovalayan Kedi"},"content":{"rendered":"<p>Ne kadar ko\u015farsan ko\u015f, g\u00f6kku\u015fa\u011f\u0131n\u0131 yakalayabilir misin? Ge\u00e7ebilir misin alt\u0131ndan, o reng\u00e2renk g\u00f6ksel k\u00f6pr\u00fcn\u00fcn? M\u00fch\u00fcr kapkara bir kedidir ve halinden hi\u00e7 ho\u015fnut de\u011fildir. G\u00f6kku\u015fa\u011f\u0131n\u0131n alt\u0131ndan ge\u00e7meyi hayal eder. Bunu ba\u015farabilirse, renginin de\u011fi\u015fece\u011fini san\u0131r. Bir ya\u011fmur sonras\u0131 beliren g\u00f6kku\u015fa\u011f\u0131, sanki onun hayallerini ger\u00e7ekle\u015ftirmek i\u00e7in \u00e7\u0131km\u0131\u015ft\u0131r ortaya. M\u00fch\u00fcr sevin\u00e7le ko\u015fmaya ba\u015flar. Ko\u015far ko\u015far ko\u015far\u2026 Ve ba\u015f\u0131na neler gelir neler!  Filiz \u00d6zdem, \u201cG\u00f6kku\u015fa\u011f\u0131n\u0131 Kovalayan Kedi\u201dde, hayata yeni pencereler aralayan bir hik\u00e2ye anlat\u0131yor yine. Kendini sevmeyen, be\u011fenmeyen ve rengi de\u011fi\u015firse hayat\u0131n\u0131n de\u011fi\u015fece\u011fini sanan M\u00fch\u00fcr\u2019\u00fcn e\u011flenceli bir dille yaz\u0131lm\u0131\u015f hik\u00e2yesine Se\u00e7il \u00c7okan\u2019\u0131n renkli resimleri e\u015flik ediyor.<\/p>\n","protected":false},"excerpt":{"rendered":"<p>Ne kadar ko\u015farsan ko\u015f, g\u00f6kku\u015fa\u011f\u0131n\u0131 yakalayabilir misin? Ge\u00e7ebilir misin alt\u0131ndan, o reng\u00e2renk g\u00f6ksel k\u00f6pr\u00fcn\u00fcn? M\u00fch\u00fcr kapkara bir kedidir ve halinden hi\u00e7 ho\u015fnut de\u011fildir. G\u00f6kku\u015fa\u011f\u0131n\u0131n alt\u0131ndan ge\u00e7meyi<span class=\"excerpt-hellip\"> [\u2026]<\/span><\/p>\n","protected":false},"featured_media":0,"template":"","meta":{"_monsterinsights_skip_tracking":false,"_monsterinsights_sitenote_active":false,"_monsterinsights_sitenote_note":"","_monsterinsights_sitenote_category":0},"product_brand":[],"product_cat":[12913,12274],"product_tag":[],"class_list":{"0":"post-740516","1":"product","2":"type-product","3":"status-publish","5":"product_cat-3-6-yas-kitaplari","6":"product_cat-cocuk-ve-genclik-kitaplari","7":"pa_cilt-ciltsiz","8":"pa_tur-kitap","9":"pa_yayinevi-yapi-kredi-yayinlari","10":"pa_yazar-filiz-ozdem","12":"first","13":"instock","14":"sale","15":"shipping-taxable","16":"purchasable","17":"product-type-simple"},"_links":{"self":[{"href":"https:\/\/roveyayinevi.com.tr\/index.php\/wp-json\/wp\/v2\/product\/740516","targetHints":{"allow":["GET"]}}],"collection":[{"href":"https:\/\/roveyayinevi.com.tr\/index.php\/wp-json\/wp\/v2\/product"}],"about":[{"href":"https:\/\/roveyayinevi.com.tr\/index.php\/wp-json\/wp\/v2\/types\/product"}],"wp:attachment":[{"href":"https:\/\/roveyayinevi.com.tr\/index.php\/wp-json\/wp\/v2\/media?parent=740516"}],"wp:term":[{"taxonomy":"product_brand","embeddable":true,"href":"https:\/\/roveyayinevi.com.tr\/index.php\/wp-json\/wp\/v2\/product_brand?post=740516"},{"taxonomy":"product_cat","embeddable":true,"href":"https:\/\/roveyayinevi.com.tr\/index.php\/wp-json\/wp\/v2\/product_cat?post=740516"},{"taxonomy":"product_tag","embeddable":true,"href":"https:\/\/roveyayinevi.com.tr\/index.php\/wp-json\/wp\/v2\/product_tag?post=740516"}],"curies":[{"name":"wp","href":"https:\/\/api.w.org\/{rel}","templated":true}]}}