{"id":740508,"date":"2025-08-28T00:28:37","date_gmt":"2025-08-27T21:28:37","guid":{"rendered":"https:\/\/roveyayinevi.com.tr\/index.php\/urun\/tedavi-harikalari\/"},"modified":"2026-04-16T02:51:21","modified_gmt":"2026-04-15T23:51:21","slug":"tedavi-harikalari","status":"publish","type":"product","link":"https:\/\/roveyayinevi.com.tr\/index.php\/urun\/tedavi-harikalari\/","title":{"rendered":"Tedavi Harikalar\u0131"},"content":{"rendered":"<p>\u201cBilim bir\u00e7ok \u015feydir. Y\u00f6ntemdir, yolculuktur, iktidara giden yoldur, bir bilgi y\u0131\u011f\u0131n\u0131d\u0131r, okulda sevdi\u011finiz veya nefret etti\u011finiz bir \u015fey, sonsuz say\u0131da par\u00e7alardan olu\u015fan bir yapboz, hem yiyecek hem bombalar \u00fcretmi\u015f, iyilik ve k\u00f6t\u00fcl\u00fck yaratan bir g\u00fc\u00e7t\u00fcr.\u201d   Gece uyumak neden \u00f6nemlidir? Barsak bakterilerinin sadece yediklerimizle de\u011fil, ya\u015fad\u0131\u011f\u0131m\u0131z co\u011frafyayla da ilgisi var m\u0131 sahiden? Peki ya kanser? Ya\u015flanmaya kar\u015f\u0131 bir savunma olarak ortaya \u00e7\u0131km\u0131\u015f olabilir mi? Ba\u011f\u0131\u015f\u0131kl\u0131k sistemimiz do\u011fan\u0131n mucizeleriden biridir ve sa\u011fl\u0131\u011f\u0131m\u0131z\u0131n anahtar\u0131n\u0131 elinde tutar.   \u0130mm\u00fcnolog Daniel Davis ba\u011f\u0131\u015f\u0131kl\u0131\u011f\u0131n nas\u0131l i\u015fledi\u011fi, nelerden etkilendi\u011fi ve modern t\u0131bba nas\u0131l ilham verdi\u011fi konusundaki y\u00fcz y\u0131l\u0131 a\u015fk\u0131n \u00f6zverili \u00e7abalar\u0131n ve k\u00e2h hayal k\u0131r\u0131kl\u0131\u011f\u0131yla ba\u015f etmek zorunda kalan, k\u00e2h \u00f6d\u00fcllendirilen ama hi\u00e7 vazge\u00e7meyen bilim insanlar\u0131n\u0131n s\u00fcr\u00fckleyici hik\u00e2yelerini anlat\u0131yor.   \u201cMuhte\u015fem&#8230; Bizi ba\u011f\u0131\u015f\u0131kl\u0131k sistemimizin i\u00e7indeki \u015fa\u015f\u0131rt\u0131c\u0131 \u00f6l\u00e7\u00fcde ak\u0131ll\u0131 ve g\u00fczel d\u00fcnyayla tan\u0131\u015ft\u0131r\u0131yor.\u201d Stephen Fry \u201cKolay anla\u015f\u0131l\u0131r ve e\u011flenceli. Davis insan hik\u00e2yelerini bilimsel hik\u00e2yelerle birlikte, ustal\u0131kla dokuyor.\u201d The Times <\/p>\n","protected":false},"excerpt":{"rendered":"<p>\u201cBilim bir\u00e7ok \u015feydir. Y\u00f6ntemdir, yolculuktur, iktidara giden yoldur, bir bilgi y\u0131\u011f\u0131n\u0131d\u0131r, okulda sevdi\u011finiz veya nefret etti\u011finiz bir \u015fey, sonsuz say\u0131da par\u00e7alardan olu\u015fan bir yapboz, hem yiyecek<span class=\"excerpt-hellip\"> [\u2026]<\/span><\/p>\n","protected":false},"featured_media":0,"template":"","meta":{"_monsterinsights_skip_tracking":false,"_monsterinsights_sitenote_active":false,"_monsterinsights_sitenote_note":"","_monsterinsights_sitenote_category":0},"product_brand":[],"product_cat":[13366,13365],"product_tag":[],"class_list":{"0":"post-740508","1":"product","2":"type-product","3":"status-publish","5":"product_cat-diger-saglik","6":"product_cat-saglik","7":"pa_cilt-ciltsiz","8":"pa_tur-kitap","9":"pa_yayinevi-yapi-kredi-yayinlari","10":"pa_yazar-daniel-m-davis","12":"first","13":"instock","14":"sale","15":"shipping-taxable","16":"purchasable","17":"product-type-simple"},"_links":{"self":[{"href":"https:\/\/roveyayinevi.com.tr\/index.php\/wp-json\/wp\/v2\/product\/740508","targetHints":{"allow":["GET"]}}],"collection":[{"href":"https:\/\/roveyayinevi.com.tr\/index.php\/wp-json\/wp\/v2\/product"}],"about":[{"href":"https:\/\/roveyayinevi.com.tr\/index.php\/wp-json\/wp\/v2\/types\/product"}],"wp:attachment":[{"href":"https:\/\/roveyayinevi.com.tr\/index.php\/wp-json\/wp\/v2\/media?parent=740508"}],"wp:term":[{"taxonomy":"product_brand","embeddable":true,"href":"https:\/\/roveyayinevi.com.tr\/index.php\/wp-json\/wp\/v2\/product_brand?post=740508"},{"taxonomy":"product_cat","embeddable":true,"href":"https:\/\/roveyayinevi.com.tr\/index.php\/wp-json\/wp\/v2\/product_cat?post=740508"},{"taxonomy":"product_tag","embeddable":true,"href":"https:\/\/roveyayinevi.com.tr\/index.php\/wp-json\/wp\/v2\/product_tag?post=740508"}],"curies":[{"name":"wp","href":"https:\/\/api.w.org\/{rel}","templated":true}]}}