{"id":740497,"date":"2025-08-28T00:28:21","date_gmt":"2025-08-27T21:28:21","guid":{"rendered":"https:\/\/roveyayinevi.com.tr\/index.php\/urun\/katherine-mansfield-bahcede-parti-everest-acikhava-20\/"},"modified":"2026-04-16T02:51:21","modified_gmt":"2026-04-15T23:51:21","slug":"katherine-mansfield-bahcede-parti-everest-acikhava-20","status":"publish","type":"product","link":"https:\/\/roveyayinevi.com.tr\/index.php\/urun\/katherine-mansfield-bahcede-parti-everest-acikhava-20\/","title":{"rendered":"Katherine Mansfield: Bah\u00e7ede Parti &#8211; Everest A\u00e7\u0131khava 20"},"content":{"rendered":"<p>Modern \u00f6yk\u00fcc\u00fcl\u00fc\u011f\u00fcn \u00f6nc\u00fc isimlerinden Katherine Mansfield(1881-1923), Anton \u00c7ehov\u2019u hat\u0131rlatan hassas g\u00f6zlem yetene\u011fiyle karakterlerin ortaya \u00e7\u0131kt\u0131\u011f\u0131 durumlar\u0131 yakalar; psikolojik \u00e7at\u0131\u015fmalar\u0131 da incelikli ayr\u0131nt\u0131larla ortaya koyar. Bu kitap i\u00e7in Mansfield\u2019\u0131n deneyimlerinden yola \u00e7\u0131karak kaleme ald\u0131\u011f\u0131, \u00fcst s\u0131n\u0131f insanlar\u0131n hayat\u0131ndan bir kesit sunan \u201cBah\u00e7ede Parti\u201d ve yine s\u0131n\u0131f \u00e7at\u0131\u015fmas\u0131n\u0131 ba\u015far\u0131l\u0131 bir bi\u00e7imde i\u015fledi\u011fi \u201c\u00d6l\u00fc Albay\u0131n K\u0131zlar\u0131\u201d ba\u015fl\u0131kl\u0131 \u00f6yk\u00fclerini se\u00e7tik: Hem yazar\u0131 tan\u0131mak hem de yeniden okuma keyfini tatmak isteyenler i\u00e7in. <\/p>\n","protected":false},"excerpt":{"rendered":"<p>Modern \u00f6yk\u00fcc\u00fcl\u00fc\u011f\u00fcn \u00f6nc\u00fc isimlerinden Katherine Mansfield(1881-1923), Anton \u00c7ehov\u2019u hat\u0131rlatan hassas g\u00f6zlem yetene\u011fiyle karakterlerin ortaya \u00e7\u0131kt\u0131\u011f\u0131 durumlar\u0131 yakalar; psikolojik \u00e7at\u0131\u015fmalar\u0131 da incelikli ayr\u0131nt\u0131larla ortaya koyar. Bu kitap<span class=\"excerpt-hellip\"> [\u2026]<\/span><\/p>\n","protected":false},"featured_media":0,"template":"","meta":{"_monsterinsights_skip_tracking":false,"_monsterinsights_sitenote_active":false,"_monsterinsights_sitenote_note":"","_monsterinsights_sitenote_category":0},"product_brand":[],"product_cat":[12291,12711],"product_tag":[],"class_list":{"0":"post-740497","1":"product","2":"type-product","3":"status-publish","5":"product_cat-edebiyat","6":"product_cat-roman-oyku","7":"pa_cilt-ciltsiz","8":"pa_tur-kitap","9":"pa_yayinevi-everest-yayinlari","10":"pa_yazar-kolektif","12":"first","13":"instock","14":"sale","15":"shipping-taxable","16":"purchasable","17":"product-type-simple"},"_links":{"self":[{"href":"https:\/\/roveyayinevi.com.tr\/index.php\/wp-json\/wp\/v2\/product\/740497","targetHints":{"allow":["GET"]}}],"collection":[{"href":"https:\/\/roveyayinevi.com.tr\/index.php\/wp-json\/wp\/v2\/product"}],"about":[{"href":"https:\/\/roveyayinevi.com.tr\/index.php\/wp-json\/wp\/v2\/types\/product"}],"wp:attachment":[{"href":"https:\/\/roveyayinevi.com.tr\/index.php\/wp-json\/wp\/v2\/media?parent=740497"}],"wp:term":[{"taxonomy":"product_brand","embeddable":true,"href":"https:\/\/roveyayinevi.com.tr\/index.php\/wp-json\/wp\/v2\/product_brand?post=740497"},{"taxonomy":"product_cat","embeddable":true,"href":"https:\/\/roveyayinevi.com.tr\/index.php\/wp-json\/wp\/v2\/product_cat?post=740497"},{"taxonomy":"product_tag","embeddable":true,"href":"https:\/\/roveyayinevi.com.tr\/index.php\/wp-json\/wp\/v2\/product_tag?post=740497"}],"curies":[{"name":"wp","href":"https:\/\/api.w.org\/{rel}","templated":true}]}}