{"id":740491,"date":"2025-08-28T00:28:14","date_gmt":"2025-08-27T21:28:14","guid":{"rendered":"https:\/\/roveyayinevi.com.tr\/index.php\/urun\/kar-panteri\/"},"modified":"2026-04-16T02:51:20","modified_gmt":"2026-04-15T23:51:20","slug":"kar-panteri","status":"publish","type":"product","link":"https:\/\/roveyayinevi.com.tr\/index.php\/urun\/kar-panteri\/","title":{"rendered":"Kar Panteri"},"content":{"rendered":"<p>G\u00fcn\u00fcm\u00fcz\u00fcn en me\u015fhur hayvan foto\u011fraf\u00e7\u0131lar\u0131ndan Vincent Munier, yery\u00fcz\u00fcn\u00fcn zorlu co\u011frafyalar\u0131n\u0131 dola\u015fmakla hayat\u0131n\u0131 ge\u00e7irmi\u015f, macerac\u0131 ve yazar Sylvain Tesson\u2019a Tibet\u2019e birlikte gitmeyi teklif eder; nadiren g\u00f6r\u00fclebilen kar panterinin foto\u011fraf\u0131n\u0131 \u00e7ekecektir. D\u00f6rt ki\u015fi yola \u00e7\u0131karlar. Tibet\u2019in y\u00fcksek platolar\u0131nda, 3000-5000 metrelik da\u011flarda, dondurucu so\u011fukta, gelip gelmeyece\u011fi me\u00e7hul bir hayvan\u0131 g\u00f6rebilmek i\u00e7in, stoik bir sab\u0131rla, uyan\u0131k bir k\u0131\u015f uykusuna yatarlar. Budist ke\u015fi\u015flerin, tilkilerin, yaban e\u015feklerinin, kurtlar\u0131n, yak s\u00fcr\u00fclerinin, mavi ke\u00e7ilerin, porsuklar\u0131n, y\u0131rt\u0131c\u0131 ku\u015flar\u0131n gelip ge\u00e7ti\u011fi bu sahne, engin sessizlik, uzun bekleyi\u015fler, \u201csabr\u0131n y\u00fcce bir erdem; en zarif ve en unutulmu\u015f erdem oldu\u011funu \u00f6\u011fretir\u201d Tesson\u2019a. Yazar\u0131n g\u00f6zlemleri, ince bir felsefeyle, zengin g\u00f6ndermelerle \u00f6r\u00fcl\u00fc bir anlat\u0131ya d\u00f6n\u00fc\u015f\u00fcyor. G\u00fczelli\u011fin ve varolu\u015fun anlam\u0131, Tanr\u0131 inanc\u0131, evrim ve hayat d\u00f6ng\u00fcs\u00fc, insanl\u0131\u011f\u0131n ilerleme tutkusuna dair d\u00fc\u015f\u00fcnceler ve Tibet da\u011flar\u0131n\u0131n atmosferi dolamba\u00e7s\u0131z, etkili bir \u00fcslupla okura ula\u015f\u0131yor. \u201cMunier karasal ve bar\u0131\u015f\u00e7\u0131l bi\u00e7imiyle \u201cMoby Dick sendromu\u201dndan mustaripti. Balina yerine bir panter ar\u0131yordu ve z\u0131pk\u0131nlamak yerine onun foto\u011fraf\u0131n\u0131 \u00e7ekmek istiyordu. Ama Herman Melville\u2019in kahraman\u0131yla ayn\u0131 ate\u015fte yan\u0131yordu.\u201d<\/p>\n","protected":false},"excerpt":{"rendered":"<p>G\u00fcn\u00fcm\u00fcz\u00fcn en me\u015fhur hayvan foto\u011fraf\u00e7\u0131lar\u0131ndan Vincent Munier, yery\u00fcz\u00fcn\u00fcn zorlu co\u011frafyalar\u0131n\u0131 dola\u015fmakla hayat\u0131n\u0131 ge\u00e7irmi\u015f, macerac\u0131 ve yazar Sylvain Tesson\u2019a Tibet\u2019e birlikte gitmeyi teklif eder; nadiren g\u00f6r\u00fclebilen kar<span class=\"excerpt-hellip\"> [\u2026]<\/span><\/p>\n","protected":false},"featured_media":0,"template":"","meta":{"_monsterinsights_skip_tracking":false,"_monsterinsights_sitenote_active":false,"_monsterinsights_sitenote_note":"","_monsterinsights_sitenote_category":0},"product_brand":[],"product_cat":[12291,12711],"product_tag":[],"class_list":{"0":"post-740491","1":"product","2":"type-product","3":"status-publish","5":"product_cat-edebiyat","6":"product_cat-roman-oyku","7":"pa_cilt-ciltsiz","8":"pa_tur-kitap","9":"pa_yayinevi-kirmizi-kedi-yayinevi","10":"pa_yazar-sylvain-tesson","12":"first","13":"instock","14":"sale","15":"shipping-taxable","16":"purchasable","17":"product-type-simple"},"_links":{"self":[{"href":"https:\/\/roveyayinevi.com.tr\/index.php\/wp-json\/wp\/v2\/product\/740491","targetHints":{"allow":["GET"]}}],"collection":[{"href":"https:\/\/roveyayinevi.com.tr\/index.php\/wp-json\/wp\/v2\/product"}],"about":[{"href":"https:\/\/roveyayinevi.com.tr\/index.php\/wp-json\/wp\/v2\/types\/product"}],"wp:attachment":[{"href":"https:\/\/roveyayinevi.com.tr\/index.php\/wp-json\/wp\/v2\/media?parent=740491"}],"wp:term":[{"taxonomy":"product_brand","embeddable":true,"href":"https:\/\/roveyayinevi.com.tr\/index.php\/wp-json\/wp\/v2\/product_brand?post=740491"},{"taxonomy":"product_cat","embeddable":true,"href":"https:\/\/roveyayinevi.com.tr\/index.php\/wp-json\/wp\/v2\/product_cat?post=740491"},{"taxonomy":"product_tag","embeddable":true,"href":"https:\/\/roveyayinevi.com.tr\/index.php\/wp-json\/wp\/v2\/product_tag?post=740491"}],"curies":[{"name":"wp","href":"https:\/\/api.w.org\/{rel}","templated":true}]}}