{"id":740474,"date":"2025-08-28T00:27:49","date_gmt":"2025-08-27T21:27:49","guid":{"rendered":"https:\/\/roveyayinevi.com.tr\/index.php\/urun\/donence-agitlari\/"},"modified":"2026-04-16T02:51:19","modified_gmt":"2026-04-15T23:51:19","slug":"donence-agitlari","status":"publish","type":"product","link":"https:\/\/roveyayinevi.com.tr\/index.php\/urun\/donence-agitlari\/","title":{"rendered":"D\u00f6nence A\u011f\u0131tlar\u0131"},"content":{"rendered":"<p>\u0130hanet kirlenmi\u015f bedenidir \u00f6l\u00fcm\u00fcn; kollar\u0131nda kendine yak\u0131\u015ft\u0131ramad\u0131\u011f\u0131n bir orospu gibi kalakal\u0131r, \u00e7i\u00e7ek bozu\u011fu bir d\u00fc\u015f\u00fcn oyuklar\u0131ndan i\u00e7me\u011fe zorland\u0131\u011f\u0131n su gibidir, hayat kurutur. Kulaklar\u0131ndan dolar so\u011fuk esintisi, beyninde \u00e7arp\u0131\u015farak h\u0131z\u0131n\u0131 artt\u0131ran korku \u00e7\u0131\u011fl\u0131klar\u0131 ergin bo\u011faz\u0131ndan f\u0131rlad\u0131k\u00e7a yank\u0131s\u0131ndan delik de\u015fik olur g\u00f6vden. Metal bir bo\u015fluk san\u0131rs\u0131n kendini: s\u00f6zler durmaz i\u00e7inde, gen\u00e7li\u011fin t\u00fcter durur s\u0131rr\u0131 kaz\u0131nm\u0131\u015f bak\u0131\u015flardaki \u00e7akallara at\u0131lan ete d\u00f6n\u00fc\u015fm\u00fc\u015f y\u00fcre\u011fiyle. Bir \u00e7ocuk iken yitiktir bedenin, cesedine hal\u00e2 s\u0131cak bir elle dokunabilirsin oysa. Anlayamazs\u0131n halini;  yar\u0131m s\u0131r\u0131t\u0131\u015f\u0131yla ihanetin eri\u015femedi\u011fi bir b\u00f6l\u00fcm\u00fcn kalm\u0131\u015ft\u0131r, zamanla ayr\u0131msad\u0131\u011f\u0131nda masum ezgilerin titre\u015ftirdi\u011fi yapraklarla donan\u0131rs\u0131n. Sevginin s\u0131cak, yal\u0131n\u00e7 kozas\u0131nda binlerce d\u00fc\u015f \u0131\u015f\u0131\u011f\u0131 dolu\u015fur g\u00f6zbebeklerine \u00fcst ger\u00e7eklerini inan\u0131l\u0131r k\u0131lacak olan! <\/p>\n","protected":false},"excerpt":{"rendered":"<p>\u0130hanet kirlenmi\u015f bedenidir \u00f6l\u00fcm\u00fcn; kollar\u0131nda kendine yak\u0131\u015ft\u0131ramad\u0131\u011f\u0131n bir orospu gibi kalakal\u0131r, \u00e7i\u00e7ek bozu\u011fu bir d\u00fc\u015f\u00fcn oyuklar\u0131ndan i\u00e7me\u011fe zorland\u0131\u011f\u0131n su gibidir, hayat kurutur. Kulaklar\u0131ndan dolar so\u011fuk esintisi,<span class=\"excerpt-hellip\"> [\u2026]<\/span><\/p>\n","protected":false},"featured_media":0,"template":"","meta":{"_monsterinsights_skip_tracking":false,"_monsterinsights_sitenote_active":false,"_monsterinsights_sitenote_note":"","_monsterinsights_sitenote_category":0},"product_brand":[],"product_cat":[12777,12291],"product_tag":[],"class_list":{"0":"post-740474","1":"product","2":"type-product","3":"status-publish","5":"product_cat-deneme","6":"product_cat-edebiyat","7":"pa_cilt-ciltsiz","8":"pa_tur-kitap","9":"pa_yayinevi-sinirsiz-kitap","10":"pa_yazar-tolga-ersoy","12":"first","13":"instock","14":"sale","15":"shipping-taxable","16":"purchasable","17":"product-type-simple"},"_links":{"self":[{"href":"https:\/\/roveyayinevi.com.tr\/index.php\/wp-json\/wp\/v2\/product\/740474","targetHints":{"allow":["GET"]}}],"collection":[{"href":"https:\/\/roveyayinevi.com.tr\/index.php\/wp-json\/wp\/v2\/product"}],"about":[{"href":"https:\/\/roveyayinevi.com.tr\/index.php\/wp-json\/wp\/v2\/types\/product"}],"wp:attachment":[{"href":"https:\/\/roveyayinevi.com.tr\/index.php\/wp-json\/wp\/v2\/media?parent=740474"}],"wp:term":[{"taxonomy":"product_brand","embeddable":true,"href":"https:\/\/roveyayinevi.com.tr\/index.php\/wp-json\/wp\/v2\/product_brand?post=740474"},{"taxonomy":"product_cat","embeddable":true,"href":"https:\/\/roveyayinevi.com.tr\/index.php\/wp-json\/wp\/v2\/product_cat?post=740474"},{"taxonomy":"product_tag","embeddable":true,"href":"https:\/\/roveyayinevi.com.tr\/index.php\/wp-json\/wp\/v2\/product_tag?post=740474"}],"curies":[{"name":"wp","href":"https:\/\/api.w.org\/{rel}","templated":true}]}}