{"id":740449,"date":"2025-08-28T00:27:16","date_gmt":"2025-08-27T21:27:16","guid":{"rendered":"https:\/\/roveyayinevi.com.tr\/index.php\/urun\/davet-sofralari\/"},"modified":"2026-04-16T02:51:18","modified_gmt":"2026-04-15T23:51:18","slug":"davet-sofralari","status":"publish","type":"product","link":"https:\/\/roveyayinevi.com.tr\/index.php\/urun\/davet-sofralari\/","title":{"rendered":"Davet Sofralar\u0131"},"content":{"rendered":"<p>Davet Sofralar\u0131 Kitap A\u00e7\u0131klamas\u0131\u2018Davet Sofralar\u0131\u2019 kitab\u0131nda evde verilecek olan davetlerde yap\u0131labilir pratik, lezzetli ve birbiriyle uyumlu tarifler yer al\u0131yor. Kitapta, her ay i\u00e7in 10 farkl\u0131 sebze, meyve ve et yemeklerinden olu\u015fan bir yemekli davet men\u00fcs\u00fc bulunuyor. Her mevsimde raflarda yer alan taze sebzelere g\u00f6re haz\u0131rlanan men\u00fcler, yemeklerin birbiriyle uyumunun yan\u0131 s\u0131ra, dengeli beslenme esaslar\u0131 da g\u00f6zetilerek yaz\u0131lm\u0131\u015f. T\u00fcm men\u00fcler; 1 \u00e7orba, 4-5 so\u011fuk meze, 1 s\u0131cak meze, 1 ana yemek + yan yemek ve son olarak da tatl\u0131 servisi i\u00e7eriyor. \u00d6zellikle yeni evli \u00e7iftlerin ve evinde misafir a\u011f\u0131rlamaya al\u0131\u015f\u0131k olmayanlar\u0131n yard\u0131m\u0131na yeti\u015fecek olan \u2018Davet Sofralar\u0131\u2019; uyumlu, pratik men\u00fcler sunarken ayn\u0131 zamanda farkl\u0131 masa d\u00fczenleriyle de okuyucuya ilham vermeyi hedefliyor. <\/p>\n","protected":false},"excerpt":{"rendered":"<p>Davet Sofralar\u0131 Kitap A\u00e7\u0131klamas\u0131\u2018Davet Sofralar\u0131\u2019 kitab\u0131nda evde verilecek olan davetlerde yap\u0131labilir pratik, lezzetli ve birbiriyle uyumlu tarifler yer al\u0131yor. Kitapta, her ay i\u00e7in 10 farkl\u0131 sebze,<span class=\"excerpt-hellip\"> [\u2026]<\/span><\/p>\n","protected":false},"featured_media":0,"template":"","meta":{"_monsterinsights_skip_tracking":false,"_monsterinsights_sitenote_active":false,"_monsterinsights_sitenote_note":"","_monsterinsights_sitenote_category":0},"product_brand":[],"product_cat":[12458,12457],"product_tag":[],"class_list":{"0":"post-740449","1":"product","2":"type-product","3":"status-publish","5":"product_cat-turk-mutfagi","6":"product_cat-yemek-kitaplari","7":"pa_cilt-ciltsiz","8":"pa_tur-kitap","9":"pa_yayinevi-dogan-solibri-yayinlari","10":"pa_yazar-zeynep-koksal-yaykiran","12":"first","13":"instock","14":"sale","15":"shipping-taxable","16":"purchasable","17":"product-type-simple"},"_links":{"self":[{"href":"https:\/\/roveyayinevi.com.tr\/index.php\/wp-json\/wp\/v2\/product\/740449","targetHints":{"allow":["GET"]}}],"collection":[{"href":"https:\/\/roveyayinevi.com.tr\/index.php\/wp-json\/wp\/v2\/product"}],"about":[{"href":"https:\/\/roveyayinevi.com.tr\/index.php\/wp-json\/wp\/v2\/types\/product"}],"wp:attachment":[{"href":"https:\/\/roveyayinevi.com.tr\/index.php\/wp-json\/wp\/v2\/media?parent=740449"}],"wp:term":[{"taxonomy":"product_brand","embeddable":true,"href":"https:\/\/roveyayinevi.com.tr\/index.php\/wp-json\/wp\/v2\/product_brand?post=740449"},{"taxonomy":"product_cat","embeddable":true,"href":"https:\/\/roveyayinevi.com.tr\/index.php\/wp-json\/wp\/v2\/product_cat?post=740449"},{"taxonomy":"product_tag","embeddable":true,"href":"https:\/\/roveyayinevi.com.tr\/index.php\/wp-json\/wp\/v2\/product_tag?post=740449"}],"curies":[{"name":"wp","href":"https:\/\/api.w.org\/{rel}","templated":true}]}}