{"id":740439,"date":"2025-08-28T00:27:02","date_gmt":"2025-08-27T21:27:02","guid":{"rendered":"https:\/\/roveyayinevi.com.tr\/index.php\/urun\/bin-gonul-iki-sevda\/"},"modified":"2026-04-16T02:51:17","modified_gmt":"2026-04-15T23:51:17","slug":"bin-gonul-iki-sevda","status":"publish","type":"product","link":"https:\/\/roveyayinevi.com.tr\/index.php\/urun\/bin-gonul-iki-sevda\/","title":{"rendered":"Bin G\u00f6n\u00fcl \u0130ki Sevda"},"content":{"rendered":"<p>\u201cG\u00f6n\u00fcl\u201d \u00fcst\u00fcne yaz\u0131lm\u0131\u015f 700 dolay\u0131ndaki deyim, ikileme, atas\u00f6z\u00fc, dize, beyit, k\u0131ta, mani, t\u00fcrk\u00fc ve \u015fark\u0131n\u0131n g\u00f6n\u00fclle ilgisi incelenmektedir. Halk ve Divan Edebiyat\u0131n\u0131 da kapsayan s\u00f6zl\u00fc ve yaz\u0131l\u0131 y\u00fczlerce kayna\u011fa ba\u015fvurarak bu yap\u0131t olu\u015fturulmu\u015ftur. Bu \u00e7al\u0131\u015fma ara\u015ft\u0131rmac\u0131lar i\u00e7in bir ba\u015fvuru kitab\u0131 \u00f6zelli\u011fi ta\u015f\u0131maktad\u0131r.   <\/p>\n","protected":false},"excerpt":{"rendered":"<p>\u201cG\u00f6n\u00fcl\u201d \u00fcst\u00fcne yaz\u0131lm\u0131\u015f 700 dolay\u0131ndaki deyim, ikileme, atas\u00f6z\u00fc, dize, beyit, k\u0131ta, mani, t\u00fcrk\u00fc ve \u015fark\u0131n\u0131n g\u00f6n\u00fclle ilgisi incelenmektedir. Halk ve Divan Edebiyat\u0131n\u0131 da kapsayan s\u00f6zl\u00fc ve<span class=\"excerpt-hellip\"> [\u2026]<\/span><\/p>\n","protected":false},"featured_media":0,"template":"","meta":{"_monsterinsights_skip_tracking":false,"_monsterinsights_sitenote_active":false,"_monsterinsights_sitenote_note":"","_monsterinsights_sitenote_category":0},"product_brand":[],"product_cat":[75065,12291],"product_tag":[],"class_list":{"0":"post-740439","1":"product","2":"type-product","3":"status-publish","5":"product_cat-aforizmalar","6":"product_cat-edebiyat","7":"pa_cilt-ciltsiz","8":"pa_tur-kitap","9":"pa_yayinevi-sucek-medya-yayinlari","10":"pa_yazar-dervis-balkiraz","12":"first","13":"instock","14":"sale","15":"shipping-taxable","16":"purchasable","17":"product-type-simple"},"_links":{"self":[{"href":"https:\/\/roveyayinevi.com.tr\/index.php\/wp-json\/wp\/v2\/product\/740439","targetHints":{"allow":["GET"]}}],"collection":[{"href":"https:\/\/roveyayinevi.com.tr\/index.php\/wp-json\/wp\/v2\/product"}],"about":[{"href":"https:\/\/roveyayinevi.com.tr\/index.php\/wp-json\/wp\/v2\/types\/product"}],"wp:attachment":[{"href":"https:\/\/roveyayinevi.com.tr\/index.php\/wp-json\/wp\/v2\/media?parent=740439"}],"wp:term":[{"taxonomy":"product_brand","embeddable":true,"href":"https:\/\/roveyayinevi.com.tr\/index.php\/wp-json\/wp\/v2\/product_brand?post=740439"},{"taxonomy":"product_cat","embeddable":true,"href":"https:\/\/roveyayinevi.com.tr\/index.php\/wp-json\/wp\/v2\/product_cat?post=740439"},{"taxonomy":"product_tag","embeddable":true,"href":"https:\/\/roveyayinevi.com.tr\/index.php\/wp-json\/wp\/v2\/product_tag?post=740439"}],"curies":[{"name":"wp","href":"https:\/\/api.w.org\/{rel}","templated":true}]}}