{"id":740430,"date":"2025-08-28T00:26:49","date_gmt":"2025-08-27T21:26:49","guid":{"rendered":"https:\/\/roveyayinevi.com.tr\/index.php\/urun\/kuran-eksenli-islam\/"},"modified":"2026-04-16T02:51:17","modified_gmt":"2026-04-15T23:51:17","slug":"kuran-eksenli-islam","status":"publish","type":"product","link":"https:\/\/roveyayinevi.com.tr\/index.php\/urun\/kuran-eksenli-islam\/","title":{"rendered":"Kur&#8217;an Eksenli \u0130slam"},"content":{"rendered":"<p>Siz sayg\u0131 de\u011fer okurlarla bulu\u015fan bu eser; inanmayanlar\u0131n bilmeden, okumadan ve anlamadan reddetti\u011fi, inananlar\u0131n da \u0130slamla ilgili anlat\u0131lan, yaz\u0131lan ve \u00e7izilen pek \u00e7ok masal, hikaye, ilmihal bilgileri, hurafeler, rivayet ve menk\u0131belerden \u00d6\u011frenip duydu\u011fu \u00d6\u011fretilerle savundu\u011fu \u0130slam dinini anlat\u0131mda; Kuran\u0131n \u0131\u015f\u0131\u011f\u0131nda sadece ayetler referans al\u0131narak kaleme al\u0131nm\u0131\u015ft\u0131r.Okurlar\u0131n Kuran eksenli derli toplu ger\u00e7ek \u0130slam\u0131n ne oldu\u011funu \u00d6\u011frenerek; doyurucu bilgilere ve \u00d6\u011fretilere ula\u015fabilece\u011fi \u00d6ncelikli temennimizdir. Bu sebepledir ki g\u00fcn\u00fcm\u00fcz insan\u0131 bu eserle birlikte, \u0130slam dininin g\u00fczelliklerini i\u00e7selle\u015ftirerek korku, hezeyan ve \u00e7eli\u015fki dolu duygu ve d\u00fc\u015f\u00fcncelerinden ar\u0131nm\u0131\u015f, kurtulmu\u015f, uzakla\u015fm\u0131\u015f, tatmin olmu\u015f ve rahatlam\u0131\u015f olacakt\u0131r.nbsp;Bu eser sayesinde Rahman ve Rahim olan sonsuz \u015fefkat ve merhamet sahibi Y\u00fcce Yaradan\u0131n kullar\u0131 i\u00e7in hidayete k\u0131lavuzlay\u0131c\u0131 Kuran odakl\u0131 o g\u00fczelim \u0130slam\u0131n itici, korkutucu ve \u00fcrpertici de\u011fil! Bilakis hurafe ve bat\u0131l inan\u00e7lardan ar\u0131nm\u0131\u015f ne denli s\u0131cakkanl\u0131 ve sevecen bir din oldu\u011funu, bizzat m\u00fc\u015fahede ederek; huzur ve mutluluk dolu bir din anlay\u0131\u015f\u0131 inanc\u0131na ve olgusuna eri\u015fecektir.Zira elinizdeki bu yap\u0131t, sadece Kuran ayetleri temel ilke ve referans al\u0131narak kaleme al\u0131nm\u0131\u015f ve haz\u0131rlanm\u0131\u015ft\u0131r. Bu nedenle \u0130slamla ilgili Kuran d\u0131\u015f\u0131 s\u00d6ylem, yalan, iftira ve \u015f\u00fcphelerin ortadan kald\u0131r\u0131lmas\u0131 hedeflenmi\u015f ve b\u00d6ylece pek \u00e7ok soru i\u015faretlerine yan\u0131t te\u015fkil edecek hususlar, i\u00e7erik olarak benimsenmi\u015f; neticede ak\u0131c\u0131 bir \u00fcslupla ve dingin bir ruh haleti i\u00e7erisinde zevkle okunabilecek bir eser niteli\u011finde okurlar\u0131yla bulu\u015fmaktad\u0131r.\u0130\u00e7ten ve samimi bir \u00e7al\u0131\u015fma sonucunda v\u00fccut bulmu\u015f bu eserin, t\u00fcm insanl\u0131\u011fa yararl\u0131 ve hay\u0131rlara vesile olmas\u0131n\u0131 Y\u00fcce Allahtan niyaz ederiz.nbsp;nbsp;nbsp;nbsp;nbsp;nbsp;nbsp;nbsp;nbsp;nbsp;nbsp;nbsp;nbsp;nbsp;nbsp;nbsp;nbsp;nbsp;nbsp;nbsp;nbsp;nbsp;<\/p>\n","protected":false},"excerpt":{"rendered":"<p>Siz sayg\u0131 de\u011fer okurlarla bulu\u015fan bu eser; inanmayanlar\u0131n bilmeden, okumadan ve anlamadan reddetti\u011fi, inananlar\u0131n da \u0130slamla ilgili anlat\u0131lan, yaz\u0131lan ve \u00e7izilen pek \u00e7ok masal, hikaye, ilmihal<span class=\"excerpt-hellip\"> [\u2026]<\/span><\/p>\n","protected":false},"featured_media":0,"template":"","meta":{"_monsterinsights_skip_tracking":false,"_monsterinsights_sitenote_active":false,"_monsterinsights_sitenote_note":"","_monsterinsights_sitenote_category":0},"product_brand":[],"product_cat":[12718],"product_tag":[],"class_list":{"0":"post-740430","1":"product","2":"type-product","3":"status-publish","5":"product_cat-din","6":"pa_cilt-ciltsiz","7":"pa_tur-kitap","8":"pa_yayinevi-northern-lights","9":"pa_yazar-ahmet-ugurlu","11":"first","12":"instock","13":"sale","14":"shipping-taxable","15":"purchasable","16":"product-type-simple"},"_links":{"self":[{"href":"https:\/\/roveyayinevi.com.tr\/index.php\/wp-json\/wp\/v2\/product\/740430","targetHints":{"allow":["GET"]}}],"collection":[{"href":"https:\/\/roveyayinevi.com.tr\/index.php\/wp-json\/wp\/v2\/product"}],"about":[{"href":"https:\/\/roveyayinevi.com.tr\/index.php\/wp-json\/wp\/v2\/types\/product"}],"wp:attachment":[{"href":"https:\/\/roveyayinevi.com.tr\/index.php\/wp-json\/wp\/v2\/media?parent=740430"}],"wp:term":[{"taxonomy":"product_brand","embeddable":true,"href":"https:\/\/roveyayinevi.com.tr\/index.php\/wp-json\/wp\/v2\/product_brand?post=740430"},{"taxonomy":"product_cat","embeddable":true,"href":"https:\/\/roveyayinevi.com.tr\/index.php\/wp-json\/wp\/v2\/product_cat?post=740430"},{"taxonomy":"product_tag","embeddable":true,"href":"https:\/\/roveyayinevi.com.tr\/index.php\/wp-json\/wp\/v2\/product_tag?post=740430"}],"curies":[{"name":"wp","href":"https:\/\/api.w.org\/{rel}","templated":true}]}}