{"id":740399,"date":"2025-08-28T00:26:10","date_gmt":"2025-08-27T21:26:10","guid":{"rendered":"https:\/\/roveyayinevi.com.tr\/index.php\/urun\/alice-harikalar-diyarinda-12\/"},"modified":"2026-04-16T02:51:16","modified_gmt":"2026-04-15T23:51:16","slug":"alice-harikalar-diyarinda-12","status":"publish","type":"product","link":"https:\/\/roveyayinevi.com.tr\/index.php\/urun\/alice-harikalar-diyarinda-12\/","title":{"rendered":"Alice Harikalar Diyar\u0131nda"},"content":{"rendered":"<p>Alice Harikalar Di Harikalar Diyar\u0131nda, d\u00fcnya \u00e7ocuk edebiyat\u0131n\u0131n en tan\u0131nm\u0131\u015f klasiklerinden birisi olarak kabul edilir. Ancak yaln\u0131zca \u00e7ocuklara de\u011fil, yeti\u015fkinlere de hitap eden fantezi, roman, oyun ya da epik \u015fiir olarak de de\u011ferlendirilmi\u015ftir. Viktorya d\u00d6neminin politik ve dini \u00e7eki\u015fmelerini hicveden bir alegori, bir sembolizm olarak da g\u00d6r\u00fclm\u00fc\u015ft\u00fcr. Bir matematik\u00e7i olan ve \u00e7al\u0131\u015ft\u0131\u011f\u0131 okulun dekan\u0131 Henry Lidell ile arkada\u015f olan Dodgson&#8217;un, 1862&#8217;de bir piknikte Henry Lidell&#8217;in k\u0131z\u0131 Alice&#8217;e anlatt\u0131\u011f\u0131 \u00d6yk\u00fcy\u00fc k\u00fc\u00e7\u00fck k\u0131z\u0131n \u0131srar\u0131 \u00fczerine kaleme ald\u0131\u011f\u0131 ve eserin b\u00d6ylece ortaya \u00e7\u0131kt\u0131\u011f\u0131 d\u00fc\u015f\u00fcn\u00fcl\u00fcr. Ancak yazar, ldquo;k\u00fc\u00e7\u00fck kahramanrdquo; diye adland\u0131rd\u0131\u011f\u0131 ilham kayna\u011f\u0131n\u0131n ger\u00e7ek bir \u00e7ocuk oldu\u011funu \u0131srarla reddetmi\u015ftir. \u00d6yk\u00fc, 1865&#8217;te kitap olarak yay\u0131mland\u0131 ve ola\u011fan\u00fcst\u00fc ba\u015far\u0131 kazand\u0131. Yazar, Krali\u00e7e Viktorya&#8217;n\u0131n takdirini kazanan ve kendisini \u00fcne kavu\u015fturan bu eserin devam\u0131 olarak 1872&#8217;de Aynan\u0131n \u0130\u00e7inden adl\u0131 roman\u0131 yazm\u0131\u015ft\u0131r.(Tan\u0131tm B\u00fclteninden)<\/p>\n","protected":false},"excerpt":{"rendered":"<p>Alice Harikalar Di Harikalar Diyar\u0131nda, d\u00fcnya \u00e7ocuk edebiyat\u0131n\u0131n en tan\u0131nm\u0131\u015f klasiklerinden birisi olarak kabul edilir. Ancak yaln\u0131zca \u00e7ocuklara de\u011fil, yeti\u015fkinlere de hitap eden fantezi, roman, oyun<span class=\"excerpt-hellip\"> [\u2026]<\/span><\/p>\n","protected":false},"featured_media":0,"template":"","meta":{"_monsterinsights_skip_tracking":false,"_monsterinsights_sitenote_active":false,"_monsterinsights_sitenote_note":"","_monsterinsights_sitenote_category":0},"product_brand":[],"product_cat":[12274],"product_tag":[],"class_list":{"0":"post-740399","1":"product","2":"type-product","3":"status-publish","5":"product_cat-cocuk-ve-genclik-kitaplari","6":"pa_cilt-ciltsiz","7":"pa_tur-kitap","8":"pa_yayinevi-northern-lights","9":"pa_yazar-lewis-carroll","11":"first","12":"instock","13":"sale","14":"shipping-taxable","15":"purchasable","16":"product-type-simple"},"_links":{"self":[{"href":"https:\/\/roveyayinevi.com.tr\/index.php\/wp-json\/wp\/v2\/product\/740399","targetHints":{"allow":["GET"]}}],"collection":[{"href":"https:\/\/roveyayinevi.com.tr\/index.php\/wp-json\/wp\/v2\/product"}],"about":[{"href":"https:\/\/roveyayinevi.com.tr\/index.php\/wp-json\/wp\/v2\/types\/product"}],"wp:attachment":[{"href":"https:\/\/roveyayinevi.com.tr\/index.php\/wp-json\/wp\/v2\/media?parent=740399"}],"wp:term":[{"taxonomy":"product_brand","embeddable":true,"href":"https:\/\/roveyayinevi.com.tr\/index.php\/wp-json\/wp\/v2\/product_brand?post=740399"},{"taxonomy":"product_cat","embeddable":true,"href":"https:\/\/roveyayinevi.com.tr\/index.php\/wp-json\/wp\/v2\/product_cat?post=740399"},{"taxonomy":"product_tag","embeddable":true,"href":"https:\/\/roveyayinevi.com.tr\/index.php\/wp-json\/wp\/v2\/product_tag?post=740399"}],"curies":[{"name":"wp","href":"https:\/\/api.w.org\/{rel}","templated":true}]}}