{"id":740302,"date":"2025-08-28T00:24:23","date_gmt":"2025-08-27T21:24:23","guid":{"rendered":"https:\/\/roveyayinevi.com.tr\/index.php\/urun\/bremen-mizikacilari-ve-diger-masallar\/"},"modified":"2026-04-08T02:59:17","modified_gmt":"2026-04-07T23:59:17","slug":"bremen-mizikacilari-ve-diger-masallar","status":"publish","type":"product","link":"https:\/\/roveyayinevi.com.tr\/index.php\/urun\/bremen-mizikacilari-ve-diger-masallar\/","title":{"rendered":"Bremen M\u0131z\u0131kac\u0131lar\u0131 ve Di\u011fer Masallar"},"content":{"rendered":"<p>\u0130\u00e7indekilerbull; Bremen M\u0131z\u0131kac\u0131lar\u0131 bull; Ak\u0131ll\u0131 K\u00d6yl\u00fc K\u0131z\u0131 bull; Alt\u0131 Kafadar bull; Bayan Holle bull; \u00fc\u00e7 Dil bull; \u00fc\u00e7 Karde\u015f<\/p>\n","protected":false},"excerpt":{"rendered":"<p>\u0130\u00e7indekilerbull; Bremen M\u0131z\u0131kac\u0131lar\u0131 bull; Ak\u0131ll\u0131 K\u00d6yl\u00fc K\u0131z\u0131 bull; Alt\u0131 Kafadar bull; Bayan Holle bull; \u00fc\u00e7 Dil bull; \u00fc\u00e7 Karde\u015f<\/p>\n","protected":false},"featured_media":0,"template":"","meta":{"_monsterinsights_skip_tracking":false,"_monsterinsights_sitenote_active":false,"_monsterinsights_sitenote_note":"","_monsterinsights_sitenote_category":0},"product_brand":[],"product_cat":[12274],"product_tag":[],"class_list":{"0":"post-740302","1":"product","2":"type-product","3":"status-publish","5":"product_cat-cocuk-ve-genclik-kitaplari","6":"pa_cilt-ciltsiz","7":"pa_tur-kitap","8":"pa_yayinevi-platanus-publishing","9":"pa_yazar-grimm-kardesler","11":"first","12":"instock","13":"sale","14":"shipping-taxable","15":"purchasable","16":"product-type-simple"},"_links":{"self":[{"href":"https:\/\/roveyayinevi.com.tr\/index.php\/wp-json\/wp\/v2\/product\/740302","targetHints":{"allow":["GET"]}}],"collection":[{"href":"https:\/\/roveyayinevi.com.tr\/index.php\/wp-json\/wp\/v2\/product"}],"about":[{"href":"https:\/\/roveyayinevi.com.tr\/index.php\/wp-json\/wp\/v2\/types\/product"}],"wp:attachment":[{"href":"https:\/\/roveyayinevi.com.tr\/index.php\/wp-json\/wp\/v2\/media?parent=740302"}],"wp:term":[{"taxonomy":"product_brand","embeddable":true,"href":"https:\/\/roveyayinevi.com.tr\/index.php\/wp-json\/wp\/v2\/product_brand?post=740302"},{"taxonomy":"product_cat","embeddable":true,"href":"https:\/\/roveyayinevi.com.tr\/index.php\/wp-json\/wp\/v2\/product_cat?post=740302"},{"taxonomy":"product_tag","embeddable":true,"href":"https:\/\/roveyayinevi.com.tr\/index.php\/wp-json\/wp\/v2\/product_tag?post=740302"}],"curies":[{"name":"wp","href":"https:\/\/api.w.org\/{rel}","templated":true}]}}