{"id":740301,"date":"2025-08-28T00:24:22","date_gmt":"2025-08-27T21:24:22","guid":{"rendered":"https:\/\/roveyayinevi.com.tr\/index.php\/urun\/ataturkun-soylev-ve-demeclerinden-secmeler\/"},"modified":"2026-03-09T02:56:24","modified_gmt":"2026-03-08T23:56:24","slug":"ataturkun-soylev-ve-demeclerinden-secmeler","status":"publish","type":"product","link":"https:\/\/roveyayinevi.com.tr\/index.php\/urun\/ataturkun-soylev-ve-demeclerinden-secmeler\/","title":{"rendered":"Atat\u00fcrk&#8217;\u00fcn S\u00f6ylev ve Deme\u00e7lerinden Se\u00e7meler"},"content":{"rendered":"<p>\u0130\u00e7indekiler 1. Bal\u0131kesirde Bir Konu\u015fma 2. Atat\u00fcrk\u00fcn Havac\u0131l\u0131k Hakk\u0131nda Konu\u015fmas\u0131 3. Atat\u00fcrk\u00fcn Kahraman Ordumuza De\u011fi\u015fmeyen Mesaj\u0131 4. T\u00fcrkiye T\u00fcrklerindir Demeci 5. T\u00fcrk Sporcular\u0131 \u0130le Bir Konu\u015fma 6. \u0130zmir Suikast Giri\u015fimi Hakk\u0131nda 7. T\u00fcrk Demokrasisi Hakk\u0131nda 8. Atat\u00fcrk\u00fcn Bursa Nutku 9. T\u00fcrk Ba\u011f\u0131ms\u0131zl\u0131k Davas\u0131n\u0131n Niteli\u011fi Demeci 10. Cumhuriyetin Birinci Y\u0131ld\u00d6n\u00fcm\u00fc Nedeniyle Verdi\u011fi Deme\u00e7 11. Bal\u0131kesirde Bir Konu\u015fma 12. Atat\u00fcrk\u00fcn Bal\u0131kesir Hutbesi 13. Bursada \u00fc\u00e7 Konu\u015fma 14. \u0130zmirde Halkla \u00fc\u00e7 Konu\u015fma 15. Ankara Hukuk Fak\u00fcltesinin A\u00e7\u0131l\u0131\u015f\u0131nda 16. Atat\u00fcrk\u00fcn Ordumuza De\u011fi\u015fmeyen Mesaj\u0131 17. Atat\u00fcrk\u00fcn Ya\u015fam\u0131na Dair An\u0131lar 18. Atat\u00fcrk\u00fcn Gelece\u011fe I\u015f\u0131k Tutan S\u00d6zleri<\/p>\n","protected":false},"excerpt":{"rendered":"<p>\u0130\u00e7indekiler 1. Bal\u0131kesirde Bir Konu\u015fma 2. Atat\u00fcrk\u00fcn Havac\u0131l\u0131k Hakk\u0131nda Konu\u015fmas\u0131 3. Atat\u00fcrk\u00fcn Kahraman Ordumuza De\u011fi\u015fmeyen Mesaj\u0131 4. T\u00fcrkiye T\u00fcrklerindir Demeci 5. T\u00fcrk Sporcular\u0131 \u0130le Bir Konu\u015fma<span class=\"excerpt-hellip\"> [\u2026]<\/span><\/p>\n","protected":false},"featured_media":0,"template":"","meta":{"_monsterinsights_skip_tracking":false,"_monsterinsights_sitenote_active":false,"_monsterinsights_sitenote_note":"","_monsterinsights_sitenote_category":0},"product_brand":[],"product_cat":[12304],"product_tag":[],"class_list":{"0":"post-740301","1":"product","2":"type-product","3":"status-publish","5":"product_cat-tarih","6":"pa_cilt-ciltsiz","7":"pa_tur-kitap","8":"pa_yayinevi-platanus-publishing","9":"pa_yazar-mustafa-kemal-ataturk","11":"first","12":"instock","13":"sale","14":"shipping-taxable","15":"purchasable","16":"product-type-simple"},"_links":{"self":[{"href":"https:\/\/roveyayinevi.com.tr\/index.php\/wp-json\/wp\/v2\/product\/740301","targetHints":{"allow":["GET"]}}],"collection":[{"href":"https:\/\/roveyayinevi.com.tr\/index.php\/wp-json\/wp\/v2\/product"}],"about":[{"href":"https:\/\/roveyayinevi.com.tr\/index.php\/wp-json\/wp\/v2\/types\/product"}],"wp:attachment":[{"href":"https:\/\/roveyayinevi.com.tr\/index.php\/wp-json\/wp\/v2\/media?parent=740301"}],"wp:term":[{"taxonomy":"product_brand","embeddable":true,"href":"https:\/\/roveyayinevi.com.tr\/index.php\/wp-json\/wp\/v2\/product_brand?post=740301"},{"taxonomy":"product_cat","embeddable":true,"href":"https:\/\/roveyayinevi.com.tr\/index.php\/wp-json\/wp\/v2\/product_cat?post=740301"},{"taxonomy":"product_tag","embeddable":true,"href":"https:\/\/roveyayinevi.com.tr\/index.php\/wp-json\/wp\/v2\/product_tag?post=740301"}],"curies":[{"name":"wp","href":"https:\/\/api.w.org\/{rel}","templated":true}]}}