{"id":740284,"date":"2025-08-28T00:24:01","date_gmt":"2025-08-27T21:24:01","guid":{"rendered":"https:\/\/roveyayinevi.com.tr\/index.php\/urun\/bir-kasaba-eglencesi-cinayet\/"},"modified":"2026-04-16T02:51:11","modified_gmt":"2026-04-15T23:51:11","slug":"bir-kasaba-eglencesi-cinayet","status":"publish","type":"product","link":"https:\/\/roveyayinevi.com.tr\/index.php\/urun\/bir-kasaba-eglencesi-cinayet\/","title":{"rendered":"Bir Kasaba E\u011flencesi: Cinayet"},"content":{"rendered":"<p>Bir cinayet, birbiriyle ili\u015fkisi yok gibi g\u00d6r\u00fcnen insanlar\u0131n kesi\u015fim noktas\u0131 bir \u00d6l\u00fc. Belki de kasabadaki bir cinayet sadece bir haber de\u011ferindedir ve insanlar \u00d6lenden \u00e7ok, olay\u0131n arkas\u0131ndaki \u00d6yk\u00fcn\u00fcn pe\u015findedir. Kayhan K\u0131rm\u0131z\u0131g\u00fcl,rdquo;Bir Kasaba E\u011flencesi, Cinayetrdquo; adl\u0131 \u00d6yk\u00fcs\u00fcnde bizi \u0130zmirde,Ala\u00e7at\u0131 sokaklar\u0131nda dola\u015ft\u0131r\u0131yor ve olay inceleme ekibine dahil ediyor bizi. \u00d6yk\u00fc zaman zaman sahnelenmeye haz\u0131r bir oyun,bazen de roman tad\u0131nda. Bu ilk \u00d6yk\u00fc kitab\u0131yla Kayhan K\u0131rm\u0131z\u0131g\u00fcl anlat\u0131lar\u0131n\u0131n arkas\u0131n\u0131n gelece\u011fini duyuruyor bize.<\/p>\n","protected":false},"excerpt":{"rendered":"<p>Bir cinayet, birbiriyle ili\u015fkisi yok gibi g\u00d6r\u00fcnen insanlar\u0131n kesi\u015fim noktas\u0131 bir \u00d6l\u00fc. Belki de kasabadaki bir cinayet sadece bir haber de\u011ferindedir ve insanlar \u00d6lenden \u00e7ok, olay\u0131n<span class=\"excerpt-hellip\"> [\u2026]<\/span><\/p>\n","protected":false},"featured_media":0,"template":"","meta":{"_monsterinsights_skip_tracking":false,"_monsterinsights_sitenote_active":false,"_monsterinsights_sitenote_note":"","_monsterinsights_sitenote_category":0},"product_brand":[],"product_cat":[12291],"product_tag":[],"class_list":{"0":"post-740284","1":"product","2":"type-product","3":"status-publish","5":"product_cat-edebiyat","6":"pa_cilt-ciltsiz","7":"pa_tur-kitap","8":"pa_yayinevi-platanus-publishing","9":"pa_yazar-kayhan-kirmizigul","11":"first","12":"instock","13":"sale","14":"shipping-taxable","15":"purchasable","16":"product-type-simple"},"_links":{"self":[{"href":"https:\/\/roveyayinevi.com.tr\/index.php\/wp-json\/wp\/v2\/product\/740284","targetHints":{"allow":["GET"]}}],"collection":[{"href":"https:\/\/roveyayinevi.com.tr\/index.php\/wp-json\/wp\/v2\/product"}],"about":[{"href":"https:\/\/roveyayinevi.com.tr\/index.php\/wp-json\/wp\/v2\/types\/product"}],"wp:attachment":[{"href":"https:\/\/roveyayinevi.com.tr\/index.php\/wp-json\/wp\/v2\/media?parent=740284"}],"wp:term":[{"taxonomy":"product_brand","embeddable":true,"href":"https:\/\/roveyayinevi.com.tr\/index.php\/wp-json\/wp\/v2\/product_brand?post=740284"},{"taxonomy":"product_cat","embeddable":true,"href":"https:\/\/roveyayinevi.com.tr\/index.php\/wp-json\/wp\/v2\/product_cat?post=740284"},{"taxonomy":"product_tag","embeddable":true,"href":"https:\/\/roveyayinevi.com.tr\/index.php\/wp-json\/wp\/v2\/product_tag?post=740284"}],"curies":[{"name":"wp","href":"https:\/\/api.w.org\/{rel}","templated":true}]}}