{"id":740273,"date":"2025-08-28T00:23:46","date_gmt":"2025-08-27T21:23:46","guid":{"rendered":"https:\/\/roveyayinevi.com.tr\/index.php\/urun\/dostluk-ve-anilarin-anatomisi-nasil-gecti-habersiz-elli-yil\/"},"modified":"2026-04-16T02:51:10","modified_gmt":"2026-04-15T23:51:10","slug":"dostluk-ve-anilarin-anatomisi-nasil-gecti-habersiz-elli-yil","status":"publish","type":"product","link":"https:\/\/roveyayinevi.com.tr\/index.php\/urun\/dostluk-ve-anilarin-anatomisi-nasil-gecti-habersiz-elli-yil\/","title":{"rendered":"Dostluk ve An\u0131lar\u0131n Anatomisi &#8211; Nas\u0131l Ge\u00e7ti Habersiz Elli Y\u0131l"},"content":{"rendered":"<p>Biz d\u00fcnyaya, \u00d6ncesini bilmedi\u011fimiz dar bir kap\u0131dan girip, uzun engelli yollar\u0131 ge\u00e7ip, sonras\u0131n\u0131 bilmedi\u011fimiz bir kap\u0131dan \u00e7\u0131k\u0131yoruz. Ge\u00e7mi\u015f zaman\u0131, Ge\u00e7mi\u015f hayat\u0131m\u0131z\u0131, tekrar ya\u015fayabilmemiz veya onun \u00fczerinde herhangi bir de\u011fi\u015fiklik yapmam\u0131z m\u00fcmk\u00fcn de\u011fildir. Ancak t\u00fcm ge\u00e7mi\u015f ya\u015fam \u00e7izgimizi g\u00d6zden ge\u00e7irmek suretiyle hayat\u0131m\u0131z\u0131 sanal olarak kafam\u0131zda tekrar ya\u015famam\u0131z m\u00fcmk\u00fcnd\u00fcr. \u0130nsano\u011flu kendi hayat\u0131n\u0131n bir de\u011ferlendirmesini yapmas\u0131 ve kendisiyle hesapla\u015fmas\u0131 anlam\u0131na da gelir. Yeter ki insan bu hesapla\u015fman\u0131n sonunda, ldquo;iyi ki yapm\u0131\u015f\u0131m ve ya\u015fam\u0131\u015f\u0131mrdquo; diyebilsin.Bu kitaptakiler sadece bir doktorun mesleki an\u0131lar\u0131ndan olu\u015fan hayat hikayesi de\u011fildir. Daha ziyade, 50 y\u0131l ve bu y\u0131llara yay\u0131lm\u0131\u015f \u00e7ok farkl\u0131 toplum d\u00fczeyinden gelmi\u015f insanlar\u0131n duygusal ve ger\u00e7ek ya\u015fam hikayeleri ve an\u0131lar\u0131d\u0131 ldquo;Bir Doktorun An\u0131lar\u0131rdquo; ve ldquo;Korona ile M\u00fccadelerdquo; kitaplar\u0131n\u0131n yazar\u0131d\u0131r..<\/p>\n","protected":false},"excerpt":{"rendered":"<p>Biz d\u00fcnyaya, \u00d6ncesini bilmedi\u011fimiz dar bir kap\u0131dan girip, uzun engelli yollar\u0131 ge\u00e7ip, sonras\u0131n\u0131 bilmedi\u011fimiz bir kap\u0131dan \u00e7\u0131k\u0131yoruz. Ge\u00e7mi\u015f zaman\u0131, Ge\u00e7mi\u015f hayat\u0131m\u0131z\u0131, tekrar ya\u015fayabilmemiz veya onun \u00fczerinde<span class=\"excerpt-hellip\"> [\u2026]<\/span><\/p>\n","protected":false},"featured_media":0,"template":"","meta":{"_monsterinsights_skip_tracking":false,"_monsterinsights_sitenote_active":false,"_monsterinsights_sitenote_note":"","_monsterinsights_sitenote_category":0},"product_brand":[],"product_cat":[12291],"product_tag":[],"class_list":{"0":"post-740273","1":"product","2":"type-product","3":"status-publish","5":"product_cat-edebiyat","6":"pa_cilt-ciltsiz","7":"pa_tur-kitap","8":"pa_yayinevi-platanus-publishing","9":"pa_yazar-hasan-yildirim","11":"first","12":"instock","13":"sale","14":"shipping-taxable","15":"purchasable","16":"product-type-simple"},"_links":{"self":[{"href":"https:\/\/roveyayinevi.com.tr\/index.php\/wp-json\/wp\/v2\/product\/740273","targetHints":{"allow":["GET"]}}],"collection":[{"href":"https:\/\/roveyayinevi.com.tr\/index.php\/wp-json\/wp\/v2\/product"}],"about":[{"href":"https:\/\/roveyayinevi.com.tr\/index.php\/wp-json\/wp\/v2\/types\/product"}],"wp:attachment":[{"href":"https:\/\/roveyayinevi.com.tr\/index.php\/wp-json\/wp\/v2\/media?parent=740273"}],"wp:term":[{"taxonomy":"product_brand","embeddable":true,"href":"https:\/\/roveyayinevi.com.tr\/index.php\/wp-json\/wp\/v2\/product_brand?post=740273"},{"taxonomy":"product_cat","embeddable":true,"href":"https:\/\/roveyayinevi.com.tr\/index.php\/wp-json\/wp\/v2\/product_cat?post=740273"},{"taxonomy":"product_tag","embeddable":true,"href":"https:\/\/roveyayinevi.com.tr\/index.php\/wp-json\/wp\/v2\/product_tag?post=740273"}],"curies":[{"name":"wp","href":"https:\/\/api.w.org\/{rel}","templated":true}]}}