{"id":740241,"date":"2025-08-28T00:23:18","date_gmt":"2025-08-27T21:23:18","guid":{"rendered":"https:\/\/roveyayinevi.com.tr\/index.php\/urun\/elimden-gelen-bu\/"},"modified":"2026-04-16T02:51:08","modified_gmt":"2026-04-15T23:51:08","slug":"elimden-gelen-bu","status":"publish","type":"product","link":"https:\/\/roveyayinevi.com.tr\/index.php\/urun\/elimden-gelen-bu\/","title":{"rendered":"Elimden Gelen Bu"},"content":{"rendered":"<p>Rahmetli babam ah\u0131rda \u00d6len at\u0131n\u0131 dere kenar\u0131na s\u00fcr\u00fcklemek i\u00e7in, Bozuklar\u0131n Ahmet amcadan yard\u0131m istemi\u015f, onun \u00d6k\u00fcz\u00fcyle s\u00fcr\u00fckledikten sonra \u00d6len at\u0131n derisi bo\u015fa gitmesin diyerek, kendisi ile bana \u00e7ar\u0131k yapacak kadar deri y\u00fczm\u00fc\u015ft\u00fc.Kambur \u00fcst\u00fcne Kamburrdquo; adl\u0131 hikayeden.<\/p>\n","protected":false},"excerpt":{"rendered":"<p>Rahmetli babam ah\u0131rda \u00d6len at\u0131n\u0131 dere kenar\u0131na s\u00fcr\u00fcklemek i\u00e7in, Bozuklar\u0131n Ahmet amcadan yard\u0131m istemi\u015f, onun \u00d6k\u00fcz\u00fcyle s\u00fcr\u00fckledikten sonra \u00d6len at\u0131n derisi bo\u015fa gitmesin diyerek, kendisi ile<span class=\"excerpt-hellip\"> [\u2026]<\/span><\/p>\n","protected":false},"featured_media":0,"template":"","meta":{"_monsterinsights_skip_tracking":false,"_monsterinsights_sitenote_active":false,"_monsterinsights_sitenote_note":"","_monsterinsights_sitenote_category":0},"product_brand":[],"product_cat":[12291],"product_tag":[],"class_list":{"0":"post-740241","1":"product","2":"type-product","3":"status-publish","5":"product_cat-edebiyat","6":"pa_cilt-ciltsiz","7":"pa_tur-kitap","8":"pa_yayinevi-platanus-publishing","9":"pa_yazar-osman-eker","11":"first","12":"instock","13":"sale","14":"shipping-taxable","15":"purchasable","16":"product-type-simple"},"_links":{"self":[{"href":"https:\/\/roveyayinevi.com.tr\/index.php\/wp-json\/wp\/v2\/product\/740241","targetHints":{"allow":["GET"]}}],"collection":[{"href":"https:\/\/roveyayinevi.com.tr\/index.php\/wp-json\/wp\/v2\/product"}],"about":[{"href":"https:\/\/roveyayinevi.com.tr\/index.php\/wp-json\/wp\/v2\/types\/product"}],"wp:attachment":[{"href":"https:\/\/roveyayinevi.com.tr\/index.php\/wp-json\/wp\/v2\/media?parent=740241"}],"wp:term":[{"taxonomy":"product_brand","embeddable":true,"href":"https:\/\/roveyayinevi.com.tr\/index.php\/wp-json\/wp\/v2\/product_brand?post=740241"},{"taxonomy":"product_cat","embeddable":true,"href":"https:\/\/roveyayinevi.com.tr\/index.php\/wp-json\/wp\/v2\/product_cat?post=740241"},{"taxonomy":"product_tag","embeddable":true,"href":"https:\/\/roveyayinevi.com.tr\/index.php\/wp-json\/wp\/v2\/product_tag?post=740241"}],"curies":[{"name":"wp","href":"https:\/\/api.w.org\/{rel}","templated":true}]}}