{"id":740234,"date":"2025-08-28T00:23:09","date_gmt":"2025-08-27T21:23:09","guid":{"rendered":"https:\/\/roveyayinevi.com.tr\/index.php\/urun\/elifimin-zulfesi\/"},"modified":"2026-04-16T02:51:08","modified_gmt":"2026-04-15T23:51:08","slug":"elifimin-zulfesi","status":"publish","type":"product","link":"https:\/\/roveyayinevi.com.tr\/index.php\/urun\/elifimin-zulfesi\/","title":{"rendered":"Elifimin Z\u00fclfesi"},"content":{"rendered":"<p>Elife z\u00fclfe olmak, a\u015fk\u0131n me\u015fk halidir. Ba\u015f\u0131m\u0131n \u00fcst\u00fcnde yerin var demektir z\u00fclfe. \u015eiirde ba\u015fl\u0131kt\u0131r, ba\u015flang\u0131\u00e7lar\u0131n en g\u00fczel halidir. Ayn\u0131 tastan su i\u00e7erken huzura b\u00fcr\u00fcnmek, seninle tas\u0131m\u0131 de\u011fil \u00d6mr\u00fcm\u00fc payla\u015f\u0131r\u0131m demenin fragman\u0131d\u0131r. Senin bir nefeslik kokuna ben son nefesimi veririm demek yak\u0131\u015f\u0131r huzur soka\u011f\u0131n\u0131n z\u00fclfesine. Ba\u015f\u0131m\u0131n \u00fcst\u00fcnde yerin var demektir z\u00fclfe. M\u0131sralar\u0131m\u0131n ba\u015fl\u0131\u011f\u0131d\u0131r, ba\u015flang\u0131\u00e7lar\u0131n en g\u00fczel halidir.<\/p>\n","protected":false},"excerpt":{"rendered":"<p>Elife z\u00fclfe olmak, a\u015fk\u0131n me\u015fk halidir. Ba\u015f\u0131m\u0131n \u00fcst\u00fcnde yerin var demektir z\u00fclfe. \u015eiirde ba\u015fl\u0131kt\u0131r, ba\u015flang\u0131\u00e7lar\u0131n en g\u00fczel halidir. Ayn\u0131 tastan su i\u00e7erken huzura b\u00fcr\u00fcnmek, seninle tas\u0131m\u0131<span class=\"excerpt-hellip\"> [\u2026]<\/span><\/p>\n","protected":false},"featured_media":0,"template":"","meta":{"_monsterinsights_skip_tracking":false,"_monsterinsights_sitenote_active":false,"_monsterinsights_sitenote_note":"","_monsterinsights_sitenote_category":0},"product_brand":[],"product_cat":[12291],"product_tag":[],"class_list":{"0":"post-740234","1":"product","2":"type-product","3":"status-publish","5":"product_cat-edebiyat","6":"pa_cilt-ciltsiz","7":"pa_tur-kitap","8":"pa_yayinevi-platanus-publishing","9":"pa_yazar-ercan-sancar","11":"first","12":"instock","13":"sale","14":"shipping-taxable","15":"purchasable","16":"product-type-simple"},"_links":{"self":[{"href":"https:\/\/roveyayinevi.com.tr\/index.php\/wp-json\/wp\/v2\/product\/740234","targetHints":{"allow":["GET"]}}],"collection":[{"href":"https:\/\/roveyayinevi.com.tr\/index.php\/wp-json\/wp\/v2\/product"}],"about":[{"href":"https:\/\/roveyayinevi.com.tr\/index.php\/wp-json\/wp\/v2\/types\/product"}],"wp:attachment":[{"href":"https:\/\/roveyayinevi.com.tr\/index.php\/wp-json\/wp\/v2\/media?parent=740234"}],"wp:term":[{"taxonomy":"product_brand","embeddable":true,"href":"https:\/\/roveyayinevi.com.tr\/index.php\/wp-json\/wp\/v2\/product_brand?post=740234"},{"taxonomy":"product_cat","embeddable":true,"href":"https:\/\/roveyayinevi.com.tr\/index.php\/wp-json\/wp\/v2\/product_cat?post=740234"},{"taxonomy":"product_tag","embeddable":true,"href":"https:\/\/roveyayinevi.com.tr\/index.php\/wp-json\/wp\/v2\/product_tag?post=740234"}],"curies":[{"name":"wp","href":"https:\/\/api.w.org\/{rel}","templated":true}]}}