{"id":740233,"date":"2025-08-28T00:23:09","date_gmt":"2025-08-27T21:23:09","guid":{"rendered":"https:\/\/roveyayinevi.com.tr\/index.php\/urun\/kulturumuzden-dokulen-inciler\/"},"modified":"2026-04-16T02:51:07","modified_gmt":"2026-04-15T23:51:07","slug":"kulturumuzden-dokulen-inciler","status":"publish","type":"product","link":"https:\/\/roveyayinevi.com.tr\/index.php\/urun\/kulturumuzden-dokulen-inciler\/","title":{"rendered":"K\u00fclt\u00fcr\u00fcm\u00fczden D\u00f6k\u00fclen \u0130nciler"},"content":{"rendered":"<p>\u00e7ok eski ve k\u00d6kl\u00fc bir medeniyetin sahibi olan milletimiz de, \u0130slam dinine b\u00fcy\u00fck bir a\u015fkla kat\u0131lan kadar, bir cihan hakimiyeti mefkucirc;resi vard\u0131. T\u00fcrk milletinin d\u00fcnyay\u0131 idare etmek i\u00e7in yarat\u0131ld\u0131\u011f\u0131na ve D\u00fcnyaya adalet ve nizam ancak T\u00fcrk milleti ile gelebilir inanc\u0131na sahiptiler. \u0130slamdan sonrada T\u00fcrk milleti, ayn\u0131 mefkucirc;reyi yeni bir mesaj ile ilan ederek \u0130la-y\u0131 Kelimatullah ve Nizam-\u0131 alem davas\u0131 tarz\u0131nda form\u00fcle edilmi\u015ftir.T\u00fcrk-\u0130slam medeniyetinin bu mefkucirc;resi, as\u0131rlarca d\u00fcnyada yank\u0131lar yapt\u0131; sosyal, k\u00fclt\u00fcrel, ekonomik, politik ve askeri zaferlerle ta\u00e7land\u0131. D\u00fcnyaya y\u00d6n veren, b\u00fcy\u00fck bilge insanlar ve b\u00fcy\u00fck alimler yeti\u015ftiler. Biz de bu b\u00fcy\u00fck bilgelerin ve alimlerin p\u0131narlar\u0131ndan doya doya i\u00e7ece\u011fimiz bir eser olu\u015fturmaya \u00e7al\u0131\u015ft\u0131k.<\/p>\n","protected":false},"excerpt":{"rendered":"<p>\u00e7ok eski ve k\u00d6kl\u00fc bir medeniyetin sahibi olan milletimiz de, \u0130slam dinine b\u00fcy\u00fck bir a\u015fkla kat\u0131lan kadar, bir cihan hakimiyeti mefkucirc;resi vard\u0131. T\u00fcrk milletinin d\u00fcnyay\u0131 idare<span class=\"excerpt-hellip\"> [\u2026]<\/span><\/p>\n","protected":false},"featured_media":0,"template":"","meta":{"_monsterinsights_skip_tracking":false,"_monsterinsights_sitenote_active":false,"_monsterinsights_sitenote_note":"","_monsterinsights_sitenote_category":0},"product_brand":[],"product_cat":[12304],"product_tag":[],"class_list":{"0":"post-740233","1":"product","2":"type-product","3":"status-publish","5":"product_cat-tarih","6":"pa_cilt-ciltsiz","7":"pa_tur-kitap","8":"pa_yayinevi-platanus-publishing","9":"pa_yazar-mahmut-sevket-serik","11":"first","12":"instock","13":"sale","14":"shipping-taxable","15":"purchasable","16":"product-type-simple"},"_links":{"self":[{"href":"https:\/\/roveyayinevi.com.tr\/index.php\/wp-json\/wp\/v2\/product\/740233","targetHints":{"allow":["GET"]}}],"collection":[{"href":"https:\/\/roveyayinevi.com.tr\/index.php\/wp-json\/wp\/v2\/product"}],"about":[{"href":"https:\/\/roveyayinevi.com.tr\/index.php\/wp-json\/wp\/v2\/types\/product"}],"wp:attachment":[{"href":"https:\/\/roveyayinevi.com.tr\/index.php\/wp-json\/wp\/v2\/media?parent=740233"}],"wp:term":[{"taxonomy":"product_brand","embeddable":true,"href":"https:\/\/roveyayinevi.com.tr\/index.php\/wp-json\/wp\/v2\/product_brand?post=740233"},{"taxonomy":"product_cat","embeddable":true,"href":"https:\/\/roveyayinevi.com.tr\/index.php\/wp-json\/wp\/v2\/product_cat?post=740233"},{"taxonomy":"product_tag","embeddable":true,"href":"https:\/\/roveyayinevi.com.tr\/index.php\/wp-json\/wp\/v2\/product_tag?post=740233"}],"curies":[{"name":"wp","href":"https:\/\/api.w.org\/{rel}","templated":true}]}}