{"id":740209,"date":"2025-08-28T00:22:30","date_gmt":"2025-08-27T21:22:30","guid":{"rendered":"https:\/\/roveyayinevi.com.tr\/index.php\/urun\/2053\/"},"modified":"2026-04-16T02:51:06","modified_gmt":"2026-04-15T23:51:06","slug":"2053","status":"publish","type":"product","link":"https:\/\/roveyayinevi.com.tr\/index.php\/urun\/2053\/","title":{"rendered":"2053"},"content":{"rendered":"<p>Gelecek y\u00d6netilebilir mi? Kitap, yenid\u00fcnya d\u00fczeninde 2023- 2053 y\u0131llar\u0131na temas etmektedir. \u0130lk etapta mant\u0131kl\u0131 g\u00d6r\u00fcnmeyen fakat belli metodolojiler ile duygusall\u0131ktan uzak ak\u0131l ve bilim \u00e7er\u00e7evesinde gelece\u011fi belirleyen konular\u0131 ele almaktad\u0131r. Halklar\u0131n d\u00fcnyevicirc; ve uhrevicirc; saadetini temin edecek konular ile M\u00fcsl\u00fcman toplumlar\u0131n gelecekteki rollerine de\u011finiyor. Par\u00e7alanm\u0131\u015fl\u0131klar, sava\u015flar ve zaferler&#8230; D\u00fcnya bar\u0131\u015f\u0131 ve adaletin tesisi i\u00e7in \u00e7\u00d6z\u00fcm yolunu anlatmaktad\u0131r.<\/p>\n","protected":false},"excerpt":{"rendered":"<p>Gelecek y\u00d6netilebilir mi? Kitap, yenid\u00fcnya d\u00fczeninde 2023- 2053 y\u0131llar\u0131na temas etmektedir. \u0130lk etapta mant\u0131kl\u0131 g\u00d6r\u00fcnmeyen fakat belli metodolojiler ile duygusall\u0131ktan uzak ak\u0131l ve bilim \u00e7er\u00e7evesinde gelece\u011fi<span class=\"excerpt-hellip\"> [\u2026]<\/span><\/p>\n","protected":false},"featured_media":0,"template":"","meta":{"_monsterinsights_skip_tracking":false,"_monsterinsights_sitenote_active":false,"_monsterinsights_sitenote_note":"","_monsterinsights_sitenote_category":0},"product_brand":[],"product_cat":[13005],"product_tag":[],"class_list":{"0":"post-740209","1":"product","2":"type-product","3":"status-publish","5":"product_cat-bilim-muhendislik","6":"pa_cilt-ciltsiz","7":"pa_tur-kitap","8":"pa_yayinevi-platanus-publishing","9":"pa_yazar-umit-kisa","11":"first","12":"instock","13":"sale","14":"shipping-taxable","15":"purchasable","16":"product-type-simple"},"_links":{"self":[{"href":"https:\/\/roveyayinevi.com.tr\/index.php\/wp-json\/wp\/v2\/product\/740209","targetHints":{"allow":["GET"]}}],"collection":[{"href":"https:\/\/roveyayinevi.com.tr\/index.php\/wp-json\/wp\/v2\/product"}],"about":[{"href":"https:\/\/roveyayinevi.com.tr\/index.php\/wp-json\/wp\/v2\/types\/product"}],"wp:attachment":[{"href":"https:\/\/roveyayinevi.com.tr\/index.php\/wp-json\/wp\/v2\/media?parent=740209"}],"wp:term":[{"taxonomy":"product_brand","embeddable":true,"href":"https:\/\/roveyayinevi.com.tr\/index.php\/wp-json\/wp\/v2\/product_brand?post=740209"},{"taxonomy":"product_cat","embeddable":true,"href":"https:\/\/roveyayinevi.com.tr\/index.php\/wp-json\/wp\/v2\/product_cat?post=740209"},{"taxonomy":"product_tag","embeddable":true,"href":"https:\/\/roveyayinevi.com.tr\/index.php\/wp-json\/wp\/v2\/product_tag?post=740209"}],"curies":[{"name":"wp","href":"https:\/\/api.w.org\/{rel}","templated":true}]}}