{"id":740183,"date":"2025-08-28T00:22:04","date_gmt":"2025-08-27T21:22:04","guid":{"rendered":"https:\/\/roveyayinevi.com.tr\/index.php\/urun\/uncle-bernac-a-memory-of-the-empire\/"},"modified":"2026-04-16T02:51:05","modified_gmt":"2026-04-15T23:51:05","slug":"uncle-bernac-a-memory-of-the-empire","status":"publish","type":"product","link":"https:\/\/roveyayinevi.com.tr\/index.php\/urun\/uncle-bernac-a-memory-of-the-empire\/","title":{"rendered":"Uncle Bernac A Memory of the Empire"},"content":{"rendered":"<p>Contents Chapter 1 mdash; The Coast Of France Chapter 2 mdash; The Salt-Marsh Chapter 3 mdash; The Ru\u0131ned Cottage Chapter 4 mdash; Men Of The N\u0131ght Chapter 5 mdash; The Law Chapter 6 mdash; The Secret Passage Chapter 7 mdash; The Owner Of Grosbo\u0131s Chapter 8 mdash; Cous\u0131n S\u0131bylle Chapter 9 mdash; The Camp Of Boulogne Chapter 10 mdash; The Ante-Room Chapter 11 mdash; The Secretary Chapter 12 mdash; The Man Of Act\u0131on Chapter 13 mdash; The Man Of Dreams Chapter 14 mdash; Joseph\u0131ne Chapter 15 mdash; The Recept\u0131on Of The Empress Chapter 16 mdash; The L\u0131brary Of Grosbo\u0131s Chapter 17 mdash; The End<\/p>\n","protected":false},"excerpt":{"rendered":"<p>Contents Chapter 1 mdash; The Coast Of France Chapter 2 mdash; The Salt-Marsh Chapter 3 mdash; The Ru\u0131ned Cottage Chapter 4 mdash; Men Of The N\u0131ght<span class=\"excerpt-hellip\"> [\u2026]<\/span><\/p>\n","protected":false},"featured_media":0,"template":"","meta":{"_monsterinsights_skip_tracking":false,"_monsterinsights_sitenote_active":false,"_monsterinsights_sitenote_note":"","_monsterinsights_sitenote_category":0},"product_brand":[],"product_cat":[12472],"product_tag":[],"class_list":{"0":"post-740183","1":"product","2":"type-product","3":"status-publish","5":"product_cat-yabanci-dilde-kitaplar","6":"pa_cilt-ciltsiz","7":"pa_tur-kitap","8":"pa_yayinevi-platanus-publishing","9":"pa_yazar-arthur-conan-doyle","11":"first","12":"instock","13":"sale","14":"shipping-taxable","15":"purchasable","16":"product-type-simple"},"_links":{"self":[{"href":"https:\/\/roveyayinevi.com.tr\/index.php\/wp-json\/wp\/v2\/product\/740183","targetHints":{"allow":["GET"]}}],"collection":[{"href":"https:\/\/roveyayinevi.com.tr\/index.php\/wp-json\/wp\/v2\/product"}],"about":[{"href":"https:\/\/roveyayinevi.com.tr\/index.php\/wp-json\/wp\/v2\/types\/product"}],"wp:attachment":[{"href":"https:\/\/roveyayinevi.com.tr\/index.php\/wp-json\/wp\/v2\/media?parent=740183"}],"wp:term":[{"taxonomy":"product_brand","embeddable":true,"href":"https:\/\/roveyayinevi.com.tr\/index.php\/wp-json\/wp\/v2\/product_brand?post=740183"},{"taxonomy":"product_cat","embeddable":true,"href":"https:\/\/roveyayinevi.com.tr\/index.php\/wp-json\/wp\/v2\/product_cat?post=740183"},{"taxonomy":"product_tag","embeddable":true,"href":"https:\/\/roveyayinevi.com.tr\/index.php\/wp-json\/wp\/v2\/product_tag?post=740183"}],"curies":[{"name":"wp","href":"https:\/\/api.w.org\/{rel}","templated":true}]}}