{"id":740146,"date":"2025-08-28T00:21:25","date_gmt":"2025-08-27T21:21:25","guid":{"rendered":"https:\/\/roveyayinevi.com.tr\/index.php\/urun\/cennetten-bir-damla\/"},"modified":"2026-04-16T02:51:02","modified_gmt":"2026-04-15T23:51:02","slug":"cennetten-bir-damla","status":"publish","type":"product","link":"https:\/\/roveyayinevi.com.tr\/index.php\/urun\/cennetten-bir-damla\/","title":{"rendered":"Cennetten Bir Damla"},"content":{"rendered":"<p>Yakla\u015f\u0131k elli y\u0131l e\u011fitim camias\u0131n\u0131n i\u00e7inde Anadolu`nun bir\u00e7ok k\u00d6y\u00fcnde kasabas\u0131nda \u00d6nce \u00d6\u011fretmen ve idareci, daha sonrada \u0130l Genel Meclisi \u00fcyesi olarak \u00e7al\u0131\u015f\u0131rken ba\u015f\u0131mdan ge\u00e7en unutamad\u0131\u011f\u0131m an\u0131lar\u0131m\u0131 Cennetten Bir Damla adl\u0131 kitab\u0131mda sizlere hikaye olarak sunmak istiyorum.Bu hikayeleri okudu\u011funuzda hikayelerin i\u00e7inde bir yerlerde herkes kendini bulacak lsquo;`Bu hikayede bende var\u0131m, benim ya\u015fant\u0131mdan kesitler var&#8220; diyecek. Kitab\u0131 bir okumaya ba\u015flad\u0131\u011f\u0131n\u0131zda zevkle son sayfaya kadar okuyacak, ba\u015fucunuzdan ay\u0131rmayacaks\u0131n\u0131z.Cennetten Bir Damla adl\u0131 hikaye kitab\u0131mla sizlerle yeniden bulu\u015fuyoruz, yeniden kar\u015f\u0131la\u015f\u0131yoruz. Bu kitap bulu\u015fmak i\u00e7in bir \u00e7ay i\u00e7imi adres verdi\u011fimiz As\u0131rl\u0131k \u00e7\u0131nar A\u011fac\u0131n\u0131n alt\u0131ndaki m\u00fctevaz\u0131 \u00e7ay Oca\u011f\u0131 olarak d\u00fc\u015f\u00fcnebilirsiniz.Sa\u00e7lar\u0131m\u0131z a\u011f\u0131rsa da, biraz reflekslerimiz yava\u015flasa da beynimiz sa\u011fl\u0131kl\u0131 \u00e7al\u0131\u015ft\u0131\u011f\u0131 s\u00fcrece \u00fclkemiz ve milletimiz i\u00e7in hep \u00fcretici olmaya devam edece\u011fiz.\u00e7\u00fcnk\u00fc yorulmak, durmak, su\u00e7u hep ba\u015fkalar\u0131na atarak hayattan g\u00fczellikler beklemek bize g\u00d6re bir i\u015f de\u011fildir.<\/p>\n","protected":false},"excerpt":{"rendered":"<p>Yakla\u015f\u0131k elli y\u0131l e\u011fitim camias\u0131n\u0131n i\u00e7inde Anadolu`nun bir\u00e7ok k\u00d6y\u00fcnde kasabas\u0131nda \u00d6nce \u00d6\u011fretmen ve idareci, daha sonrada \u0130l Genel Meclisi \u00fcyesi olarak \u00e7al\u0131\u015f\u0131rken ba\u015f\u0131mdan ge\u00e7en unutamad\u0131\u011f\u0131m an\u0131lar\u0131m\u0131<span class=\"excerpt-hellip\"> [\u2026]<\/span><\/p>\n","protected":false},"featured_media":0,"template":"","meta":{"_monsterinsights_skip_tracking":false,"_monsterinsights_sitenote_active":false,"_monsterinsights_sitenote_note":"","_monsterinsights_sitenote_category":0},"product_brand":[],"product_cat":[12291],"product_tag":[],"class_list":{"0":"post-740146","1":"product","2":"type-product","3":"status-publish","5":"product_cat-edebiyat","6":"pa_cilt-ciltsiz","7":"pa_tur-kitap","8":"pa_yayinevi-platanus-publishing","9":"pa_yazar-ismail-dursun-kuzucu","11":"first","12":"instock","13":"sale","14":"shipping-taxable","15":"purchasable","16":"product-type-simple"},"_links":{"self":[{"href":"https:\/\/roveyayinevi.com.tr\/index.php\/wp-json\/wp\/v2\/product\/740146","targetHints":{"allow":["GET"]}}],"collection":[{"href":"https:\/\/roveyayinevi.com.tr\/index.php\/wp-json\/wp\/v2\/product"}],"about":[{"href":"https:\/\/roveyayinevi.com.tr\/index.php\/wp-json\/wp\/v2\/types\/product"}],"wp:attachment":[{"href":"https:\/\/roveyayinevi.com.tr\/index.php\/wp-json\/wp\/v2\/media?parent=740146"}],"wp:term":[{"taxonomy":"product_brand","embeddable":true,"href":"https:\/\/roveyayinevi.com.tr\/index.php\/wp-json\/wp\/v2\/product_brand?post=740146"},{"taxonomy":"product_cat","embeddable":true,"href":"https:\/\/roveyayinevi.com.tr\/index.php\/wp-json\/wp\/v2\/product_cat?post=740146"},{"taxonomy":"product_tag","embeddable":true,"href":"https:\/\/roveyayinevi.com.tr\/index.php\/wp-json\/wp\/v2\/product_tag?post=740146"}],"curies":[{"name":"wp","href":"https:\/\/api.w.org\/{rel}","templated":true}]}}