{"id":740138,"date":"2025-08-28T00:21:15","date_gmt":"2025-08-27T21:21:15","guid":{"rendered":"https:\/\/roveyayinevi.com.tr\/index.php\/urun\/baskomiser-muzaffer\/"},"modified":"2026-04-08T02:59:14","modified_gmt":"2026-04-07T23:59:14","slug":"baskomiser-muzaffer","status":"publish","type":"product","link":"https:\/\/roveyayinevi.com.tr\/index.php\/urun\/baskomiser-muzaffer\/","title":{"rendered":"Ba\u015fkomiser Muzaffer"},"content":{"rendered":"<p>K\u0131z\u0131n cans\u0131z bedeni g\u00d6zlerinin \u00d6n\u00fcnden gitmiyordu.S\u0131rlarla Dolu S\u00fcr\u00fckleyici Bir Polisiye RomanMuzaffer. O, ge\u00e7mi\u015fin k\u00d6t\u00fc izlerinden kurtulamayan bir cinayet b\u00fcro komiseri. Arad\u0131\u011f\u0131 adalet, onu sonu olmayan bir u\u00e7uruma s\u00fcr\u00fcklemi\u015fti. \u015eimdi ise sevdi\u011fi mesle\u011fine geri d\u00d6nm\u00fc\u015ft\u00fc. Her \u015feyi yoluna koymay\u0131 d\u00fc\u015f\u00fcn\u00fcrken kendini, insan zihninin derinliklerine inen bir seri katilin karanl\u0131knbsp;d\u00fcnyas\u0131nda buldu. Ya katili yakalayacak ya da ge\u00e7mi\u015fin k\u00d6t\u00fc izleri ile tekrar y\u00fczle\u015fmek zorunda kalacakhellip;Vatana, bayra\u011fa sar\u0131ld\u0131k\u00e7a biz&#8230;<\/p>\n","protected":false},"excerpt":{"rendered":"<p>K\u0131z\u0131n cans\u0131z bedeni g\u00d6zlerinin \u00d6n\u00fcnden gitmiyordu.S\u0131rlarla Dolu S\u00fcr\u00fckleyici Bir Polisiye RomanMuzaffer. O, ge\u00e7mi\u015fin k\u00d6t\u00fc izlerinden kurtulamayan bir cinayet b\u00fcro komiseri. Arad\u0131\u011f\u0131 adalet, onu sonu olmayan bir<span class=\"excerpt-hellip\"> [\u2026]<\/span><\/p>\n","protected":false},"featured_media":0,"template":"","meta":{"_monsterinsights_skip_tracking":false,"_monsterinsights_sitenote_active":false,"_monsterinsights_sitenote_note":"","_monsterinsights_sitenote_category":0},"product_brand":[],"product_cat":[12291],"product_tag":[],"class_list":{"0":"post-740138","1":"product","2":"type-product","3":"status-publish","5":"product_cat-edebiyat","6":"pa_cilt-ciltsiz","7":"pa_tur-kitap","8":"pa_yayinevi-platanus-publishing","9":"pa_yazar-ozkan-ural","11":"first","12":"instock","13":"sale","14":"shipping-taxable","15":"purchasable","16":"product-type-simple"},"_links":{"self":[{"href":"https:\/\/roveyayinevi.com.tr\/index.php\/wp-json\/wp\/v2\/product\/740138","targetHints":{"allow":["GET"]}}],"collection":[{"href":"https:\/\/roveyayinevi.com.tr\/index.php\/wp-json\/wp\/v2\/product"}],"about":[{"href":"https:\/\/roveyayinevi.com.tr\/index.php\/wp-json\/wp\/v2\/types\/product"}],"wp:attachment":[{"href":"https:\/\/roveyayinevi.com.tr\/index.php\/wp-json\/wp\/v2\/media?parent=740138"}],"wp:term":[{"taxonomy":"product_brand","embeddable":true,"href":"https:\/\/roveyayinevi.com.tr\/index.php\/wp-json\/wp\/v2\/product_brand?post=740138"},{"taxonomy":"product_cat","embeddable":true,"href":"https:\/\/roveyayinevi.com.tr\/index.php\/wp-json\/wp\/v2\/product_cat?post=740138"},{"taxonomy":"product_tag","embeddable":true,"href":"https:\/\/roveyayinevi.com.tr\/index.php\/wp-json\/wp\/v2\/product_tag?post=740138"}],"curies":[{"name":"wp","href":"https:\/\/api.w.org\/{rel}","templated":true}]}}