{"id":740053,"date":"2025-08-28T00:20:04","date_gmt":"2025-08-27T21:20:04","guid":{"rendered":"https:\/\/roveyayinevi.com.tr\/index.php\/urun\/coklu-zeka-ve-tam-ogrenme-kurami-etkinlikleriyle-masallarla-degerler-egitimi\/"},"modified":"2026-04-16T02:50:41","modified_gmt":"2026-04-15T23:50:41","slug":"coklu-zeka-ve-tam-ogrenme-kurami-etkinlikleriyle-masallarla-degerler-egitimi","status":"publish","type":"product","link":"https:\/\/roveyayinevi.com.tr\/index.php\/urun\/coklu-zeka-ve-tam-ogrenme-kurami-etkinlikleriyle-masallarla-degerler-egitimi\/","title":{"rendered":"\u00c7oklu Zeka ve Tam \u00d6\u011frenme Kuram\u0131 Etkinlikleriyle Masallarla De\u011ferler E\u011fitimi"},"content":{"rendered":"<p>Ad\u0131na medeniyet bile denilemeyecek bu bilgi ve teknolojiye dayal\u0131 maddeci yap\u0131 insan\u0131 insan yapan en \u00d6nemli y\u00d6n\u00fc olan ruhunu g\u00d6rememi\u015f, bu y\u00d6n\u00fcn\u00fc ihmal etmi\u015f ve insan\u0131 insan\u0131n kurdu haline getirmi\u015ftir.Maddi ve teknolojik geli\u015fmeler insanl\u0131\u011f\u0131n hayr\u0131na kullan\u0131lmam\u0131\u015f, emperyalist bir anlay\u0131\u015fla sadece kendi mutluluklar\u0131 i\u00e7in d\u00fcnyan\u0131n geri kalan\u0131n\u0131 s\u00d6m\u00fcrerek kan ve g\u00d6zya\u015f\u0131yla yo\u011frulmu\u015f nice mazlum halklar\u0131n do\u011fmas\u0131na neden olmu\u015ftur D\u00fcnyaya sevgi ve hizmete dayal\u0131 ger\u00e7ek medeniyetin ne oldu\u011funu g\u00d6stermi\u015f aziz ecdad\u0131m\u0131z\u0131n torunlar\u0131 olarak yery\u00fcz\u00fcnde unutulmu\u015f bu mutluluk asr\u0131n\u0131 tekrardan hat\u0131rlamak, ya\u015famak ve ya\u015fatmak insanl\u0131\u011fa kar\u015f\u0131 bizim bir borcumuz olarak kar\u015f\u0131m\u0131za \u00e7\u0131kmaktad\u0131r. Tamda bu noktada de\u011ferler e\u011fitimine yeniden gereken \u00d6nemi vermeli, \u00d6zellikle karakterin olu\u015fmas\u0131nda hayati \u00d6neme sahip ilkokul devresinde bu de\u011ferleri \u00e7ocuklar\u0131m\u0131z\u0131n ho\u015funa gidece\u011fi bir y\u00d6ntemle onlara a\u015f\u0131lamaya \u00e7al\u0131\u015fmal\u0131y\u0131z.Bundan \u00d6nceki \u00e7al\u0131\u015fmam\u0131zda de\u011ferlerimizi onlar\u0131n en \u00e7ok sevdi\u011fi oyunlarla kazand\u0131rmaya \u00e7al\u0131\u015fm\u0131\u015ft\u0131k. \u015eimdi de yine \u00e7ocuklar\u0131n, kendini ger\u00e7ekle\u015ftirmesinde, sosyalle\u015fmesinde, dil geli\u015fiminde, i\u00e7inden \u00e7\u0131kt\u0131\u011f\u0131 toplumla ve onun de\u011fer yarg\u0131lar\u0131yla b\u00fct\u00fcnle\u015fmesinde, hayata olumlu bir g\u00d6zle bakmas\u0131nda, \u00e7evreye ve ba\u015fkalar\u0131na kar\u015f\u0131 du-yarl\u0131 olabilmesinde, iyi-k\u00d6t\u00fc, hak hukuk olgular\u0131n\u0131 anlamland\u0131rma ve \u015fekil lendirmesinde, d\u00fc\u015f\u00fcnme yetene\u011finde, adalet, merhamet, sevgi, sayg\u0131, mertlik, d\u00fcr\u00fcstl\u00fck gibi de\u011ferleri \u00d6\u011frenmesinde, hayal d\u00fcnyas\u0131n\u0131 geli\u015ftirebilmesinde ve \u00e7ocu\u011fun duyu\u015fsal, bili\u015fsel, zihinsel ve psiko-sosyal geli\u015fiminde \u00e7ok \u00d6nemli bir katk\u0131s\u0131 olan masallarla bu de\u011ferleri \u00d6\u011fretmeye \u00e7al\u0131\u015faca\u011f\u0131z. Masallar\u0131 bir ara\u00e7 olarak al\u0131p \u00e7ocuklar\u0131n bir b\u00fct\u00fcn halinde geli\u015fmesini ama\u00e7layan \u00e7oklu zeka kuram\u0131, tam \u00d6\u011frenme, bulu\u015f yoluyla \u00d6\u011frenme, probleme dayal\u0131 \u00d6\u011frenme y\u00d6ntemlerini de kullanarak zevkli, verimli etkinlikler haz\u0131rlamaya \u00e7al\u0131\u015ft\u0131k.Beklenen verimin elde edilmesi niyaz\u0131yla<\/p>\n","protected":false},"excerpt":{"rendered":"<p>Ad\u0131na medeniyet bile denilemeyecek bu bilgi ve teknolojiye dayal\u0131 maddeci yap\u0131 insan\u0131 insan yapan en \u00d6nemli y\u00d6n\u00fc olan ruhunu g\u00d6rememi\u015f, bu y\u00d6n\u00fcn\u00fc ihmal etmi\u015f ve insan\u0131<span class=\"excerpt-hellip\"> [\u2026]<\/span><\/p>\n","protected":false},"featured_media":0,"template":"","meta":{"_monsterinsights_skip_tracking":false,"_monsterinsights_sitenote_active":false,"_monsterinsights_sitenote_note":"","_monsterinsights_sitenote_category":0},"product_brand":[],"product_cat":[12274],"product_tag":[],"class_list":{"0":"post-740053","1":"product","2":"type-product","3":"status-publish","5":"product_cat-cocuk-ve-genclik-kitaplari","6":"pa_cilt-ciltsiz","7":"pa_tur-kitap","8":"pa_yayinevi-platanus-publishing","9":"pa_yazar-ahmet-demir","11":"first","12":"instock","13":"sale","14":"shipping-taxable","15":"purchasable","16":"product-type-simple"},"_links":{"self":[{"href":"https:\/\/roveyayinevi.com.tr\/index.php\/wp-json\/wp\/v2\/product\/740053","targetHints":{"allow":["GET"]}}],"collection":[{"href":"https:\/\/roveyayinevi.com.tr\/index.php\/wp-json\/wp\/v2\/product"}],"about":[{"href":"https:\/\/roveyayinevi.com.tr\/index.php\/wp-json\/wp\/v2\/types\/product"}],"wp:attachment":[{"href":"https:\/\/roveyayinevi.com.tr\/index.php\/wp-json\/wp\/v2\/media?parent=740053"}],"wp:term":[{"taxonomy":"product_brand","embeddable":true,"href":"https:\/\/roveyayinevi.com.tr\/index.php\/wp-json\/wp\/v2\/product_brand?post=740053"},{"taxonomy":"product_cat","embeddable":true,"href":"https:\/\/roveyayinevi.com.tr\/index.php\/wp-json\/wp\/v2\/product_cat?post=740053"},{"taxonomy":"product_tag","embeddable":true,"href":"https:\/\/roveyayinevi.com.tr\/index.php\/wp-json\/wp\/v2\/product_tag?post=740053"}],"curies":[{"name":"wp","href":"https:\/\/api.w.org\/{rel}","templated":true}]}}