{"id":740036,"date":"2025-08-28T00:19:45","date_gmt":"2025-08-27T21:19:45","guid":{"rendered":"https:\/\/roveyayinevi.com.tr\/index.php\/urun\/ilkogretmen-okullarinda-bir-zamanlar-isparta-gonen-ilkogretmen-okulu\/"},"modified":"2026-04-16T02:50:41","modified_gmt":"2026-04-15T23:50:41","slug":"ilkogretmen-okullarinda-bir-zamanlar-isparta-gonen-ilkogretmen-okulu","status":"publish","type":"product","link":"https:\/\/roveyayinevi.com.tr\/index.php\/urun\/ilkogretmen-okullarinda-bir-zamanlar-isparta-gonen-ilkogretmen-okulu\/","title":{"rendered":"\u0130lk\u00f6\u011fretmen Okullar\u0131nda Bir Zamanlar &#8211; Isparta G\u00f6nen \u0130lk\u00f6\u011fretmen Okulu"},"content":{"rendered":"<p>\u0130lk\u00d6\u011fretmen Okullar\u0131, T\u00fcrk e\u011fitim tarihinde hak etti\u011fi yeri alamam\u0131\u015f, hatta K\u00d6y Enstit\u00fcleri ile \u00d6\u011fretmen Liseleri aras\u0131nda kaynay\u0131p gitmi\u015ftir diye d\u00fc\u015f\u00fcn\u00fcyorum. \u00d6vg\u00fclerimiz K\u00d6y Enstit\u00fclerine, yergilerimiz ise \u00d6\u011fretmen Liselerine. Peki, \u0130lk\u00d6\u011fretmen Okullar\u0131 nerede? \u0130lk\u00d6\u011fretmen okullar\u0131nda bir zamanlar Topland\u0131 k\u00d6ylerden Y\u00fcrekleri kocaman Zeki ve \u00e7al\u0131\u015fkan K\u00d6yl\u00fc \u00e7ocuklar. \u015e\u00d6len gibi ya\u015fand\u0131 orada Gecelerden g\u00fcne\u015fe yolculuklar.nbsp;\u0130nsan y\u00fcre\u011fi yumruk kadar bir organ? Buna ne kadar sevgi s\u0131\u011fd\u0131rabilirsiniz ki? Bazen ki\u015finin kendini sevmesine yetecek kadar bile sevgi s\u0131\u011fmaz. Ama bazen de, o yumruk kadarc\u0131k y\u00fcre\u011fe, t\u00fcm d\u00fcnyay\u0131 ve insanl\u0131\u011f\u0131nbsp;kucaklayacak kadar sevgi y\u00fcklenebiliyor. Ve insan y\u00fcre\u011fi, y\u00fcklendi\u011fi sevgi kadar b\u00fcy\u00fcy\u00fcp, geni\u015fleyip, evrensel de\u011ferler ve erdemlerle kendini y\u00fcceltebiliyor. \u0130\u015fte T\u00fcrkan Sara\u00e7o\u011flu \u00d6\u011fretmenimiz, b\u00d6yle bir y\u00fcre\u011fe sahipti. 600 \u00d6\u011frenci onun o sevecen ana\u00e7 y\u00fcre\u011fine az geldi bile diyebilirim.<\/p>\n","protected":false},"excerpt":{"rendered":"<p>\u0130lk\u00d6\u011fretmen Okullar\u0131, T\u00fcrk e\u011fitim tarihinde hak etti\u011fi yeri alamam\u0131\u015f, hatta K\u00d6y Enstit\u00fcleri ile \u00d6\u011fretmen Liseleri aras\u0131nda kaynay\u0131p gitmi\u015ftir diye d\u00fc\u015f\u00fcn\u00fcyorum. \u00d6vg\u00fclerimiz K\u00d6y Enstit\u00fclerine, yergilerimiz ise \u00d6\u011fretmen<span class=\"excerpt-hellip\"> [\u2026]<\/span><\/p>\n","protected":false},"featured_media":0,"template":"","meta":{"_monsterinsights_skip_tracking":false,"_monsterinsights_sitenote_active":false,"_monsterinsights_sitenote_note":"","_monsterinsights_sitenote_category":0},"product_brand":[],"product_cat":[12304],"product_tag":[],"class_list":{"0":"post-740036","1":"product","2":"type-product","3":"status-publish","5":"product_cat-tarih","6":"pa_cilt-ciltsiz","7":"pa_tur-kitap","8":"pa_yayinevi-platanus-publishing","9":"pa_yazar-nazmi-oner","11":"first","12":"instock","13":"sale","14":"shipping-taxable","15":"purchasable","16":"product-type-simple"},"_links":{"self":[{"href":"https:\/\/roveyayinevi.com.tr\/index.php\/wp-json\/wp\/v2\/product\/740036","targetHints":{"allow":["GET"]}}],"collection":[{"href":"https:\/\/roveyayinevi.com.tr\/index.php\/wp-json\/wp\/v2\/product"}],"about":[{"href":"https:\/\/roveyayinevi.com.tr\/index.php\/wp-json\/wp\/v2\/types\/product"}],"wp:attachment":[{"href":"https:\/\/roveyayinevi.com.tr\/index.php\/wp-json\/wp\/v2\/media?parent=740036"}],"wp:term":[{"taxonomy":"product_brand","embeddable":true,"href":"https:\/\/roveyayinevi.com.tr\/index.php\/wp-json\/wp\/v2\/product_brand?post=740036"},{"taxonomy":"product_cat","embeddable":true,"href":"https:\/\/roveyayinevi.com.tr\/index.php\/wp-json\/wp\/v2\/product_cat?post=740036"},{"taxonomy":"product_tag","embeddable":true,"href":"https:\/\/roveyayinevi.com.tr\/index.php\/wp-json\/wp\/v2\/product_tag?post=740036"}],"curies":[{"name":"wp","href":"https:\/\/api.w.org\/{rel}","templated":true}]}}