{"id":739973,"date":"2025-08-28T00:18:24","date_gmt":"2025-08-27T21:18:24","guid":{"rendered":"https:\/\/roveyayinevi.com.tr\/index.php\/urun\/damlalar\/"},"modified":"2026-04-16T02:50:38","modified_gmt":"2026-04-15T23:50:38","slug":"damlalar","status":"publish","type":"product","link":"https:\/\/roveyayinevi.com.tr\/index.php\/urun\/damlalar\/","title":{"rendered":"Damlalar"},"content":{"rendered":"<p>\u0130ster kel ol \u0130ster k\u00d6r topal \u0130ster sa\u011f\u0131r yada dilsiz ol \u0130htiyarda olsa gen\u00e7te olsa, A\u015f\u0131k a\u015f\u0131kt\u0131r. Hurda da olsa Alt\u0131n\u0131 hurdac\u0131ya satmazs\u0131n. Hurdac\u0131 hurda al\u0131r. Alt\u0131n\u0131 sarraf. A\u015fk\u0131 sevday\u0131 a\u015f\u0131k, G\u00fcl\u00fcn k\u0131ymetini g\u00d6nl\u00fc g\u00fczel bilir. Hurda hurdac\u0131da alt\u0131n sarrafta De\u011fer bulur.<\/p>\n","protected":false},"excerpt":{"rendered":"<p>\u0130ster kel ol \u0130ster k\u00d6r topal \u0130ster sa\u011f\u0131r yada dilsiz ol \u0130htiyarda olsa gen\u00e7te olsa, A\u015f\u0131k a\u015f\u0131kt\u0131r. Hurda da olsa Alt\u0131n\u0131 hurdac\u0131ya satmazs\u0131n. Hurdac\u0131 hurda al\u0131r.<span class=\"excerpt-hellip\"> [\u2026]<\/span><\/p>\n","protected":false},"featured_media":0,"template":"","meta":{"_monsterinsights_skip_tracking":false,"_monsterinsights_sitenote_active":false,"_monsterinsights_sitenote_note":"","_monsterinsights_sitenote_category":0},"product_brand":[],"product_cat":[12291],"product_tag":[],"class_list":{"0":"post-739973","1":"product","2":"type-product","3":"status-publish","5":"product_cat-edebiyat","6":"pa_cilt-ciltsiz","7":"pa_tur-kitap","8":"pa_yayinevi-platanus-publishing","9":"pa_yazar-refik-pelvan","11":"first","12":"instock","13":"sale","14":"shipping-taxable","15":"purchasable","16":"product-type-simple"},"_links":{"self":[{"href":"https:\/\/roveyayinevi.com.tr\/index.php\/wp-json\/wp\/v2\/product\/739973","targetHints":{"allow":["GET"]}}],"collection":[{"href":"https:\/\/roveyayinevi.com.tr\/index.php\/wp-json\/wp\/v2\/product"}],"about":[{"href":"https:\/\/roveyayinevi.com.tr\/index.php\/wp-json\/wp\/v2\/types\/product"}],"wp:attachment":[{"href":"https:\/\/roveyayinevi.com.tr\/index.php\/wp-json\/wp\/v2\/media?parent=739973"}],"wp:term":[{"taxonomy":"product_brand","embeddable":true,"href":"https:\/\/roveyayinevi.com.tr\/index.php\/wp-json\/wp\/v2\/product_brand?post=739973"},{"taxonomy":"product_cat","embeddable":true,"href":"https:\/\/roveyayinevi.com.tr\/index.php\/wp-json\/wp\/v2\/product_cat?post=739973"},{"taxonomy":"product_tag","embeddable":true,"href":"https:\/\/roveyayinevi.com.tr\/index.php\/wp-json\/wp\/v2\/product_tag?post=739973"}],"curies":[{"name":"wp","href":"https:\/\/api.w.org\/{rel}","templated":true}]}}