{"id":739956,"date":"2025-08-28T00:18:02","date_gmt":"2025-08-27T21:18:02","guid":{"rendered":"https:\/\/roveyayinevi.com.tr\/index.php\/urun\/yasam-ve-guc\/"},"modified":"2026-04-06T13:10:46","modified_gmt":"2026-04-06T10:10:46","slug":"yasam-ve-guc","status":"publish","type":"product","link":"https:\/\/roveyayinevi.com.tr\/index.php\/urun\/yasam-ve-guc\/","title":{"rendered":"Ya\u015fam ve G\u00fc\u00e7"},"content":{"rendered":"<p>Bu kitapta anlatt\u0131\u011f\u0131m konu olumlu veya olumsuz durumlarda her zaman bir \u00e7\u00d6z\u00fcm tekni\u011fi vard\u0131r. Ama her\u015feyden \u00d6nce hayat\u0131 tan\u0131may\u0131 ve ho\u015fg\u00d6r\u00fcl\u00fc olmay\u0131 bilmek kendini her geli\u015ftirmek ve de\u011fi\u015fime ayak uydurmak gerekir. Birde hayatta sava\u015fmak g\u00fc\u00e7l\u00fc olmak i\u00e7in korkmadan ve kendine g\u00fcvenmeyi bilmen ben yapar\u0131m ba\u015farabilirim demeyi bilmen gerek..<\/p>\n","protected":false},"excerpt":{"rendered":"<p>Bu kitapta anlatt\u0131\u011f\u0131m konu olumlu veya olumsuz durumlarda her zaman bir \u00e7\u00d6z\u00fcm tekni\u011fi vard\u0131r. Ama her\u015feyden \u00d6nce hayat\u0131 tan\u0131may\u0131 ve ho\u015fg\u00d6r\u00fcl\u00fc olmay\u0131 bilmek kendini her geli\u015ftirmek<span class=\"excerpt-hellip\"> [\u2026]<\/span><\/p>\n","protected":false},"featured_media":0,"template":"","meta":{"_monsterinsights_skip_tracking":false,"_monsterinsights_sitenote_active":false,"_monsterinsights_sitenote_note":"","_monsterinsights_sitenote_category":0},"product_brand":[],"product_cat":[12566],"product_tag":[],"class_list":{"0":"post-739956","1":"product","2":"type-product","3":"status-publish","5":"product_cat-egitim","6":"pa_cilt-ciltsiz","7":"pa_tur-kitap","8":"pa_yayinevi-platanus-publishing","9":"pa_yazar-atakan","11":"first","12":"instock","13":"sale","14":"shipping-taxable","15":"purchasable","16":"product-type-simple"},"_links":{"self":[{"href":"https:\/\/roveyayinevi.com.tr\/index.php\/wp-json\/wp\/v2\/product\/739956","targetHints":{"allow":["GET"]}}],"collection":[{"href":"https:\/\/roveyayinevi.com.tr\/index.php\/wp-json\/wp\/v2\/product"}],"about":[{"href":"https:\/\/roveyayinevi.com.tr\/index.php\/wp-json\/wp\/v2\/types\/product"}],"wp:attachment":[{"href":"https:\/\/roveyayinevi.com.tr\/index.php\/wp-json\/wp\/v2\/media?parent=739956"}],"wp:term":[{"taxonomy":"product_brand","embeddable":true,"href":"https:\/\/roveyayinevi.com.tr\/index.php\/wp-json\/wp\/v2\/product_brand?post=739956"},{"taxonomy":"product_cat","embeddable":true,"href":"https:\/\/roveyayinevi.com.tr\/index.php\/wp-json\/wp\/v2\/product_cat?post=739956"},{"taxonomy":"product_tag","embeddable":true,"href":"https:\/\/roveyayinevi.com.tr\/index.php\/wp-json\/wp\/v2\/product_tag?post=739956"}],"curies":[{"name":"wp","href":"https:\/\/api.w.org\/{rel}","templated":true}]}}