{"id":739855,"date":"2025-08-28T00:16:14","date_gmt":"2025-08-27T21:16:14","guid":{"rendered":"https:\/\/roveyayinevi.com.tr\/index.php\/urun\/sinemada-yol-ve-yolculuk\/"},"modified":"2026-04-16T02:50:32","modified_gmt":"2026-04-15T23:50:32","slug":"sinemada-yol-ve-yolculuk","status":"publish","type":"product","link":"https:\/\/roveyayinevi.com.tr\/index.php\/urun\/sinemada-yol-ve-yolculuk\/","title":{"rendered":"Sinemada Yol ve Yolculuk"},"content":{"rendered":"<p>Sinema sanat\u0131n\u0131n en g\u00fczel \u00d6rneklerinin g\u00d6r\u00fcld\u00fc\u011f\u00fc yol filmleri g\u00fcc\u00fcn\u00fc karakterlerden, mekanlardan ve tesad\u00fcferden al\u0131r. Filmlerde g\u00d6rd\u00fc\u011f\u00fcm\u00fcz yolculuk sadece maddi de\u011fil ayn\u0131 zamanda manevidir. Karakterin fiziki yolculu\u011fu bir s\u00fcre sonra i\u00e7sel yolculu\u011fa d\u00d6n\u00fc\u015f\u00fcr. Karakterin d\u00d6n\u00fc\u015f\u00fcm\u00fc seyirciyi de etkiler.Felsefenin insan\u0131, benlik, ya\u015fam, \u00d6l\u00fcm, tanr\u0131 ve varolu\u015fu sorgulatan taraf\u0131 sinema sanat\u0131 sayesinde yeni bir forma kavu\u015fmu\u015ftur. Bu form al\u0131\u015f\u0131lm\u0131\u015f kal\u0131plar\u0131n \u00e7ok \u00d6tesinde daha ak\u0131\u015fkan ve verimlidir. \u00fcnl\u00fc teorisyen Joseph Campbell\u0131n ldquo;Kahraman\u0131n Sonsuz Yolculu\u011furdquo; modelinin en iyi g\u00d6zlemlenebilece\u011fi yol filmleri psikolojik, sosyolojik, tarihsel ve felsefi okumalara da olduk\u00e7a a\u00e7\u0131kt\u0131r.Bu kitapta ldquo;Easy Riderrdquo;dan ldquo;Puslu Manzaralarrdquo;a, ldquo;Paris, Texasrdquo;dan ldquo;Kikujironun Yaz\u0131rdquo;na dek sinema tarihine damgas\u0131n\u0131 vurmu\u015f yol filmleri kahraman\u0131n sonsuz yolculu\u011fu kapsam\u0131nda de\u011ferlendirilmi\u015ftir. Sinema yazar\u0131 Dr. \u00d6\u011fr. \u00fcyesi F\u0131rat Say\u0131c\u0131n\u0131n sinema tarihi alan\u0131nda T\u00fcrkiyede ilk defa bu denli kapsaml\u0131 incelenen yol sinemas\u0131 \u00fczerine bu \u00e7al\u0131\u015fmas\u0131 ba\u015fta akademisyenler, sinema \u00d6\u011frencileri ve sinemaseverler olmak \u00fczere her kesimden okuyucuya hitap ediyor.<\/p>\n","protected":false},"excerpt":{"rendered":"<p>Sinema sanat\u0131n\u0131n en g\u00fczel \u00d6rneklerinin g\u00d6r\u00fcld\u00fc\u011f\u00fc yol filmleri g\u00fcc\u00fcn\u00fc karakterlerden, mekanlardan ve tesad\u00fcferden al\u0131r. Filmlerde g\u00d6rd\u00fc\u011f\u00fcm\u00fcz yolculuk sadece maddi de\u011fil ayn\u0131 zamanda manevidir. Karakterin fiziki yolculu\u011fu<span class=\"excerpt-hellip\"> [\u2026]<\/span><\/p>\n","protected":false},"featured_media":0,"template":"","meta":{"_monsterinsights_skip_tracking":false,"_monsterinsights_sitenote_active":false,"_monsterinsights_sitenote_note":"","_monsterinsights_sitenote_category":0},"product_brand":[],"product_cat":[12408],"product_tag":[],"class_list":{"0":"post-739855","1":"product","2":"type-product","3":"status-publish","5":"product_cat-sanat","6":"pa_cilt-ciltsiz","7":"pa_tur-kitap","8":"pa_yayinevi-platanus-publishing","9":"pa_yazar-firat-sayici","11":"first","12":"instock","13":"sale","14":"shipping-taxable","15":"purchasable","16":"product-type-simple"},"_links":{"self":[{"href":"https:\/\/roveyayinevi.com.tr\/index.php\/wp-json\/wp\/v2\/product\/739855","targetHints":{"allow":["GET"]}}],"collection":[{"href":"https:\/\/roveyayinevi.com.tr\/index.php\/wp-json\/wp\/v2\/product"}],"about":[{"href":"https:\/\/roveyayinevi.com.tr\/index.php\/wp-json\/wp\/v2\/types\/product"}],"wp:attachment":[{"href":"https:\/\/roveyayinevi.com.tr\/index.php\/wp-json\/wp\/v2\/media?parent=739855"}],"wp:term":[{"taxonomy":"product_brand","embeddable":true,"href":"https:\/\/roveyayinevi.com.tr\/index.php\/wp-json\/wp\/v2\/product_brand?post=739855"},{"taxonomy":"product_cat","embeddable":true,"href":"https:\/\/roveyayinevi.com.tr\/index.php\/wp-json\/wp\/v2\/product_cat?post=739855"},{"taxonomy":"product_tag","embeddable":true,"href":"https:\/\/roveyayinevi.com.tr\/index.php\/wp-json\/wp\/v2\/product_tag?post=739855"}],"curies":[{"name":"wp","href":"https:\/\/api.w.org\/{rel}","templated":true}]}}