{"id":739836,"date":"2025-08-28T00:15:54","date_gmt":"2025-08-27T21:15:54","guid":{"rendered":"https:\/\/roveyayinevi.com.tr\/index.php\/urun\/8-dakika-yok-olmak-sadece-bir-baslangicti\/"},"modified":"2026-04-16T02:50:31","modified_gmt":"2026-04-15T23:50:31","slug":"8-dakika-yok-olmak-sadece-bir-baslangicti","status":"publish","type":"product","link":"https:\/\/roveyayinevi.com.tr\/index.php\/urun\/8-dakika-yok-olmak-sadece-bir-baslangicti\/","title":{"rendered":"8 Dakika &#8211; Yok Olmak Sadece Bir Ba\u015flang\u0131\u00e7t\u0131!"},"content":{"rendered":"<p>Yok olmak sadece bir ba\u015flang\u0131\u00e7t\u0131!\u0130ngilterede ba\u015far\u0131l\u0131 bir gazeteci olan Melin hayat\u0131, do\u011fum g\u00fcn\u00fcnde Profes\u00d6r Beckerin ona verdi\u011fi hediyeyle tamamen de\u011fi\u015fecektir.Mavi g\u00d6l, gizemli iglo, siyah \u015fapkal\u0131 adam&#8230;Peki kendisini s\u0131rlar\u0131n i\u00e7inde bulan Mel ldquo;Korunakl\u0131 \u015eehirrdquo; efsanesini \u00e7\u00d6zebilecek midir?nbsp;\u0130zlandada ge\u00e7en bu gizemli hikayeye siz de ortak olmak ister misiniz?<\/p>\n","protected":false},"excerpt":{"rendered":"<p>Yok olmak sadece bir ba\u015flang\u0131\u00e7t\u0131!\u0130ngilterede ba\u015far\u0131l\u0131 bir gazeteci olan Melin hayat\u0131, do\u011fum g\u00fcn\u00fcnde Profes\u00d6r Beckerin ona verdi\u011fi hediyeyle tamamen de\u011fi\u015fecektir.Mavi g\u00d6l, gizemli iglo, siyah \u015fapkal\u0131 adam&#8230;Peki<span class=\"excerpt-hellip\"> [\u2026]<\/span><\/p>\n","protected":false},"featured_media":0,"template":"","meta":{"_monsterinsights_skip_tracking":false,"_monsterinsights_sitenote_active":false,"_monsterinsights_sitenote_note":"","_monsterinsights_sitenote_category":0},"product_brand":[],"product_cat":[12291],"product_tag":[],"class_list":{"0":"post-739836","1":"product","2":"type-product","3":"status-publish","5":"product_cat-edebiyat","6":"pa_cilt-ciltsiz","7":"pa_tur-kitap","8":"pa_yayinevi-platanus-publishing","9":"pa_yazar-irem-can","11":"first","12":"instock","13":"sale","14":"shipping-taxable","15":"purchasable","16":"product-type-simple"},"_links":{"self":[{"href":"https:\/\/roveyayinevi.com.tr\/index.php\/wp-json\/wp\/v2\/product\/739836","targetHints":{"allow":["GET"]}}],"collection":[{"href":"https:\/\/roveyayinevi.com.tr\/index.php\/wp-json\/wp\/v2\/product"}],"about":[{"href":"https:\/\/roveyayinevi.com.tr\/index.php\/wp-json\/wp\/v2\/types\/product"}],"wp:attachment":[{"href":"https:\/\/roveyayinevi.com.tr\/index.php\/wp-json\/wp\/v2\/media?parent=739836"}],"wp:term":[{"taxonomy":"product_brand","embeddable":true,"href":"https:\/\/roveyayinevi.com.tr\/index.php\/wp-json\/wp\/v2\/product_brand?post=739836"},{"taxonomy":"product_cat","embeddable":true,"href":"https:\/\/roveyayinevi.com.tr\/index.php\/wp-json\/wp\/v2\/product_cat?post=739836"},{"taxonomy":"product_tag","embeddable":true,"href":"https:\/\/roveyayinevi.com.tr\/index.php\/wp-json\/wp\/v2\/product_tag?post=739836"}],"curies":[{"name":"wp","href":"https:\/\/api.w.org\/{rel}","templated":true}]}}