{"id":739827,"date":"2025-08-28T00:15:10","date_gmt":"2025-08-27T21:15:10","guid":{"rendered":"https:\/\/roveyayinevi.com.tr\/index.php\/urun\/duyulmayan-senfoni\/"},"modified":"2026-04-16T02:50:30","modified_gmt":"2026-04-15T23:50:30","slug":"duyulmayan-senfoni","status":"publish","type":"product","link":"https:\/\/roveyayinevi.com.tr\/index.php\/urun\/duyulmayan-senfoni\/","title":{"rendered":"Duyulmayan Senfoni"},"content":{"rendered":"<p>Ya\u015fam nehri bak\u0131\u015f yoluna izler b\u0131rak\u0131r, her ak\u0131\u015f bir \u0131\u015f\u0131lt\u0131y\u0131 al\u0131r bir sonraki ak\u0131\u015fa emanet b\u0131rak\u0131r, belki de ya\u015fam\u0131n \u015femas\u0131 en iyi nehirlere \u00e7izilir, su her \u015feyin emanet oldu\u011funu bilir; \u00e7\u00fcnk\u00fc rengi g\u00d6ky\u00fcz\u00fcnden kendi suretine emanettir bu y\u00fczden belki de emanetin de\u011ferini en iyi o bilir&#8230;<\/p>\n","protected":false},"excerpt":{"rendered":"<p>Ya\u015fam nehri bak\u0131\u015f yoluna izler b\u0131rak\u0131r, her ak\u0131\u015f bir \u0131\u015f\u0131lt\u0131y\u0131 al\u0131r bir sonraki ak\u0131\u015fa emanet b\u0131rak\u0131r, belki de ya\u015fam\u0131n \u015femas\u0131 en iyi nehirlere \u00e7izilir, su her<span class=\"excerpt-hellip\"> [\u2026]<\/span><\/p>\n","protected":false},"featured_media":0,"template":"","meta":{"_monsterinsights_skip_tracking":false,"_monsterinsights_sitenote_active":false,"_monsterinsights_sitenote_note":"","_monsterinsights_sitenote_category":0},"product_brand":[],"product_cat":[12291],"product_tag":[],"class_list":{"0":"post-739827","1":"product","2":"type-product","3":"status-publish","5":"product_cat-edebiyat","6":"pa_cilt-ciltsiz","7":"pa_tur-kitap","8":"pa_yayinevi-platanus-publishing","9":"pa_yazar-ayse-nehir-sevinc","11":"first","12":"instock","13":"sale","14":"shipping-taxable","15":"purchasable","16":"product-type-simple"},"_links":{"self":[{"href":"https:\/\/roveyayinevi.com.tr\/index.php\/wp-json\/wp\/v2\/product\/739827","targetHints":{"allow":["GET"]}}],"collection":[{"href":"https:\/\/roveyayinevi.com.tr\/index.php\/wp-json\/wp\/v2\/product"}],"about":[{"href":"https:\/\/roveyayinevi.com.tr\/index.php\/wp-json\/wp\/v2\/types\/product"}],"wp:attachment":[{"href":"https:\/\/roveyayinevi.com.tr\/index.php\/wp-json\/wp\/v2\/media?parent=739827"}],"wp:term":[{"taxonomy":"product_brand","embeddable":true,"href":"https:\/\/roveyayinevi.com.tr\/index.php\/wp-json\/wp\/v2\/product_brand?post=739827"},{"taxonomy":"product_cat","embeddable":true,"href":"https:\/\/roveyayinevi.com.tr\/index.php\/wp-json\/wp\/v2\/product_cat?post=739827"},{"taxonomy":"product_tag","embeddable":true,"href":"https:\/\/roveyayinevi.com.tr\/index.php\/wp-json\/wp\/v2\/product_tag?post=739827"}],"curies":[{"name":"wp","href":"https:\/\/api.w.org\/{rel}","templated":true}]}}