{"id":739672,"date":"2025-08-28T00:13:21","date_gmt":"2025-08-27T21:13:21","guid":{"rendered":"https:\/\/roveyayinevi.com.tr\/index.php\/urun\/gunes-gibi-ol\/"},"modified":"2026-04-16T02:50:21","modified_gmt":"2026-04-15T23:50:21","slug":"gunes-gibi-ol","status":"publish","type":"product","link":"https:\/\/roveyayinevi.com.tr\/index.php\/urun\/gunes-gibi-ol\/","title":{"rendered":"G\u00fcne\u015f Gibi Ol"},"content":{"rendered":"<p>Babalar\u0131, onlara r\u00fcyalar\u0131nda dedi ki: ldquo;O\u011fullar\u0131m, bunu a\u00e7\u0131k\u00e7a s\u00d6ylemeye imkan yok. Apa\u00e7\u0131k ve oldu\u011fu gibi s\u00d6ylememe izin yok. Ama bu s\u0131r , uzak de\u011fil g\u00d6z\u00fcm\u00fcn \u00d6n\u00fcnde. Size bir ni\u015fane g\u00d6stereyim de gizli \u015fey a\u015fikar olsun. G\u00d6zlerimin nurlar\u0131, oraya var\u0131n da onun uyumakta oldu\u011fu yeri anlay\u0131n. O hakikat sahibi uyurken korkmay\u0131n asay\u0131 almaya kalk\u0131\u015f\u0131n. E\u011fer \u00e7alabilirseniz o sihirbaz\u0131n biridir. Sihirbaza kar\u015f\u0131 \u00e7are bulmay\u0131 bilirsiniz siz. Yok e\u011fer \u00e7alamazsan\u0131z aman ha amanhellip; kendinize gelin, o, Allah eridir. Ululuk sahibi ve hidayet verici Allah\u0131n el\u00e7isidir .<\/p>\n","protected":false},"excerpt":{"rendered":"<p>Babalar\u0131, onlara r\u00fcyalar\u0131nda dedi ki: ldquo;O\u011fullar\u0131m, bunu a\u00e7\u0131k\u00e7a s\u00d6ylemeye imkan yok. Apa\u00e7\u0131k ve oldu\u011fu gibi s\u00d6ylememe izin yok. Ama bu s\u0131r , uzak de\u011fil g\u00d6z\u00fcm\u00fcn \u00d6n\u00fcnde.<span class=\"excerpt-hellip\"> [\u2026]<\/span><\/p>\n","protected":false},"featured_media":0,"template":"","meta":{"_monsterinsights_skip_tracking":false,"_monsterinsights_sitenote_active":false,"_monsterinsights_sitenote_note":"","_monsterinsights_sitenote_category":0},"product_brand":[],"product_cat":[12718],"product_tag":[],"class_list":{"0":"post-739672","1":"product","2":"type-product","3":"status-publish","5":"product_cat-din","6":"pa_cilt-ciltsiz","7":"pa_tur-kitap","8":"pa_yayinevi-platanus-publishing","9":"pa_yazar-mevlana-celaleddin-i-rumi","11":"first","12":"instock","13":"sale","14":"shipping-taxable","15":"purchasable","16":"product-type-simple"},"_links":{"self":[{"href":"https:\/\/roveyayinevi.com.tr\/index.php\/wp-json\/wp\/v2\/product\/739672","targetHints":{"allow":["GET"]}}],"collection":[{"href":"https:\/\/roveyayinevi.com.tr\/index.php\/wp-json\/wp\/v2\/product"}],"about":[{"href":"https:\/\/roveyayinevi.com.tr\/index.php\/wp-json\/wp\/v2\/types\/product"}],"wp:attachment":[{"href":"https:\/\/roveyayinevi.com.tr\/index.php\/wp-json\/wp\/v2\/media?parent=739672"}],"wp:term":[{"taxonomy":"product_brand","embeddable":true,"href":"https:\/\/roveyayinevi.com.tr\/index.php\/wp-json\/wp\/v2\/product_brand?post=739672"},{"taxonomy":"product_cat","embeddable":true,"href":"https:\/\/roveyayinevi.com.tr\/index.php\/wp-json\/wp\/v2\/product_cat?post=739672"},{"taxonomy":"product_tag","embeddable":true,"href":"https:\/\/roveyayinevi.com.tr\/index.php\/wp-json\/wp\/v2\/product_tag?post=739672"}],"curies":[{"name":"wp","href":"https:\/\/api.w.org\/{rel}","templated":true}]}}