{"id":739634,"date":"2025-08-28T00:12:52","date_gmt":"2025-08-27T21:12:52","guid":{"rendered":"https:\/\/roveyayinevi.com.tr\/index.php\/urun\/hayy\/"},"modified":"2026-04-16T02:50:18","modified_gmt":"2026-04-15T23:50:18","slug":"hayy","status":"publish","type":"product","link":"https:\/\/roveyayinevi.com.tr\/index.php\/urun\/hayy\/","title":{"rendered":"Hayy"},"content":{"rendered":"<p>Beden, kuvvetlerin g\u00d6\u00e7 ettikleri bir mekand\u0131r ve kuvvetler beden arz\u0131n\u0131n s\u00fcsleridir. Nitekim y\u00fcce Allah \u015f\u00d6yle buyurmu\u015ftur: ldquo;Arzdaki (yery\u00fcz\u00fcndeki) her \u015feyi d\u00fcnyan\u0131n kendine mahsus bir ziynet yapt\u0131k.rdquo; (Kehf, 7) Yani kuvvetler, bedenin s\u00fcsleridir. \u015eu ayette de benzeri bir anlam vurgulanmaktad\u0131r: ldquo;O, arzda ne varsa hepsini sizin i\u00e7in yaratt\u0131.rdquo; (Bakara, 29) ldquo;Emin belderdquo;, ldquo;g\u00fczel belderdquo; ldquo;korunmu\u015f, sa\u011flam, savunmal\u0131 belderdquo;, ldquo;yerin dibine ge\u00e7irilmi\u015f yurtrdquo;, ldquo;halk\u0131 zalim belderdquo; ve ldquo;Lutun \u015fehrirdquo; gibi nitelemelerin t\u00fcm\u00fc bedenle ilgilidir. \u00e7\u00fcnk\u00fc orada ldquo; dokuz ki\u015fi (eleba\u015f\u0131) vard\u0131 ki, bunlar yery\u00fcz\u00fcnde (arzda) bozgunculuk yap\u0131yorlar, iyilik taraf\u0131na hi\u00e7 yana\u015fm\u0131yorlard\u0131.rdquo; (Neml, 48) Buras\u0131 ldquo;Bunun \u00fczerine orada bulunan m\u00fcminleri \u00e7\u0131kard\u0131k. Zaten orada M\u00fcsl\u00fcmanlardan, bir ev halk\u0131ndan ba\u015fka kimse bulmad\u0131k.rdquo; (Zariyat, 35-36) denilen yerdir.<\/p>\n","protected":false},"excerpt":{"rendered":"<p>Beden, kuvvetlerin g\u00d6\u00e7 ettikleri bir mekand\u0131r ve kuvvetler beden arz\u0131n\u0131n s\u00fcsleridir. Nitekim y\u00fcce Allah \u015f\u00d6yle buyurmu\u015ftur: ldquo;Arzdaki (yery\u00fcz\u00fcndeki) her \u015feyi d\u00fcnyan\u0131n kendine mahsus bir ziynet yapt\u0131k.rdquo;<span class=\"excerpt-hellip\"> [\u2026]<\/span><\/p>\n","protected":false},"featured_media":0,"template":"","meta":{"_monsterinsights_skip_tracking":false,"_monsterinsights_sitenote_active":false,"_monsterinsights_sitenote_note":"","_monsterinsights_sitenote_category":0},"product_brand":[],"product_cat":[12718],"product_tag":[],"class_list":{"0":"post-739634","1":"product","2":"type-product","3":"status-publish","5":"product_cat-din","6":"pa_cilt-ciltsiz","7":"pa_tur-kitap","8":"pa_yayinevi-platanus-publishing","9":"pa_yazar-muhyiddin-ibn-arabi","11":"first","12":"instock","13":"sale","14":"shipping-taxable","15":"purchasable","16":"product-type-simple"},"_links":{"self":[{"href":"https:\/\/roveyayinevi.com.tr\/index.php\/wp-json\/wp\/v2\/product\/739634","targetHints":{"allow":["GET"]}}],"collection":[{"href":"https:\/\/roveyayinevi.com.tr\/index.php\/wp-json\/wp\/v2\/product"}],"about":[{"href":"https:\/\/roveyayinevi.com.tr\/index.php\/wp-json\/wp\/v2\/types\/product"}],"wp:attachment":[{"href":"https:\/\/roveyayinevi.com.tr\/index.php\/wp-json\/wp\/v2\/media?parent=739634"}],"wp:term":[{"taxonomy":"product_brand","embeddable":true,"href":"https:\/\/roveyayinevi.com.tr\/index.php\/wp-json\/wp\/v2\/product_brand?post=739634"},{"taxonomy":"product_cat","embeddable":true,"href":"https:\/\/roveyayinevi.com.tr\/index.php\/wp-json\/wp\/v2\/product_cat?post=739634"},{"taxonomy":"product_tag","embeddable":true,"href":"https:\/\/roveyayinevi.com.tr\/index.php\/wp-json\/wp\/v2\/product_tag?post=739634"}],"curies":[{"name":"wp","href":"https:\/\/api.w.org\/{rel}","templated":true}]}}