{"id":739576,"date":"2025-08-28T00:11:58","date_gmt":"2025-08-27T21:11:58","guid":{"rendered":"https:\/\/roveyayinevi.com.tr\/index.php\/urun\/cumhuriyet-donemi-kulturel-ve-sosyal-gelismemizin-mihenk-tasi-halkevleri-1932-1951\/"},"modified":"2026-04-16T02:50:15","modified_gmt":"2026-04-15T23:50:15","slug":"cumhuriyet-donemi-kulturel-ve-sosyal-gelismemizin-mihenk-tasi-halkevleri-1932-1951","status":"publish","type":"product","link":"https:\/\/roveyayinevi.com.tr\/index.php\/urun\/cumhuriyet-donemi-kulturel-ve-sosyal-gelismemizin-mihenk-tasi-halkevleri-1932-1951\/","title":{"rendered":"Cumhuriyet D\u00f6nemi K\u00fclt\u00fcrel ve Sosyal Geli\u015fmemizin Mihenk Ta\u015f\u0131 Halkevleri (1932 &#8211; 1951)"},"content":{"rendered":"<p>Cumhuriyet D\u00f6nemi K\u00fclt\u00fcrel ve Sosyal Geli\u015fmemizin Mihenk Ta\u015f\u0131 Halkevleri (1932-1951)<\/p>\n","protected":false},"excerpt":{"rendered":"<p>Cumhuriyet D\u00f6nemi K\u00fclt\u00fcrel ve Sosyal Geli\u015fmemizin Mihenk Ta\u015f\u0131 Halkevleri (1932-1951)<\/p>\n","protected":false},"featured_media":0,"template":"","meta":{"_monsterinsights_skip_tracking":false,"_monsterinsights_sitenote_active":false,"_monsterinsights_sitenote_note":"","_monsterinsights_sitenote_category":0},"product_brand":[],"product_cat":[12304],"product_tag":[],"class_list":{"0":"post-739576","1":"product","2":"type-product","3":"status-publish","5":"product_cat-tarih","6":"pa_cilt-ciltsiz","7":"pa_tur-kitap","8":"pa_yayinevi-platanus-publishing","9":"pa_yazar-adem-kara","11":"first","12":"instock","13":"sale","14":"shipping-taxable","15":"purchasable","16":"product-type-simple"},"_links":{"self":[{"href":"https:\/\/roveyayinevi.com.tr\/index.php\/wp-json\/wp\/v2\/product\/739576","targetHints":{"allow":["GET"]}}],"collection":[{"href":"https:\/\/roveyayinevi.com.tr\/index.php\/wp-json\/wp\/v2\/product"}],"about":[{"href":"https:\/\/roveyayinevi.com.tr\/index.php\/wp-json\/wp\/v2\/types\/product"}],"wp:attachment":[{"href":"https:\/\/roveyayinevi.com.tr\/index.php\/wp-json\/wp\/v2\/media?parent=739576"}],"wp:term":[{"taxonomy":"product_brand","embeddable":true,"href":"https:\/\/roveyayinevi.com.tr\/index.php\/wp-json\/wp\/v2\/product_brand?post=739576"},{"taxonomy":"product_cat","embeddable":true,"href":"https:\/\/roveyayinevi.com.tr\/index.php\/wp-json\/wp\/v2\/product_cat?post=739576"},{"taxonomy":"product_tag","embeddable":true,"href":"https:\/\/roveyayinevi.com.tr\/index.php\/wp-json\/wp\/v2\/product_tag?post=739576"}],"curies":[{"name":"wp","href":"https:\/\/api.w.org\/{rel}","templated":true}]}}