{"id":739575,"date":"2025-08-28T00:11:57","date_gmt":"2025-08-27T21:11:57","guid":{"rendered":"https:\/\/roveyayinevi.com.tr\/index.php\/urun\/kuran-i-kerim-turkce-meali\/"},"modified":"2026-02-03T03:05:41","modified_gmt":"2026-02-03T00:05:41","slug":"kuran-i-kerim-turkce-meali","status":"publish","type":"product","link":"https:\/\/roveyayinevi.com.tr\/index.php\/urun\/kuran-i-kerim-turkce-meali\/","title":{"rendered":"Kuran-\u0131 Kerim T\u00fcrk\u00e7e Meali"},"content":{"rendered":"<p>Kuran vahiy yoluyla Cebrail taraf\u0131ndan peygamberimize 23 senede nazil olmu\u015ftur. Vahyin 23 y\u0131la yay\u0131lmas\u0131n\u0131n elbette \u00d6nemli bir tak\u0131m hikmetleri vard\u0131r. En \u00d6nemli nedeni ayetlerin hazmedilerek, sindirilerek uygulanmas\u0131n\u0131 sa\u011flamakt\u0131r. Tedrici bir y\u00d6ntemle a\u015fama a\u015fama insanl\u0131\u011fa gelmi\u015f, Hz. Peygamber de nas\u0131l uyguland\u0131\u011f\u0131n\u0131 kendi hayat\u0131nda g\u00d6stermi\u015ftir. Her inen ayeti peygamberimizin vahiy katipleri yaz\u0131yorlard\u0131, ayr\u0131ca peygamberimizin arkada\u015flar\u0131 da o ayetleri ezberliyordu.<\/p>\n","protected":false},"excerpt":{"rendered":"<p>Kuran vahiy yoluyla Cebrail taraf\u0131ndan peygamberimize 23 senede nazil olmu\u015ftur. Vahyin 23 y\u0131la yay\u0131lmas\u0131n\u0131n elbette \u00d6nemli bir tak\u0131m hikmetleri vard\u0131r. En \u00d6nemli nedeni ayetlerin hazmedilerek, sindirilerek<span class=\"excerpt-hellip\"> [\u2026]<\/span><\/p>\n","protected":false},"featured_media":0,"template":"","meta":{"_monsterinsights_skip_tracking":false,"_monsterinsights_sitenote_active":false,"_monsterinsights_sitenote_note":"","_monsterinsights_sitenote_category":0},"product_brand":[],"product_cat":[12718],"product_tag":[],"class_list":{"0":"post-739575","1":"product","2":"type-product","3":"status-publish","5":"product_cat-din","6":"pa_cilt-ciltsiz","7":"pa_tur-kitap","8":"pa_yayinevi-platanus-publishing","9":"pa_yazar-elmalili-muhammed-hamdi-yazir","11":"first","12":"instock","13":"sale","14":"shipping-taxable","15":"purchasable","16":"product-type-simple"},"_links":{"self":[{"href":"https:\/\/roveyayinevi.com.tr\/index.php\/wp-json\/wp\/v2\/product\/739575","targetHints":{"allow":["GET"]}}],"collection":[{"href":"https:\/\/roveyayinevi.com.tr\/index.php\/wp-json\/wp\/v2\/product"}],"about":[{"href":"https:\/\/roveyayinevi.com.tr\/index.php\/wp-json\/wp\/v2\/types\/product"}],"wp:attachment":[{"href":"https:\/\/roveyayinevi.com.tr\/index.php\/wp-json\/wp\/v2\/media?parent=739575"}],"wp:term":[{"taxonomy":"product_brand","embeddable":true,"href":"https:\/\/roveyayinevi.com.tr\/index.php\/wp-json\/wp\/v2\/product_brand?post=739575"},{"taxonomy":"product_cat","embeddable":true,"href":"https:\/\/roveyayinevi.com.tr\/index.php\/wp-json\/wp\/v2\/product_cat?post=739575"},{"taxonomy":"product_tag","embeddable":true,"href":"https:\/\/roveyayinevi.com.tr\/index.php\/wp-json\/wp\/v2\/product_tag?post=739575"}],"curies":[{"name":"wp","href":"https:\/\/api.w.org\/{rel}","templated":true}]}}