{"id":739518,"date":"2025-08-28T00:11:08","date_gmt":"2025-08-27T21:11:08","guid":{"rendered":"https:\/\/roveyayinevi.com.tr\/index.php\/urun\/biz-dul-kadinlar\/"},"modified":"2026-04-16T02:50:11","modified_gmt":"2026-04-15T23:50:11","slug":"biz-dul-kadinlar","status":"publish","type":"product","link":"https:\/\/roveyayinevi.com.tr\/index.php\/urun\/biz-dul-kadinlar\/","title":{"rendered":"Biz Dul Kad\u0131nlar"},"content":{"rendered":"<p>Ben, K\u00d6t\u00fc Kad\u0131n Olsam Gen\u00e7li\u011fimizde, Sevdi\u011fimizle; Kuytularda sevi\u015femedik, Y\u0131ld\u0131zlar\u0131n alt\u0131nda \u00d6p\u00fc\u015femedik, El ele tutu\u015famad\u0131k, Boynuna s\u0131ms\u0131k\u0131 sar\u0131lamad\u0131k. G\u00d6ren ne der! K\u00d6t\u00fc kad\u0131n m\u0131 olacakt\u0131m? Ya\u015f altm\u0131\u015f\u0131 ge\u00e7ince; Ya\u015fayamad\u0131klar\u0131m en b\u00fcy\u00fck eksi\u011fim, Geri gelsen, Kuytularda sevi\u015fsek, Y\u0131ld\u0131zlar\u0131n alt\u0131nda \u00d6p\u00fc\u015fsek, El ele tutu\u015furken, Parmaklar\u0131m\u0131z\u0131n \u00e7\u0131t\u0131rt\u0131s\u0131yla Alevlense kalbimiz. G\u00d6zlerim g\u00d6zl\u00fcks\u00fcz g\u00d6rmese de, G\u00d6zlerindeki a\u015fk\u0131 hecelesem, Dudaklar\u0131m yap\u0131\u015fsa dudaklar\u0131na, Sar\u0131lsam sana s\u0131ms\u0131k\u0131, G\u00d6renler ne derse dese, Ben, K\u00d6t\u00fc kad\u0131n olsam&#8230; Kimbilir, ka\u00e7 y\u0131l sonra \u00e7\u00fcr\u00fcyecek bu beden, Bu g\u00d6zler,bu eller topra\u011fa kar\u0131\u015facak, Alev alev yanan kalpler k\u00fcle d\u00d6necek, Sevgiliyi saramayan kollar\u0131m\u0131, Toprak saracak. Elalem bana ldquo;iyi kad\u0131nd\u0131 demesin, Sana ldquo;Elinin kiriydi.rdquo; diyecekler, Ben, K\u00d6t\u00fc kad\u0131n olsam&#8230;. Kimselere ald\u0131rma, sen geri gel, Ya\u015fayamad\u0131klar\u0131m\u0131z\u0131 ya\u015fayal\u0131m, G\u00fcnahsa, cehenneme giderim, Sen \u00e7ekinmezsin kimseden,, Evli olsan da farketmez, Ad\u0131n Sadece ldquo;\u00e7apk\u0131n olur, Ahhhhh ben,K\u00d6t\u00fc kad\u0131n olsam&#8230;.<\/p>\n","protected":false},"excerpt":{"rendered":"<p>Ben, K\u00d6t\u00fc Kad\u0131n Olsam Gen\u00e7li\u011fimizde, Sevdi\u011fimizle; Kuytularda sevi\u015femedik, Y\u0131ld\u0131zlar\u0131n alt\u0131nda \u00d6p\u00fc\u015femedik, El ele tutu\u015famad\u0131k, Boynuna s\u0131ms\u0131k\u0131 sar\u0131lamad\u0131k. G\u00d6ren ne der! K\u00d6t\u00fc kad\u0131n m\u0131 olacakt\u0131m? Ya\u015f altm\u0131\u015f\u0131<span class=\"excerpt-hellip\"> [\u2026]<\/span><\/p>\n","protected":false},"featured_media":0,"template":"","meta":{"_monsterinsights_skip_tracking":false,"_monsterinsights_sitenote_active":false,"_monsterinsights_sitenote_note":"","_monsterinsights_sitenote_category":0},"product_brand":[],"product_cat":[12291],"product_tag":[],"class_list":{"0":"post-739518","1":"product","2":"type-product","3":"status-publish","5":"product_cat-edebiyat","6":"pa_cilt-ciltsiz","7":"pa_tur-kitap","8":"pa_yayinevi-platanus-publishing","9":"pa_yazar-mercan-dagdeviren","11":"first","12":"instock","13":"sale","14":"shipping-taxable","15":"purchasable","16":"product-type-simple"},"_links":{"self":[{"href":"https:\/\/roveyayinevi.com.tr\/index.php\/wp-json\/wp\/v2\/product\/739518","targetHints":{"allow":["GET"]}}],"collection":[{"href":"https:\/\/roveyayinevi.com.tr\/index.php\/wp-json\/wp\/v2\/product"}],"about":[{"href":"https:\/\/roveyayinevi.com.tr\/index.php\/wp-json\/wp\/v2\/types\/product"}],"wp:attachment":[{"href":"https:\/\/roveyayinevi.com.tr\/index.php\/wp-json\/wp\/v2\/media?parent=739518"}],"wp:term":[{"taxonomy":"product_brand","embeddable":true,"href":"https:\/\/roveyayinevi.com.tr\/index.php\/wp-json\/wp\/v2\/product_brand?post=739518"},{"taxonomy":"product_cat","embeddable":true,"href":"https:\/\/roveyayinevi.com.tr\/index.php\/wp-json\/wp\/v2\/product_cat?post=739518"},{"taxonomy":"product_tag","embeddable":true,"href":"https:\/\/roveyayinevi.com.tr\/index.php\/wp-json\/wp\/v2\/product_tag?post=739518"}],"curies":[{"name":"wp","href":"https:\/\/api.w.org\/{rel}","templated":true}]}}