{"id":739505,"date":"2025-08-28T00:10:53","date_gmt":"2025-08-27T21:10:53","guid":{"rendered":"https:\/\/roveyayinevi.com.tr\/index.php\/urun\/dag-gulleri\/"},"modified":"2026-04-16T02:50:10","modified_gmt":"2026-04-15T23:50:10","slug":"dag-gulleri","status":"publish","type":"product","link":"https:\/\/roveyayinevi.com.tr\/index.php\/urun\/dag-gulleri\/","title":{"rendered":"Da\u011f G\u00fclleri"},"content":{"rendered":"<p>\u015eiir bir ninnidir, Annelerin sesinde, \u0130lk kez anam s\u00d6yledi, Kula\u011f\u0131ma yava\u015f\u00e7a G\u00fczel yan\u0131k sesiyle.\u015eiir yanl\u0131\u015f\u0131 sevmez, \u0130haneti affetmez, Yere d\u00fc\u015f\u00fcr\u00fcr, ezmez, \u00fczer ancak terk etmez.Belki mavi g\u00d6zl\u00fc, Ya da ye\u015fil g\u00d6zl\u00fc olur, Bakars\u0131n kahverengi, O toprak anad\u0131r.\u015eiir; da\u011flar a\u015fan yoldur, Tatl\u0131 bir na\u011fme olur, Sevgiliye sevene, Ne diledi\u011fini bilene.\u015eiir; da\u011fda dumand\u0131r, Yaylada g\u00d6zedir, Ovadaysa p\u0131nard\u0131r, Kana kana i\u00e7ilir, Nazl\u0131 yar gibidir, Unutulmaz sevgidir \u015fiir.<\/p>\n","protected":false},"excerpt":{"rendered":"<p>\u015eiir bir ninnidir, Annelerin sesinde, \u0130lk kez anam s\u00d6yledi, Kula\u011f\u0131ma yava\u015f\u00e7a G\u00fczel yan\u0131k sesiyle.\u015eiir yanl\u0131\u015f\u0131 sevmez, \u0130haneti affetmez, Yere d\u00fc\u015f\u00fcr\u00fcr, ezmez, \u00fczer ancak terk etmez.Belki mavi<span class=\"excerpt-hellip\"> [\u2026]<\/span><\/p>\n","protected":false},"featured_media":0,"template":"","meta":{"_monsterinsights_skip_tracking":false,"_monsterinsights_sitenote_active":false,"_monsterinsights_sitenote_note":"","_monsterinsights_sitenote_category":0},"product_brand":[],"product_cat":[12291],"product_tag":[],"class_list":{"0":"post-739505","1":"product","2":"type-product","3":"status-publish","5":"product_cat-edebiyat","6":"pa_cilt-ciltsiz","7":"pa_tur-kitap","8":"pa_yayinevi-platanus-publishing","9":"pa_yazar-kadir-ayyildiz","11":"first","12":"instock","13":"sale","14":"shipping-taxable","15":"purchasable","16":"product-type-simple"},"_links":{"self":[{"href":"https:\/\/roveyayinevi.com.tr\/index.php\/wp-json\/wp\/v2\/product\/739505","targetHints":{"allow":["GET"]}}],"collection":[{"href":"https:\/\/roveyayinevi.com.tr\/index.php\/wp-json\/wp\/v2\/product"}],"about":[{"href":"https:\/\/roveyayinevi.com.tr\/index.php\/wp-json\/wp\/v2\/types\/product"}],"wp:attachment":[{"href":"https:\/\/roveyayinevi.com.tr\/index.php\/wp-json\/wp\/v2\/media?parent=739505"}],"wp:term":[{"taxonomy":"product_brand","embeddable":true,"href":"https:\/\/roveyayinevi.com.tr\/index.php\/wp-json\/wp\/v2\/product_brand?post=739505"},{"taxonomy":"product_cat","embeddable":true,"href":"https:\/\/roveyayinevi.com.tr\/index.php\/wp-json\/wp\/v2\/product_cat?post=739505"},{"taxonomy":"product_tag","embeddable":true,"href":"https:\/\/roveyayinevi.com.tr\/index.php\/wp-json\/wp\/v2\/product_tag?post=739505"}],"curies":[{"name":"wp","href":"https:\/\/api.w.org\/{rel}","templated":true}]}}