{"id":739504,"date":"2025-08-28T00:10:51","date_gmt":"2025-08-27T21:10:51","guid":{"rendered":"https:\/\/roveyayinevi.com.tr\/index.php\/urun\/bir-seri-katilin-psikolojik-dunyasi-baslangic\/"},"modified":"2026-04-16T02:50:10","modified_gmt":"2026-04-15T23:50:10","slug":"bir-seri-katilin-psikolojik-dunyasi-baslangic","status":"publish","type":"product","link":"https:\/\/roveyayinevi.com.tr\/index.php\/urun\/bir-seri-katilin-psikolojik-dunyasi-baslangic\/","title":{"rendered":"Bir Seri Katilin Psikolojik D\u00fcnyas\u0131 &#8211; Ba\u015flang\u0131\u00e7"},"content":{"rendered":"<p>Zeki olan m\u0131 ?Yoksa oyunu kural\u0131na g\u00d6re oynayan m\u0131 kazan\u0131r ?O eski bir adli fotograf uzman\u0131, simdi ise kendi oyununun mimar\u0131 !<\/p>\n","protected":false},"excerpt":{"rendered":"<p>Zeki olan m\u0131 ?Yoksa oyunu kural\u0131na g\u00d6re oynayan m\u0131 kazan\u0131r ?O eski bir adli fotograf uzman\u0131, simdi ise kendi oyununun mimar\u0131 !<\/p>\n","protected":false},"featured_media":0,"template":"","meta":{"_monsterinsights_skip_tracking":false,"_monsterinsights_sitenote_active":false,"_monsterinsights_sitenote_note":"","_monsterinsights_sitenote_category":0},"product_brand":[],"product_cat":[12291],"product_tag":[],"class_list":{"0":"post-739504","1":"product","2":"type-product","3":"status-publish","5":"product_cat-edebiyat","6":"pa_cilt-ciltsiz","7":"pa_tur-kitap","8":"pa_yayinevi-platanus-publishing","9":"pa_yazar-ozkan-ural","11":"first","12":"instock","13":"sale","14":"shipping-taxable","15":"purchasable","16":"product-type-simple"},"_links":{"self":[{"href":"https:\/\/roveyayinevi.com.tr\/index.php\/wp-json\/wp\/v2\/product\/739504","targetHints":{"allow":["GET"]}}],"collection":[{"href":"https:\/\/roveyayinevi.com.tr\/index.php\/wp-json\/wp\/v2\/product"}],"about":[{"href":"https:\/\/roveyayinevi.com.tr\/index.php\/wp-json\/wp\/v2\/types\/product"}],"wp:attachment":[{"href":"https:\/\/roveyayinevi.com.tr\/index.php\/wp-json\/wp\/v2\/media?parent=739504"}],"wp:term":[{"taxonomy":"product_brand","embeddable":true,"href":"https:\/\/roveyayinevi.com.tr\/index.php\/wp-json\/wp\/v2\/product_brand?post=739504"},{"taxonomy":"product_cat","embeddable":true,"href":"https:\/\/roveyayinevi.com.tr\/index.php\/wp-json\/wp\/v2\/product_cat?post=739504"},{"taxonomy":"product_tag","embeddable":true,"href":"https:\/\/roveyayinevi.com.tr\/index.php\/wp-json\/wp\/v2\/product_tag?post=739504"}],"curies":[{"name":"wp","href":"https:\/\/api.w.org\/{rel}","templated":true}]}}