{"id":739172,"date":"2025-08-28T00:05:31","date_gmt":"2025-08-27T21:05:31","guid":{"rendered":"https:\/\/roveyayinevi.com.tr\/index.php\/urun\/cesitli-sektorler-baglaminda-davranissal-finans-uygulamalari\/"},"modified":"2026-04-16T02:49:31","modified_gmt":"2026-04-15T23:49:31","slug":"cesitli-sektorler-baglaminda-davranissal-finans-uygulamalari","status":"publish","type":"product","link":"https:\/\/roveyayinevi.com.tr\/index.php\/urun\/cesitli-sektorler-baglaminda-davranissal-finans-uygulamalari\/","title":{"rendered":"\u00c7e\u015fitli Sekt\u00f6rler Ba\u011flam\u0131nda Davran\u0131\u015fsal Finans Uygulamalar\u0131"},"content":{"rendered":"<p>1.          BANKACILIK SEKT\u00d6R \u00c7ALI\u015eANLARININ PERSPEKT\u0130F\u0130NDEN F\u0130NANSAL OKURYAZARLIK: METAFOR\u0130K B\u0130R \u00c7ALI\u015eMA 2.          F\u0130NANSAL R\u0130SK TOLERANSI VE F\u0130NANSAL DAVRANI\u015e \u0130L\u0130\u015eK\u0130S\u0130: S\u0130GORTA ACENTES\u0130 \u00c7ALI\u015eANLARI \u00dcZER\u0130NE B\u0130R UYGULAMA 3.          F\u0130NANSAL STRES: SA\u011eLIK \u00c7ALI\u015eANLARI \u00dcZER\u0130NE B\u0130R UYGULAMA 4.          Z\u0130H\u0130NSEL MUHASEBEN\u0130N MUHTEMEL A\u00c7IKLAYANLARI: PARA SEVG\u0130S\u0130, F\u0130NANSAL R\u0130SK E\u011e\u0130L\u0130M\u0130 VE KONTROL\u00dc KAYBETME KAYGISI 5.          G\u0130R\u0130\u015e\u0130MC\u0130L\u0130K E\u011e\u0130L\u0130M\u0130N\u0130N F\u0130NANSAL \u0130Y\u0130 OLMA HAL\u0130NE ETK\u0130S\u0130: GEN\u00c7 G\u0130R\u0130\u015e\u0130MC\u0130 ADAYLARI \u00dcZER\u0130NE B\u0130R ARA\u015eTIRMA 6.          MAKYAVEL\u0130ST K\u0130\u015e\u0130L\u0130\u011e\u0130N\u0130N ET\u0130K DURUM ALGISINA ETK\u0130S\u0130: ISPARTA\u2019DA FAAL\u0130YET G\u00d6STEREN MUHASEBE MESLEK MENSUPLARI \u00dcZER\u0130NE B\u0130R ARA\u015eTIRMA 7.          DUYGUSAL ZEK\u00c2 VE F\u0130NANSAL TUTUM \u0130L\u0130\u015eK\u0130S\u0130: BELEK B\u00d6LGES\u0130 TUR\u0130ZM \u00c7ALI\u015eANLARI \u00dcZER\u0130NE B\u0130R UYGULAMA 8.          OTEL \u0130\u015eLETMELER\u0130N\u0130N EKONOM\u0130K KR\u0130Z S\u00dcRE\u00c7LER\u0130NDE F\u0130NANSAL DAVRANI\u015eLARI 9.          DI\u015e T\u0130CARET \u0130\u015eLETMELER\u0130NDE D\u00d6V\u0130Z KURU R\u0130SK\u0130N\u0130N TR61 B\u00d6LGES\u0130 PERSPEKT\u0130F\u0130NDEN F\u0130NANSAL ANAL\u0130Z\u0130 10.          F\u0130NANSAL DAVRANI\u015e KONUSUYLA \u0130LG\u0130L\u0130 B\u0130R YAZIN\u00d6L\u00c7\u00dcM VE DE\u011eERLEME \u00c7ALI\u015eMASI <\/p>\n","protected":false},"excerpt":{"rendered":"<p>1. BANKACILIK SEKT\u00d6R \u00c7ALI\u015eANLARININ PERSPEKT\u0130F\u0130NDEN F\u0130NANSAL OKURYAZARLIK: METAFOR\u0130K B\u0130R \u00c7ALI\u015eMA 2. F\u0130NANSAL R\u0130SK TOLERANSI VE F\u0130NANSAL DAVRANI\u015e \u0130L\u0130\u015eK\u0130S\u0130: S\u0130GORTA ACENTES\u0130 \u00c7ALI\u015eANLARI \u00dcZER\u0130NE B\u0130R UYGULAMA 3. F\u0130NANSAL<span class=\"excerpt-hellip\"> [\u2026]<\/span><\/p>\n","protected":false},"featured_media":0,"template":"","meta":{"_monsterinsights_skip_tracking":false,"_monsterinsights_sitenote_active":false,"_monsterinsights_sitenote_note":"","_monsterinsights_sitenote_category":0},"product_brand":[],"product_cat":[12573,12566],"product_tag":[],"class_list":{"0":"post-739172","1":"product","2":"type-product","3":"status-publish","5":"product_cat-akademik-kitaplar","6":"product_cat-egitim","7":"pa_cilt-ciltsiz","8":"pa_tur-kitap","9":"pa_yayinevi-gazi-kitabevi","10":"pa_yazar-huseyin-basar-onem-mustafa-demirkiran","12":"first","13":"instock","14":"sale","15":"shipping-taxable","16":"purchasable","17":"product-type-simple"},"_links":{"self":[{"href":"https:\/\/roveyayinevi.com.tr\/index.php\/wp-json\/wp\/v2\/product\/739172","targetHints":{"allow":["GET"]}}],"collection":[{"href":"https:\/\/roveyayinevi.com.tr\/index.php\/wp-json\/wp\/v2\/product"}],"about":[{"href":"https:\/\/roveyayinevi.com.tr\/index.php\/wp-json\/wp\/v2\/types\/product"}],"wp:attachment":[{"href":"https:\/\/roveyayinevi.com.tr\/index.php\/wp-json\/wp\/v2\/media?parent=739172"}],"wp:term":[{"taxonomy":"product_brand","embeddable":true,"href":"https:\/\/roveyayinevi.com.tr\/index.php\/wp-json\/wp\/v2\/product_brand?post=739172"},{"taxonomy":"product_cat","embeddable":true,"href":"https:\/\/roveyayinevi.com.tr\/index.php\/wp-json\/wp\/v2\/product_cat?post=739172"},{"taxonomy":"product_tag","embeddable":true,"href":"https:\/\/roveyayinevi.com.tr\/index.php\/wp-json\/wp\/v2\/product_tag?post=739172"}],"curies":[{"name":"wp","href":"https:\/\/api.w.org\/{rel}","templated":true}]}}