{"id":739149,"date":"2025-08-28T00:05:07","date_gmt":"2025-08-27T21:05:07","guid":{"rendered":"https:\/\/roveyayinevi.com.tr\/index.php\/urun\/uluslar-arasi-goc-yonetimi-ab-ve-turkiye-iliskileri\/"},"modified":"2026-04-16T02:49:30","modified_gmt":"2026-04-15T23:49:30","slug":"uluslar-arasi-goc-yonetimi-ab-ve-turkiye-iliskileri","status":"publish","type":"product","link":"https:\/\/roveyayinevi.com.tr\/index.php\/urun\/uluslar-arasi-goc-yonetimi-ab-ve-turkiye-iliskileri\/","title":{"rendered":"Uluslar Aras\u0131  G\u00f6\u00e7 Y\u00f6netimi-AB ve T\u00fcrkiye \u0130li\u015fkileri"},"content":{"rendered":"<p>ULUSLARARASI G\u00d6\u00c7 Y\u00d6NET\u0130M\u0130-AB ve T\u00fcrkiye \u0130li\u015fkileri T\u00fcrkiye tarih boyunca ana g\u00f6\u00e7 g\u00fczergah\u0131nda yer almas\u0131 sebebiyle g\u00f6\u00e7lere sahne olmu\u015f bir \u00fclkedir. Ancak \u00f6zellikle 1990 sonras\u0131nda, K\u00f6rfez Krizi ba\u015fta olmak \u00fczere di\u011fer \u00e7at\u0131\u015fma ve istikrars\u0131zl\u0131klar nedeniyle yak\u0131n co\u011frafyalardan g\u00f6\u00e7 ak\u0131mlar\u0131 ya\u015fanm\u0131\u015ft\u0131r. Bu d\u00f6nemde, Somali, Sudan, Afganistan ve Etiyopya gibi \u00fclkelerden, transit \u00fclke olarak m\u00fclteci ak\u0131mlar\u0131n\u0131n devam etmi\u015ftir. Halen devam etmekte olan Suriyeli g\u00f6\u00e7men ak\u0131m\u0131 bu s\u00fcrece eklenmi\u015ftir. Birle\u015fmi\u015f Milletler M\u00fclteciler Y\u00fcksek Komiserli\u011fi (BMMYK) verilerine g\u00f6re T\u00fcrkiye, bug\u00fcn bir\u00e7ok yabanc\u0131 \u00fclke vatanda\u015f\u0131n\u0131n iltica etmek istedi\u011fi devletler aras\u0131nda ilk s\u0131ralarda yer almaktad\u0131r. T\u00fcrkiye\u2019nin g\u00f6\u00e7 politikalar\u0131n\u0131n ve Avrupa Birli\u011fi\u2019ne tam \u00fcyelik s\u00fcrecinin bu politikalara yans\u0131malar\u0131n\u0131n ne \u015fekilde oldu\u011funun\/olaca\u011f\u0131n\u0131n incelenmesi, uluslararas\u0131 normlar, Avrupa Birli\u011fi m\u00fcktesebat\u0131 ve ilgili oldu\u011fu t\u00fcm konular\u0131 da kapsayacak \u015fekilde etkin bir g\u00f6\u00e7 y\u00f6netimi modeli \u00f6nerisinde bulunulmas\u0131 \u00e7al\u0131\u015fman\u0131n konusunu olu\u015fturmu\u015ftur. G\u00f6\u00e7 y\u00f6netiminde her \u00fclkede uygulanabilecek standart bir uygulama modeli oldu\u011fu ve\/veya olmas\u0131 gerekti\u011fi d\u00fc\u015f\u00fcn\u00fclmemektedir. G\u00f6\u00e7 y\u00f6netimi uygulamalar\u0131 \u00fclke ger\u00e7ekleri, ihtiya\u00e7lar\u0131 ve deneyimlere g\u00f6re \u015fekillendirilerek geli\u015ftirilmektedir. Bu \u00e7er\u00e7evede g\u00f6\u00e7 y\u00f6netimi i\u00e7in bu olgunun t\u00fcm boyutlar\u0131n\u0131 kapsayan s\u00fcrd\u00fcr\u00fclebilir bir model geli\u015ftirilmesi gerekmektedir. \u00c7al\u0131\u015fmam\u0131zda bu ihtiya\u00e7 g\u00f6z\u00f6n\u00fcnde bulundurularak \u00f6neriler geli\u015ftirilmeye \u00e7al\u0131\u015f\u0131lm\u0131\u015ft\u0131r. Konunun teorik boyutunun yan\u0131 s\u0131ra uluslararas\u0131 hukuk, AB m\u00fcktesebat\u0131, ulusal mevzuat, politika belgeleri ve kurumsal yap\u0131lanma ba\u011f\u0131ms\u0131z de\u011fi\u015fkenler olarak incelenerek temel bir perspektif sunulmu\u015ftur. <\/p>\n","protected":false},"excerpt":{"rendered":"<p>ULUSLARARASI G\u00d6\u00c7 Y\u00d6NET\u0130M\u0130-AB ve T\u00fcrkiye \u0130li\u015fkileri T\u00fcrkiye tarih boyunca ana g\u00f6\u00e7 g\u00fczergah\u0131nda yer almas\u0131 sebebiyle g\u00f6\u00e7lere sahne olmu\u015f bir \u00fclkedir. Ancak \u00f6zellikle 1990 sonras\u0131nda, K\u00f6rfez Krizi<span class=\"excerpt-hellip\"> [\u2026]<\/span><\/p>\n","protected":false},"featured_media":0,"template":"","meta":{"_monsterinsights_skip_tracking":false,"_monsterinsights_sitenote_active":false,"_monsterinsights_sitenote_note":"","_monsterinsights_sitenote_category":0},"product_brand":[],"product_cat":[13059,12337],"product_tag":[],"class_list":{"0":"post-739149","1":"product","2":"type-product","3":"status-publish","5":"product_cat-diger-politika-siyaset","6":"product_cat-politika-siyaset","7":"pa_cilt-ciltsiz","8":"pa_tur-kitap","9":"pa_yayinevi-tiav","10":"pa_yazar-olcay-erkiral-tavas","12":"first","13":"instock","14":"sale","15":"shipping-taxable","16":"purchasable","17":"product-type-simple"},"_links":{"self":[{"href":"https:\/\/roveyayinevi.com.tr\/index.php\/wp-json\/wp\/v2\/product\/739149","targetHints":{"allow":["GET"]}}],"collection":[{"href":"https:\/\/roveyayinevi.com.tr\/index.php\/wp-json\/wp\/v2\/product"}],"about":[{"href":"https:\/\/roveyayinevi.com.tr\/index.php\/wp-json\/wp\/v2\/types\/product"}],"wp:attachment":[{"href":"https:\/\/roveyayinevi.com.tr\/index.php\/wp-json\/wp\/v2\/media?parent=739149"}],"wp:term":[{"taxonomy":"product_brand","embeddable":true,"href":"https:\/\/roveyayinevi.com.tr\/index.php\/wp-json\/wp\/v2\/product_brand?post=739149"},{"taxonomy":"product_cat","embeddable":true,"href":"https:\/\/roveyayinevi.com.tr\/index.php\/wp-json\/wp\/v2\/product_cat?post=739149"},{"taxonomy":"product_tag","embeddable":true,"href":"https:\/\/roveyayinevi.com.tr\/index.php\/wp-json\/wp\/v2\/product_tag?post=739149"}],"curies":[{"name":"wp","href":"https:\/\/api.w.org\/{rel}","templated":true}]}}

Uluslar Arası  Göç Yönetimi-AB ve Türkiye İlişkileri

<p>ULUSLARARASI GÖÇ YÖNETİMİ-AB ve Türkiye İlişkileri Türkiye tarih boyunca ana göç güzergahında yer alması sebebiyle göçlere sahne olmuş bir ülkedir. Ancak özellikle 1990 sonrasında, Körfez Krizi başta olmak üzere diğer çatışma ve istikrarsızlıklar nedeniyle yakın coğrafyalardan göç akımları yaşanmıştır. Bu dönemde, Somali, Sudan, Afganistan ve Etiyopya gibi ülkelerden, transit ülke olarak mülteci akımlarının devam etmiştir. Halen devam etmekte olan Suriyeli göçmen akımı bu sürece eklenmiştir. Birleşmiş Milletler Mülteciler Yüksek Komiserliği (BMMYK) verilerine göre Türkiye, bugün birçok yabancı ülke vatandaşının iltica etmek istediği devletler arasında ilk sıralarda yer almaktadır. Türkiye’nin göç politikalarının ve Avrupa Birliği’ne tam üyelik sürecinin bu politikalara yansımalarının ne şekilde olduğunun/olacağının incelenmesi, uluslararası normlar, Avrupa Birliği müktesebatı ve ilgili olduğu tüm konuları da kapsayacak şekilde etkin bir göç yönetimi modeli önerisinde bulunulması çalışmanın konusunu oluşturmuştur. Göç yönetiminde her ülkede uygulanabilecek standart bir uygulama modeli olduğu ve/veya olması gerektiği düşünülmemektedir. Göç yönetimi uygulamaları ülke gerçekleri, ihtiyaçları ve deneyimlere göre şekillendirilerek geliştirilmektedir. Bu çerçevede göç yönetimi için bu olgunun tüm boyutlarını kapsayan sürdürülebilir bir model geliştirilmesi gerekmektedir. Çalışmamızda bu ihtiyaç gözönünde bulundurularak öneriler geliştirilmeye çalışılmıştır. Konunun teorik boyutunun yanı sıra uluslararası hukuk, AB müktesebatı, ulusal mevzuat, politika belgeleri ve kurumsal yapılanma bağımsız değişkenler olarak incelenerek temel bir perspektif sunulmuştur. </p>

<p>ULUSLARARASI GÖÇ YÖNETİMİ-AB ve Türkiye İlişkileri Türkiye tarih boyunca ana göç güzergahında yer alması sebebiyle göçlere sahne olmuş bir ülkedir. Ancak özellikle 1990 sonrasında, Körfez Krizi<span class="excerpt-hellip"> […]</span></p>
